{"id":16192,"date":"2021-04-23T13:41:11","date_gmt":"2021-04-23T11:41:11","guid":{"rendered":"http:\/\/serveiseducatius.xtec.cat\/badalona\/?page_id=16192"},"modified":"2023-05-09T12:28:30","modified_gmt":"2023-05-09T10:28:30","slug":"cultura-digital-documentacio","status":"publish","type":"page","link":"https:\/\/serveiseducatius.xtec.cat\/badalona\/cultura-digital-documentacio\/","title":{"rendered":"Cultura Digital. Documentaci\u00f3"},"content":{"rendered":"<table style=\"height: 175px; width: 814px;\" width=\"925\">\n<tbody>\n<tr style=\"height: 190px;\">\n<td style=\"height: 10px; width: 211.2px;\"><a href=\"http:\/\/educacio.gencat.cat\/ca\/departament\/linies-estrategiques\/pla-educacio-digital\" target=\"_blank\" rel=\"noopener noreferrer\"><img loading=\"lazy\" decoding=\"async\" class=\"wp-image-16200 aligncenter\" src=\"https:\/\/serveiseducatius.xtec.cat\/badalona\/wp-content\/uploads\/usu1088\/2021\/04\/pla.png_891899729.png\" alt=\"\" width=\"166\" height=\"112\" srcset=\"https:\/\/serveiseducatius.xtec.cat\/badalona\/wp-content\/uploads\/usu1088\/2021\/04\/pla.png_891899729.png 358w, https:\/\/serveiseducatius.xtec.cat\/badalona\/wp-content\/uploads\/usu1088\/2021\/04\/pla.png_891899729-300x202.png 300w\" sizes=\"auto, (max-width: 166px) 100vw, 166px\" \/><\/a><\/td>\n<td style=\"height: 10px; width: 218.88px;\"><a href=\"https:\/\/projectes.xtec.cat\/edc-suport\/\" target=\"_blank\" rel=\"noopener noreferrer\"><img loading=\"lazy\" decoding=\"async\" class=\"alignnone  wp-image-16210\" src=\"https:\/\/serveiseducatius.xtec.cat\/badalona\/wp-content\/uploads\/usu1088\/2021\/04\/suport-edc-1.jpg\" alt=\"\" width=\"247\" height=\"119\" srcset=\"https:\/\/serveiseducatius.xtec.cat\/badalona\/wp-content\/uploads\/usu1088\/2021\/04\/suport-edc-1.jpg 360w, https:\/\/serveiseducatius.xtec.cat\/badalona\/wp-content\/uploads\/usu1088\/2021\/04\/suport-edc-1-300x145.jpg 300w\" sizes=\"auto, (max-width: 247px) 100vw, 247px\" \/><\/a><\/td>\n<td style=\"height: 10px; width: 195.2px;\"><a href=\"http:\/\/educacio.gencat.cat\/ca\/departament\/linies-estrategiques\/pla-educacio-digital\/centres\/\" target=\"_blank\" rel=\"noopener noreferrer\"><img loading=\"lazy\" decoding=\"async\" class=\"alignnone  wp-image-16204\" src=\"https:\/\/serveiseducatius.xtec.cat\/badalona\/wp-content\/uploads\/usu1088\/2021\/04\/projecteacceleraciodigital-e1619178696287.jpg\" alt=\"\" width=\"181\" height=\"118\" \/><\/a><\/td>\n<td style=\"width: 177.28px; height: 10px;\"><a href=\"http:\/\/educacio.gencat.cat\/ca\/departament\/publicacions\/monografies\/funcions-comissio-estrategia-digital-centre\/\" target=\"_blank\" rel=\"noopener noreferrer\"><img loading=\"lazy\" decoding=\"async\" class=\"alignnone  wp-image-16244\" src=\"https:\/\/serveiseducatius.xtec.cat\/badalona\/wp-content\/uploads\/usu1088\/2021\/04\/funcionscomissioestrategiadigital-e1619606419370.png\" alt=\"\" width=\"170\" height=\"102\" \/><\/a><\/td>\n<\/tr>\n<tr style=\"height: 31px;\">\n<td style=\"height: 31px; width: 211.2px;\"><a href=\"http:\/\/xtec.gencat.cat\/web\/.content\/centres\/centres-educatius-en-linia\/Orientacions-per-a-la-personalitzacio-entorn-virtual-aprenentatge.pdf\" target=\"_blank\" rel=\"noopener noreferrer\"><img loading=\"lazy\" decoding=\"async\" class=\"alignnone  wp-image-16205\" src=\"https:\/\/serveiseducatius.xtec.cat\/badalona\/wp-content\/uploads\/usu1088\/2021\/04\/orientacionspersonalitzaci\u00f3.jpg\" alt=\"\" width=\"248\" height=\"115\" srcset=\"https:\/\/serveiseducatius.xtec.cat\/badalona\/wp-content\/uploads\/usu1088\/2021\/04\/orientacionspersonalitzaci\u00f3.jpg 533w, https:\/\/serveiseducatius.xtec.cat\/badalona\/wp-content\/uploads\/usu1088\/2021\/04\/orientacionspersonalitzaci\u00f3-300x140.jpg 300w\" sizes=\"auto, (max-width: 248px) 100vw, 248px\" \/><\/a><\/td>\n<td style=\"height: 31px; width: 218.88px;\"><a href=\"https:\/\/projectes.xtec.cat\/transformaciodigital\/\" target=\"_blank\" rel=\"noopener noreferrer\"><img loading=\"lazy\" decoding=\"async\" class=\"alignnone  wp-image-16206\" src=\"https:\/\/serveiseducatius.xtec.cat\/badalona\/wp-content\/uploads\/usu1088\/2021\/04\/trafodigital.jpg\" alt=\"\" width=\"254\" height=\"121\" srcset=\"https:\/\/serveiseducatius.xtec.cat\/badalona\/wp-content\/uploads\/usu1088\/2021\/04\/trafodigital.jpg 365w, https:\/\/serveiseducatius.xtec.cat\/badalona\/wp-content\/uploads\/usu1088\/2021\/04\/trafodigital-300x143.jpg 300w\" sizes=\"auto, (max-width: 254px) 100vw, 254px\" \/><\/a><\/td>\n<td style=\"height: 31px; width: 195.2px;\"><a href=\"http:\/\/xtec.gencat.cat\/ca\/centres\/centres-educatius-en-linia\/\" target=\"_blank\" rel=\"noopener noreferrer\"><img loading=\"lazy\" decoding=\"async\" class=\"alignnone  wp-image-16214\" src=\"https:\/\/serveiseducatius.xtec.cat\/badalona\/wp-content\/uploads\/usu1088\/2021\/04\/centres_en_linia-300x146.jpg\" alt=\"\" width=\"215\" height=\"104\" \/><\/a><\/td>\n<td style=\"width: 177.28px; height: 31px;\"><a href=\"https:\/\/drive.google.com\/file\/d\/1ZWiZiRXQBYCqqWcXpkqHlz7FM4BraBBq\/view?usp=sharing\" target=\"_blank\" rel=\"noopener\"><img loading=\"lazy\" decoding=\"async\" class=\"alignnone size-full wp-image-16881\" src=\"https:\/\/serveiseducatius.xtec.cat\/badalona\/wp-content\/uploads\/usu1088\/2021\/09\/infoPEDC2122.jpg\" alt=\"\" width=\"506\" height=\"337\" srcset=\"https:\/\/serveiseducatius.xtec.cat\/badalona\/wp-content\/uploads\/usu1088\/2021\/09\/infoPEDC2122.jpg 506w, https:\/\/serveiseducatius.xtec.cat\/badalona\/wp-content\/uploads\/usu1088\/2021\/09\/infoPEDC2122-300x200.jpg 300w\" sizes=\"auto, (max-width: 506px) 100vw, 506px\" \/><\/a><\/td>\n<\/tr>\n<tr style=\"height: 31px;\">\n<td style=\"height: 16px; width: 211.2px;\">\n<p>CD alumnat<\/p>\n<ul class=\"llistat_enllacos_filet_cont list-group llista-subhome one-column\">\n<li class=\"list-group-item col-sm-12 ico_\"><a title=\"Orientacions per a l'avaluaci\u00f3 de la compet\u00e8ncia digital de l'alumnat a prim\u00e0ria\" href=\"http:\/\/educacio.gencat.cat\/ca\/departament\/publicacions\/monografies\/orientacions-avaluacio-cda-primaria\/\">Orientacions per a l&#8217;avaluaci\u00f3 de la compet\u00e8ncia digital de l&#8217;alumnat a prim\u00e0ria<\/a><\/li>\n<li class=\"list-group-item col-sm-12 ico_\"><a title=\"Orientacions per a l'avaluaci\u00f3 de la compet\u00e8ncia digital de l'alumnat a l'ESO\" href=\"http:\/\/educacio.gencat.cat\/ca\/departament\/publicacions\/monografies\/orientacions-avaluacio-cda-eso\/\">Orientacions per a l&#8217;avaluaci\u00f3 de la compet\u00e8ncia digital de l&#8217;alumnat a l&#8217;ESO<\/a><\/li>\n<li><a title=\"Compet\u00e8ncies digitals de prim\u00e0ria\" href=\"http:\/\/educacio.gencat.cat\/ca\/departament\/publicacions\/colleccions\/competencies-basiques\/primaria\/ambit-digital\/\">Compet\u00e8ncies digitals de prim\u00e0ria<\/a><\/li>\n<li><a title=\"Compet\u00e8ncies digitals de secund\u00e0ria\" href=\"http:\/\/educacio.gencat.cat\/ca\/departament\/publicacions\/colleccions\/competencies-basiques\/eso\/ambit-digital\/\">Compet\u00e8ncies digitals de secund\u00e0ria<\/a><\/li>\n<\/ul>\n<\/td>\n<td style=\"height: 16px; width: 218.88px;\">\n<p>CD docents<\/p>\n<ul class=\"llistat_enllacos_filet_cont list-group llista-subhome one-column\">\n<li><a href=\"http:\/\/educacio.gencat.cat\/ca\/departament\/publicacions\/monografies\/competencia-digital-docent\/\" target=\"_blank\" rel=\"noopener noreferrer\">Compet\u00e8ncia Digital Docent del professorat<\/a><\/li>\n<\/ul>\n<p>&nbsp;<\/p>\n<p>&nbsp;<\/p>\n<p>&nbsp;<\/p>\n<p>&nbsp;<\/p>\n<p>&nbsp;<\/p>\n<p>&nbsp;<\/p>\n<\/td>\n<td style=\"height: 16px; width: 195.2px;\">\n<p>Monografies:<\/p>\n<ul>\n<li><a href=\"http:\/\/educacio.gencat.cat\/ca\/departament\/publicacions\/monografies\/estrategia-digital-centre\/\" target=\"_blank\" rel=\"noopener noreferrer\">Estrat\u00e8gia Digital de Centre<\/a><\/li>\n<li><a href=\"http:\/\/educacio.gencat.cat\/web\/.content\/home\/departament\/publicacions\/monografies\/pla-educacio-digital\/funcions-comissio-estrategia-digital-centre\/funcions-comissio-estrategia-digital-centre-332x332.jpg_2147148254.jpg\" target=\"_blank\" rel=\"noopener noreferrer\">Funcions i organitzaci\u00f3 de la Comissi\u00f3 d&#8217;Estrat\u00e8gia Digital de Centre<\/a><\/li>\n<li><a href=\"http:\/\/educacio.gencat.cat\/ca\/departament\/publicacions\/monografies\/projecte-acceleracio-transformacio-digital\/\" target=\"_blank\" rel=\"noopener noreferrer\">Projecte d&#8217;acceleraci\u00f3 de la transformaci\u00f3 digital dels centres<\/a><\/li>\n<li><a href=\"http:\/\/educacio.gencat.cat\/ca\/departament\/publicacions\/monografies\/pla-educacio-digital\/\" target=\"_blank\" rel=\"noopener noreferrer\">Pla d&#8217;Educaci\u00f3 Digital de Catalunya 2020-2023<\/a><\/li>\n<li><a href=\"https:\/\/drive.google.com\/file\/d\/1GH5doxPxRsOXC3ly7X2sab89oRlsVtNd\/view?usp=sharing\" target=\"_blank\" rel=\"noopener noreferrer\">Canvi model SAU CTTI-alumnes<\/a><\/li>\n<li><a href=\"http:\/\/educacio.gencat.cat\/web\/.content\/home\/departament\/publicacions\/monografies\/us-tecnologies-digitals-infantil\/us-tecnologies-digitals-infantil.pdf\" target=\"_blank\" rel=\"noopener noreferrer\">L&#8217;\u00fas de les tecnologies digitals a l&#8217;educaci\u00f3 infantil<\/a><\/li>\n<li><a href=\"https:\/\/projectes.xtec.cat\/digital\/equipaments-i-infraestructures\/\" target=\"_blank\" rel=\"noopener\">Equipaments i infraestructures digitals<\/a><\/li>\n<\/ul>\n<\/td>\n<td style=\"width: 177.28px; height: 16px;\">\n<p>Panell interactiu:<\/p>\n<ul>\n<li><a href=\"https:\/\/drive.google.com\/file\/d\/1z5BjVRViQCoBpRfmHSdyfHhXdE7YJ6q4\/view?usp=sharing\" target=\"_blank\" rel=\"noopener noreferrer\">Proc\u00e9s d\u2019instal\u00b7laci\u00f3 de la Google Play als panells Promethean de la s\u00e8rie Elements<\/a><\/li>\n<\/ul>\n<p>&nbsp;<\/p>\n<p>&nbsp;<\/p>\n<p>&nbsp;<\/p>\n<p>&nbsp;<\/p>\n<p>&nbsp;<\/p>\n<\/td>\n<\/tr>\n<tr style=\"height: 118px;\">\n<td style=\"width: 211.2px; height: 118px;\">\n<p>Fam\u00edlies:<\/p>\n<ul class=\"llistat_enllacos_filet_cont list-group llista-subhome one-column\">\n<li class=\"list-group-item col-sm-12 ico_\"><a title=\"Aquest enlla\u00e7 s'obre en una nova pestanya: V\u00eddeos formatius Fam\u00edlies digitals\" href=\"https:\/\/youtube.com\/playlist?list=PLojIWF2RflCqmqR9yLYzTldnXPWSBfLXC\" target=\"_blank\" rel=\"noopener noreferrer\">V\u00eddeos formatius Fam\u00edlies digitals<\/a><\/li>\n<li id=\"last\" class=\"list-group-item col-sm-12 ico_\"><a title=\"Aquest enlla\u00e7 s'obre en una nova pestanya: Web del projecte Fam\u00edlies digitals\" href=\"https:\/\/projectes.xtec.cat\/families-digitals\/\" target=\"_blank\" rel=\"noopener noreferrer\">Web del projecte Fam\u00edlies digitals<\/a><\/li>\n<\/ul>\n<\/td>\n<td style=\"width: 218.88px; height: 118px;\">\n<p>Eina de diagnosi <a href=\"https:\/\/schools-go-digital.jrc.ec.europa.eu\/\" target=\"_blank\" rel=\"noopener noreferrer\">SELFIE<\/a><\/p>\n<ul>\n<li><a href=\"https:\/\/ec.europa.eu\/education\/schools-go-digital_es\" target=\"_blank\" rel=\"noopener noreferrer\">Portal SELFIE<\/a><\/li>\n<li><a href=\"https:\/\/ec.europa.eu\/education\/resources-and-tools\/document-library\/selfie-guide-for-school-coordinators_es\" target=\"_blank\" rel=\"noopener noreferrer\">Guia per a coordinadors digitals per a crear i fer servir l&#8217;eina<\/a><\/li>\n<li><a href=\"https:\/\/drive.google.com\/file\/d\/17i1zN0Ui5bYKyrvndsAmoZ8fV1NhZ0nB\/view?usp=sharing\" target=\"_blank\" rel=\"noopener noreferrer\">Q\u00fcestionari tipus per a alumnat de prim\u00e0ria, secund\u00e0ria, batxillerat i cicles formatius<\/a><\/li>\n<\/ul>\n<\/td>\n<td style=\"width: 195.2px; height: 118px;\">\n<p>&nbsp;<\/p>\n<\/td>\n<td style=\"width: 177.28px; height: 118px;\">\n<p>&nbsp;<\/p>\n<\/td>\n<\/tr>\n<\/tbody>\n<\/table>\n<p>&nbsp;<\/p>\n","protected":false},"excerpt":{"rendered":"<p>CD alumnat Orientacions per a l&#8217;avaluaci\u00f3 de la compet\u00e8ncia digital de l&#8217;alumnat a prim\u00e0ria Orientacions per a l&#8217;avaluaci\u00f3 de la [&hellip;]<\/p>\n","protected":false},"author":1,"featured_media":0,"parent":0,"menu_order":0,"comment_status":"closed","ping_status":"closed","template":"","meta":{"_bbp_topic_count":0,"_bbp_reply_count":0,"_bbp_total_topic_count":0,"_bbp_total_reply_count":0,"_bbp_voice_count":0,"_bbp_anonymous_reply_count":0,"_bbp_topic_count_hidden":0,"_bbp_reply_count_hidden":0,"_bbp_forum_subforum_count":0,"site-sidebar-layout":"default","site-content-layout":"","ast-site-content-layout":"","site-content-style":"default","site-sidebar-style":"default","ast-global-header-display":"","ast-banner-title-visibility":"","ast-main-header-display":"","ast-hfb-above-header-display":"","ast-hfb-below-header-display":"","ast-hfb-mobile-header-display":"","site-post-title":"","ast-breadcrumbs-content":"","ast-featured-img":"","footer-sml-layout":"","theme-transparent-header-meta":"","adv-header-id-meta":"","stick-header-meta":"","header-above-stick-meta":"","header-main-stick-meta":"","header-below-stick-meta":"","astra-migrate-meta-layouts":"default","ast-page-background-enabled":"default","ast-page-background-meta":{"desktop":{"background-color":"var(--ast-global-color-4)","background-image":"","background-repeat":"repeat","background-position":"center center","background-size":"auto","background-attachment":"scroll","background-type":"","background-media":"","overlay-type":"","overlay-color":"","overlay-opacity":"","overlay-gradient":""},"tablet":{"background-color":"","background-image":"","background-repeat":"repeat","background-position":"center center","background-size":"auto","background-attachment":"scroll","background-type":"","background-media":"","overlay-type":"","overlay-color":"","overlay-opacity":"","overlay-gradient":""},"mobile":{"background-color":"","background-image":"","background-repeat":"repeat","background-position":"center center","background-size":"auto","background-attachment":"scroll","background-type":"","background-media":"","overlay-type":"","overlay-color":"","overlay-opacity":"","overlay-gradient":""}},"ast-content-background-meta":{"desktop":{"background-color":"var(--ast-global-color-5)","background-image":"","background-repeat":"repeat","background-position":"center center","background-size":"auto","background-attachment":"scroll","background-type":"","background-media":"","overlay-type":"","overlay-color":"","overlay-opacity":"","overlay-gradient":""},"tablet":{"background-color":"var(--ast-global-color-5)","background-image":"","background-repeat":"repeat","background-position":"center center","background-size":"auto","background-attachment":"scroll","background-type":"","background-media":"","overlay-type":"","overlay-color":"","overlay-opacity":"","overlay-gradient":""},"mobile":{"background-color":"var(--ast-global-color-5)","background-image":"","background-repeat":"repeat","background-position":"center center","background-size":"auto","background-attachment":"scroll","background-type":"","background-media":"","overlay-type":"","overlay-color":"","overlay-opacity":"","overlay-gradient":""}},"footnotes":""},"class_list":["post-16192","page","type-page","status-publish","hentry"],"post_mailing_queue_ids":[],"_links":{"self":[{"href":"https:\/\/serveiseducatius.xtec.cat\/badalona\/wp-json\/wp\/v2\/pages\/16192","targetHints":{"allow":["GET"]}}],"collection":[{"href":"https:\/\/serveiseducatius.xtec.cat\/badalona\/wp-json\/wp\/v2\/pages"}],"about":[{"href":"https:\/\/serveiseducatius.xtec.cat\/badalona\/wp-json\/wp\/v2\/types\/page"}],"author":[{"embeddable":true,"href":"https:\/\/serveiseducatius.xtec.cat\/badalona\/wp-json\/wp\/v2\/users\/1"}],"replies":[{"embeddable":true,"href":"https:\/\/serveiseducatius.xtec.cat\/badalona\/wp-json\/wp\/v2\/comments?post=16192"}],"version-history":[{"count":3,"href":"https:\/\/serveiseducatius.xtec.cat\/badalona\/wp-json\/wp\/v2\/pages\/16192\/revisions"}],"predecessor-version":[{"id":20161,"href":"https:\/\/serveiseducatius.xtec.cat\/badalona\/wp-json\/wp\/v2\/pages\/16192\/revisions\/20161"}],"wp:attachment":[{"href":"https:\/\/serveiseducatius.xtec.cat\/badalona\/wp-json\/wp\/v2\/media?parent=16192"}],"curies":[{"name":"wp","href":"https:\/\/api.w.org\/{rel}","templated":true}]}}