{"id":1408,"date":"2021-02-12T11:53:21","date_gmt":"2021-02-12T10:53:21","guid":{"rendered":"http:\/\/serveiseducatius.xtec.cat\/badalona\/?page_id=1408"},"modified":"2025-11-10T13:29:40","modified_gmt":"2025-11-10T12:29:40","slug":"tastets-formatius","status":"publish","type":"page","link":"https:\/\/serveiseducatius.xtec.cat\/badalona\/activitats\/pla-de-formacio-de-zona-pfz\/tastets-formatius\/","title":{"rendered":"Tastets formatius"},"content":{"rendered":"<p>Aquest curs us oferim la possibilitat de gaudir dels seg\u00fcents tastets:<\/p>\n<table style=\"border-collapse: collapse; width: 100%; height: 348px;\">\n<tbody>\n<tr style=\"height: 32px;\">\n<td style=\"width: 20%; text-align: center; height: 32px; background-color: #ffffff; border-style: hidden;\" colspan=\"5\"><span style=\"font-size: 12pt;\"><strong>\u00c0mbit audiovisual<\/strong><\/span><\/td>\n<\/tr>\n<tr style=\"height: 220px;\">\n<td style=\"width: 20%; text-align: center; height: 157px; background-color: #ffffff; border-style: hidden;\">\u00a0<\/td>\n<td style=\"width: 20%; text-align: center; height: 157px; background-color: #ffffff; border-style: hidden;\"><a href=\"https:\/\/serveiseducatius.xtec.cat\/badalona\/tastet-1-radio-iniciacio\/\" target=\"_blank\" rel=\"noopener\"><img loading=\"lazy\" decoding=\"async\" class=\"alignnone  wp-image-24020\" src=\"https:\/\/serveiseducatius.xtec.cat\/badalona\/wp-content\/uploads\/usu1088\/2025\/01\/Radio-iniciacio.png\" alt=\"\" width=\"200\" height=\"200\" srcset=\"https:\/\/serveiseducatius.xtec.cat\/badalona\/wp-content\/uploads\/usu1088\/2025\/01\/Radio-iniciacio.png 500w, https:\/\/serveiseducatius.xtec.cat\/badalona\/wp-content\/uploads\/usu1088\/2025\/01\/Radio-iniciacio-300x300.png 300w, https:\/\/serveiseducatius.xtec.cat\/badalona\/wp-content\/uploads\/usu1088\/2025\/01\/Radio-iniciacio-150x150.png 150w\" sizes=\"auto, (max-width: 200px) 100vw, 200px\" \/><\/a><\/td>\n<td style=\"width: 20%; text-align: center; height: 157px; background-color: #ffffff; border-style: hidden;\"><a href=\"https:\/\/serveiseducatius.xtec.cat\/badalona\/tastet-2-radio-avancat\/\" target=\"_blank\" rel=\"noopener\"><img loading=\"lazy\" decoding=\"async\" class=\"alignnone  wp-image-24019\" src=\"https:\/\/serveiseducatius.xtec.cat\/badalona\/wp-content\/uploads\/usu1088\/2025\/01\/Radio-edicio-audio.png\" alt=\"\" width=\"200\" height=\"200\" srcset=\"https:\/\/serveiseducatius.xtec.cat\/badalona\/wp-content\/uploads\/usu1088\/2025\/01\/Radio-edicio-audio.png 500w, https:\/\/serveiseducatius.xtec.cat\/badalona\/wp-content\/uploads\/usu1088\/2025\/01\/Radio-edicio-audio-300x300.png 300w, https:\/\/serveiseducatius.xtec.cat\/badalona\/wp-content\/uploads\/usu1088\/2025\/01\/Radio-edicio-audio-150x150.png 150w\" sizes=\"auto, (max-width: 200px) 100vw, 200px\" \/><\/a><\/td>\n<td style=\"width: 20%; text-align: center; height: 157px; background-color: #ffffff; border-style: hidden;\"><a href=\"https:\/\/serveiseducatius.xtec.cat\/badalona\/tastet-3-croma\/\" target=\"_blank\" rel=\"noopener\"><img loading=\"lazy\" decoding=\"async\" class=\"alignnone  wp-image-24012\" src=\"https:\/\/serveiseducatius.xtec.cat\/badalona\/wp-content\/uploads\/usu1088\/2025\/01\/Croma.png\" alt=\"\" width=\"200\" height=\"200\" srcset=\"https:\/\/serveiseducatius.xtec.cat\/badalona\/wp-content\/uploads\/usu1088\/2025\/01\/Croma.png 500w, https:\/\/serveiseducatius.xtec.cat\/badalona\/wp-content\/uploads\/usu1088\/2025\/01\/Croma-300x300.png 300w, https:\/\/serveiseducatius.xtec.cat\/badalona\/wp-content\/uploads\/usu1088\/2025\/01\/Croma-150x150.png 150w\" sizes=\"auto, (max-width: 200px) 100vw, 200px\" \/><\/a><\/td>\n<td style=\"width: 20%; text-align: center; height: 157px; background-color: #ffffff; border-style: hidden;\">\u00a0<\/td>\n<\/tr>\n<tr style=\"height: 32px;\">\n<td style=\"width: 20%; text-align: center; height: 32px; background-color: #ffffff; border-style: hidden;\">\u00a0<\/td>\n<td style=\"width: 20%; text-align: center; height: 32px; background-color: #ffffff; border-style: hidden;\"><a href=\"https:\/\/serveiseducatius.xtec.cat\/badalona\/tastet-1-radio-iniciacio\/\" target=\"_blank\" rel=\"noopener\">Tastet 1: R\u00e0dio iniciaci\u00f3<\/a><\/td>\n<td style=\"width: 20%; text-align: center; height: 32px; background-color: #ffffff; border-style: hidden;\"><a href=\"https:\/\/serveiseducatius.xtec.cat\/badalona\/tastet-2-radio-avancat\/\" target=\"_blank\" rel=\"noopener\">Tastet 2: R\u00e0dio avan\u00e7at<\/a><\/td>\n<td style=\"width: 20%; text-align: center; height: 32px; background-color: #ffffff; border-style: hidden;\"><a href=\"https:\/\/serveiseducatius.xtec.cat\/badalona\/tastet-3-croma\/\" target=\"_blank\" rel=\"noopener\">Tastet 3: Croma<\/a><\/td>\n<td style=\"width: 20%; text-align: center; height: 32px; background-color: #ffffff; border-style: hidden;\">\u00a0<\/td>\n<\/tr>\n<tr style=\"height: 31px;\">\n<td style=\"width: 20%; text-align: center; background-color: #ffffff; border-style: hidden; height: 31px;\">\u00a0<\/td>\n<td style=\"width: 20%; text-align: center; background-color: #ffffff; border-style: hidden; height: 31px;\">\u00a0<\/td>\n<td style=\"width: 20%; text-align: center; background-color: #ffffff; border-style: hidden; height: 31px;\">\u00a0<\/td>\n<td style=\"width: 20%; text-align: center; background-color: #ffffff; border-style: hidden; height: 31px;\">\u00a0<\/td>\n<td style=\"width: 20%; text-align: center; background-color: #ffffff; border-style: hidden; height: 31px;\">\u00a0<\/td>\n<\/tr>\n<tr style=\"height: 32px;\">\n<td style=\"width: 20%; text-align: center; height: 32px; background-color: #ffffff; border-style: hidden;\" colspan=\"5\"><span style=\"font-size: 12pt;\"><strong>\u00c0mbit STEAM<\/strong><\/span><\/td>\n<\/tr>\n<tr style=\"height: 32px;\">\n<td style=\"width: 20%; text-align: center; height: 32px; background-color: #ffffff; border-style: hidden;\"><a href=\"https:\/\/serveiseducatius.xtec.cat\/badalona\/tastet-4-impressio-3d\/\" target=\"_blank\" rel=\"noopener\"><img loading=\"lazy\" decoding=\"async\" class=\"alignnone size-large wp-image-24015\" src=\"https:\/\/serveiseducatius.xtec.cat\/badalona\/wp-content\/uploads\/usu1088\/2025\/01\/Impressora-3d.png\" alt=\"\" width=\"200\" height=\"200\" srcset=\"https:\/\/serveiseducatius.xtec.cat\/badalona\/wp-content\/uploads\/usu1088\/2025\/01\/Impressora-3d.png 500w, https:\/\/serveiseducatius.xtec.cat\/badalona\/wp-content\/uploads\/usu1088\/2025\/01\/Impressora-3d-300x300.png 300w, https:\/\/serveiseducatius.xtec.cat\/badalona\/wp-content\/uploads\/usu1088\/2025\/01\/Impressora-3d-150x150.png 150w\" sizes=\"auto, (max-width: 200px) 100vw, 200px\" \/><\/a><\/td>\n<td style=\"width: 20%; text-align: center; height: 32px; background-color: #ffffff; border-style: hidden;\"><a href=\"https:\/\/serveiseducatius.xtec.cat\/badalona\/tastet-5-plotter-de-tall-iniciacio\/\" target=\"_blank\" rel=\"noopener\"><img loading=\"lazy\" decoding=\"async\" class=\"alignnone size-large wp-image-24017\" src=\"https:\/\/serveiseducatius.xtec.cat\/badalona\/wp-content\/uploads\/usu1088\/2025\/01\/Plotter-de-tall-iniciacio.png\" alt=\"\" width=\"200\" height=\"200\" srcset=\"https:\/\/serveiseducatius.xtec.cat\/badalona\/wp-content\/uploads\/usu1088\/2025\/01\/Plotter-de-tall-iniciacio.png 500w, https:\/\/serveiseducatius.xtec.cat\/badalona\/wp-content\/uploads\/usu1088\/2025\/01\/Plotter-de-tall-iniciacio-300x300.png 300w, https:\/\/serveiseducatius.xtec.cat\/badalona\/wp-content\/uploads\/usu1088\/2025\/01\/Plotter-de-tall-iniciacio-150x150.png 150w\" sizes=\"auto, (max-width: 200px) 100vw, 200px\" \/><\/a><\/td>\n<td style=\"width: 20%; text-align: center; height: 32px; background-color: #ffffff; border-style: hidden;\"><a href=\"https:\/\/serveiseducatius.xtec.cat\/badalona\/tastet-6-plotter-de-tall-avancat\/\" target=\"_blank\" rel=\"noopener\"><img loading=\"lazy\" decoding=\"async\" class=\"alignnone size-large wp-image-24016\" src=\"https:\/\/serveiseducatius.xtec.cat\/badalona\/wp-content\/uploads\/usu1088\/2025\/01\/Plotter-de-tall-avancat.png\" alt=\"\" width=\"200\" height=\"200\" srcset=\"https:\/\/serveiseducatius.xtec.cat\/badalona\/wp-content\/uploads\/usu1088\/2025\/01\/Plotter-de-tall-avancat.png 500w, https:\/\/serveiseducatius.xtec.cat\/badalona\/wp-content\/uploads\/usu1088\/2025\/01\/Plotter-de-tall-avancat-300x300.png 300w, https:\/\/serveiseducatius.xtec.cat\/badalona\/wp-content\/uploads\/usu1088\/2025\/01\/Plotter-de-tall-avancat-150x150.png 150w\" sizes=\"auto, (max-width: 200px) 100vw, 200px\" \/><\/a><\/td>\n<td style=\"width: 20%; text-align: center; height: 32px; background-color: #ffffff; border-style: hidden;\"><a href=\"https:\/\/serveiseducatius.xtec.cat\/badalona\/tastet-7-talladora-laser\/\" target=\"_blank\" rel=\"noopener\"><img loading=\"lazy\" decoding=\"async\" class=\"alignnone size-large wp-image-24021\" src=\"https:\/\/serveiseducatius.xtec.cat\/badalona\/wp-content\/uploads\/usu1088\/2025\/01\/Talladora-laser.png\" alt=\"\" width=\"200\" height=\"200\" srcset=\"https:\/\/serveiseducatius.xtec.cat\/badalona\/wp-content\/uploads\/usu1088\/2025\/01\/Talladora-laser.png 500w, https:\/\/serveiseducatius.xtec.cat\/badalona\/wp-content\/uploads\/usu1088\/2025\/01\/Talladora-laser-300x300.png 300w, https:\/\/serveiseducatius.xtec.cat\/badalona\/wp-content\/uploads\/usu1088\/2025\/01\/Talladora-laser-150x150.png 150w\" sizes=\"auto, (max-width: 200px) 100vw, 200px\" \/><\/a><\/td>\n<td style=\"width: 20%; text-align: center; height: 32px; background-color: #ffffff; border-style: hidden;\"><a href=\"https:\/\/serveiseducatius.xtec.cat\/badalona\/tastet-8-activitats-steam-amb-microbit\/\" target=\"_blank\" rel=\"noopener\"><img loading=\"lazy\" decoding=\"async\" class=\"alignnone size-large wp-image-24018\" src=\"https:\/\/serveiseducatius.xtec.cat\/badalona\/wp-content\/uploads\/usu1088\/2025\/01\/Radio-2.png\" alt=\"\" width=\"200\" height=\"200\" srcset=\"https:\/\/serveiseducatius.xtec.cat\/badalona\/wp-content\/uploads\/usu1088\/2025\/01\/Radio-2.png 500w, https:\/\/serveiseducatius.xtec.cat\/badalona\/wp-content\/uploads\/usu1088\/2025\/01\/Radio-2-300x300.png 300w, https:\/\/serveiseducatius.xtec.cat\/badalona\/wp-content\/uploads\/usu1088\/2025\/01\/Radio-2-150x150.png 150w\" sizes=\"auto, (max-width: 200px) 100vw, 200px\" \/><\/a><\/td>\n<\/tr>\n<tr style=\"height: 32px;\">\n<td style=\"width: 20%; text-align: center; height: 32px; background-color: #ffffff; border-style: hidden;\"><a href=\"https:\/\/serveiseducatius.xtec.cat\/badalona\/tastet-4-impressio-3d\/\" target=\"_blank\" rel=\"noopener\">Tastet 4: Impressi\u00f3 3D<\/a><\/td>\n<td style=\"width: 20%; text-align: center; height: 32px; background-color: #ffffff; border-style: hidden;\"><a href=\"https:\/\/serveiseducatius.xtec.cat\/badalona\/tastet-5-plotter-de-tall-iniciacio\/\" target=\"_blank\" rel=\"noopener\">Tastet 5: Plotter de tall iniciaci\u00f3<\/a><\/td>\n<td style=\"width: 20%; text-align: center; height: 32px; background-color: #ffffff; border-style: hidden;\"><a href=\"https:\/\/serveiseducatius.xtec.cat\/badalona\/tastet-6-plotter-de-tall-avancat\/\" target=\"_blank\" rel=\"noopener\">Tastet 6: Plotter de tall avan\u00e7at<\/a><\/td>\n<td style=\"width: 20%; text-align: center; height: 32px; background-color: #ffffff; border-style: hidden;\"><a href=\"https:\/\/serveiseducatius.xtec.cat\/badalona\/tastet-7-talladora-laser\/\" target=\"_blank\" rel=\"noopener\">Tastet 7: Talladora l\u00e0ser<\/a><\/td>\n<td style=\"width: 20%; text-align: center; height: 32px; background-color: #ffffff; border-style: hidden;\"><a href=\"https:\/\/serveiseducatius.xtec.cat\/badalona\/tastet-8-activitats-steam-amb-microbit\/\" target=\"_blank\" rel=\"noopener\">Tastet 8: Activitats STEAM amb micro:bit<\/a><\/td>\n<\/tr>\n<\/tbody>\n<\/table>\n<p><center><\/p>\n<table style=\"border-collapse: collapse; width: 47.0952%; height: 252px;\">\n<tbody>\n<tr style=\"height: 31px;\">\n<td style=\"width: 29.6706%; border-style: hidden; background-color: #ffffff; height: 31px; text-align: center;\" colspan=\"2\"><span style=\"font-size: 12pt;\"><strong>\u00c0mbit lectura i biblioteca<\/strong><\/span><\/td>\n<\/tr>\n<tr style=\"height: 247px;\">\n<td style=\"width: 15.6129%; border-style: hidden; background-color: #ffffff; height: 174px; text-align: center;\"><a href=\"https:\/\/serveiseducatius.xtec.cat\/badalona\/tastet-9-dinamitzacio-de-la-biblioteca-daula\/\" target=\"_blank\" rel=\"noopener\"><img loading=\"lazy\" decoding=\"async\" class=\" wp-image-24013 aligncenter\" src=\"https:\/\/serveiseducatius.xtec.cat\/badalona\/wp-content\/uploads\/usu1088\/2025\/01\/Dinamitzacio-biblioteca-d_aula.png\" alt=\"\" width=\"156\" height=\"156\" srcset=\"https:\/\/serveiseducatius.xtec.cat\/badalona\/wp-content\/uploads\/usu1088\/2025\/01\/Dinamitzacio-biblioteca-d_aula.png 500w, https:\/\/serveiseducatius.xtec.cat\/badalona\/wp-content\/uploads\/usu1088\/2025\/01\/Dinamitzacio-biblioteca-d_aula-300x300.png 300w, https:\/\/serveiseducatius.xtec.cat\/badalona\/wp-content\/uploads\/usu1088\/2025\/01\/Dinamitzacio-biblioteca-d_aula-150x150.png 150w\" sizes=\"auto, (max-width: 156px) 100vw, 156px\" \/><\/a><\/td>\n<td style=\"width: 14.0577%; border-style: hidden; background-color: #ffffff; height: 174px; text-align: center;\"><a href=\"https:\/\/serveiseducatius.xtec.cat\/badalona\/tastet-10-esporgada-i-orientacions-de-seleccio-de-recursos\/\" target=\"_blank\" rel=\"noopener\"><img loading=\"lazy\" decoding=\"async\" class=\"alignnone  wp-image-24014 aligncenter\" src=\"https:\/\/serveiseducatius.xtec.cat\/badalona\/wp-content\/uploads\/usu1088\/2025\/01\/Esporgada.png\" alt=\"\" width=\"162\" height=\"162\" srcset=\"https:\/\/serveiseducatius.xtec.cat\/badalona\/wp-content\/uploads\/usu1088\/2025\/01\/Esporgada.png 500w, https:\/\/serveiseducatius.xtec.cat\/badalona\/wp-content\/uploads\/usu1088\/2025\/01\/Esporgada-300x300.png 300w, https:\/\/serveiseducatius.xtec.cat\/badalona\/wp-content\/uploads\/usu1088\/2025\/01\/Esporgada-150x150.png 150w\" sizes=\"auto, (max-width: 162px) 100vw, 162px\" \/><\/a><\/td>\n<\/tr>\n<tr style=\"height: 47px;\">\n<td style=\"width: 15.6129%; border-style: hidden; background-color: #ffffff; height: 47px; text-align: center;\"><a href=\"https:\/\/serveiseducatius.xtec.cat\/badalona\/tastet-9-dinamitzacio-de-la-biblioteca-daula\/\" target=\"_blank\" rel=\"noopener\">Tastet 9: Dinamitzem la biblioteca d&#8217;aula: de la selecci\u00f3 a la lectura<\/a><\/td>\n<td style=\"width: 14.0577%; border-style: hidden; background-color: #ffffff; height: 47px; text-align: center;\"><a href=\"https:\/\/serveiseducatius.xtec.cat\/badalona\/tastet-10-esporgada-i-orientacions-de-seleccio-de-recursos\/\" target=\"_blank\" rel=\"noopener\">Tastet 10: Selecci\u00f3 i esporga de llibres a la biblioteca<\/a><\/td>\n<\/tr>\n<\/tbody>\n<\/table>\n<p><\/center><\/p>\n<p>Els\u00a0<strong>tastets formatius<\/strong> s\u00f3n sessions breus (generalment d\u2019una hora i mitja de durada) per a tractar temes molts concrets. Es pret\u00e9n que els assistents adquireixin uns coneixements b\u00e0sics que els permetin continuar avan\u00e7ant aut\u00f2nomament en el tema tractat.<\/p>\n<ul style=\"list-style-type: circle;\">\n<li><strong>Adre\u00e7ats a:<\/strong> docents de centres de Badalona, amb un nombre m\u00ednim de persones participants per centre. Requisit: 50% de participaci\u00f3 del claustre a prim\u00e0ria i 15 persones a secund\u00e0ria (IE o INS) per sostenibilitat del CRP. En cas de tastets de biblioteca no requereix un m\u00ednim de participaci\u00f3.\u00a0<\/li>\n<li><strong>Durada i horari: <\/strong>Una o dues sessions generalment d&#8217;una hora i mitja de durada. L&#8217;horari a convenir amb el centre.<\/li>\n<li><strong>Lloc:<\/strong> al CRP o al centre.<\/li>\n<li><strong>Persones formadores: <\/strong>Equip dels Serveis Educatius\u00a0<\/li>\n<li><strong>Certificaci\u00f3:<\/strong>\u00a0Per tractar-se de tallers de suport i de curta durada, no tindran certificaci\u00f3.<\/li>\n<\/ul>\n<h4><strong>SOL\u00b7LICITUD<\/strong><\/h4>\n<p>Caldr\u00e0 fer, com a centre, una sol\u00b7licitud espec\u00edfica per a cada tastet que es vulgui realitzar, indicant el professorat que hi assistir\u00e0. Es podran sol\u00b7licitar un m\u00e0xim de 3 tastets per curs escolar i centre. Les sol\u00b7licituds s&#8217;atendran segons la disponibilitat dels formadors.<\/p>\n<p>Per sol\u00b7licitar un tastet, ompliu el seg\u00fcent formulari: <span style=\"font-size: 18pt;\"><strong><a href=\"https:\/\/docs.google.com\/forms\/d\/1iqSg0j3dNRr0AjlAbeOanf8Ks7KwQpO6iS8YukZ6rg0\/edit?usp=sharing\" target=\"_blank\" rel=\"noopener noreferrer\">Formulari de sol\u00b7licitud<\/a><\/strong><\/span> (un per a cada tastet).<\/p>\n","protected":false},"excerpt":{"rendered":"<p>Aquest curs us oferim la possibilitat de gaudir dels seg\u00fcents tastets: \u00c0mbit audiovisual \u00a0 \u00a0 \u00a0 Tastet 1: R\u00e0dio iniciaci\u00f3 [&hellip;]<\/p>\n","protected":false},"author":1,"featured_media":0,"parent":414,"menu_order":0,"comment_status":"closed","ping_status":"closed","template":"","meta":{"_bbp_topic_count":0,"_bbp_reply_count":0,"_bbp_total_topic_count":0,"_bbp_total_reply_count":0,"_bbp_voice_count":0,"_bbp_anonymous_reply_count":0,"_bbp_topic_count_hidden":0,"_bbp_reply_count_hidden":0,"_bbp_forum_subforum_count":0,"site-sidebar-layout":"default","site-content-layout":"","ast-site-content-layout":"default","site-content-style":"default","site-sidebar-style":"default","ast-global-header-display":"","ast-banner-title-visibility":"","ast-main-header-display":"","ast-hfb-above-header-display":"","ast-hfb-below-header-display":"","ast-hfb-mobile-header-display":"","site-post-title":"","ast-breadcrumbs-content":"","ast-featured-img":"","footer-sml-layout":"","theme-transparent-header-meta":"default","adv-header-id-meta":"","stick-header-meta":"","header-above-stick-meta":"","header-main-stick-meta":"","header-below-stick-meta":"","astra-migrate-meta-layouts":"set","ast-page-background-enabled":"default","ast-page-background-meta":{"desktop":{"background-color":"var(--ast-global-color-4)","background-image":"","background-repeat":"repeat","background-position":"center center","background-size":"auto","background-attachment":"scroll","background-type":"","background-media":"","overlay-type":"","overlay-color":"","overlay-opacity":"","overlay-gradient":""},"tablet":{"background-color":"","background-image":"","background-repeat":"repeat","background-position":"center center","background-size":"auto","background-attachment":"scroll","background-type":"","background-media":"","overlay-type":"","overlay-color":"","overlay-opacity":"","overlay-gradient":""},"mobile":{"background-color":"","background-image":"","background-repeat":"repeat","background-position":"center center","background-size":"auto","background-attachment":"scroll","background-type":"","background-media":"","overlay-type":"","overlay-color":"","overlay-opacity":"","overlay-gradient":""}},"ast-content-background-meta":{"desktop":{"background-color":"var(--ast-global-color-5)","background-image":"","background-repeat":"repeat","background-position":"center center","background-size":"auto","background-attachment":"scroll","background-type":"","background-media":"","overlay-type":"","overlay-color":"","overlay-opacity":"","overlay-gradient":""},"tablet":{"background-color":"var(--ast-global-color-5)","background-image":"","background-repeat":"repeat","background-position":"center center","background-size":"auto","background-attachment":"scroll","background-type":"","background-media":"","overlay-type":"","overlay-color":"","overlay-opacity":"","overlay-gradient":""},"mobile":{"background-color":"var(--ast-global-color-5)","background-image":"","background-repeat":"repeat","background-position":"center center","background-size":"auto","background-attachment":"scroll","background-type":"","background-media":"","overlay-type":"","overlay-color":"","overlay-opacity":"","overlay-gradient":""}},"footnotes":""},"class_list":["post-1408","page","type-page","status-publish","hentry"],"post_mailing_queue_ids":[],"_links":{"self":[{"href":"https:\/\/serveiseducatius.xtec.cat\/badalona\/wp-json\/wp\/v2\/pages\/1408","targetHints":{"allow":["GET"]}}],"collection":[{"href":"https:\/\/serveiseducatius.xtec.cat\/badalona\/wp-json\/wp\/v2\/pages"}],"about":[{"href":"https:\/\/serveiseducatius.xtec.cat\/badalona\/wp-json\/wp\/v2\/types\/page"}],"author":[{"embeddable":true,"href":"https:\/\/serveiseducatius.xtec.cat\/badalona\/wp-json\/wp\/v2\/users\/1"}],"replies":[{"embeddable":true,"href":"https:\/\/serveiseducatius.xtec.cat\/badalona\/wp-json\/wp\/v2\/comments?post=1408"}],"version-history":[{"count":9,"href":"https:\/\/serveiseducatius.xtec.cat\/badalona\/wp-json\/wp\/v2\/pages\/1408\/revisions"}],"predecessor-version":[{"id":26343,"href":"https:\/\/serveiseducatius.xtec.cat\/badalona\/wp-json\/wp\/v2\/pages\/1408\/revisions\/26343"}],"up":[{"embeddable":true,"href":"https:\/\/serveiseducatius.xtec.cat\/badalona\/wp-json\/wp\/v2\/pages\/414"}],"wp:attachment":[{"href":"https:\/\/serveiseducatius.xtec.cat\/badalona\/wp-json\/wp\/v2\/media?parent=1408"}],"curies":[{"name":"wp","href":"https:\/\/api.w.org\/{rel}","templated":true}]}}