{"id":12741,"date":"2019-11-29T15:24:41","date_gmt":"2019-11-29T14:24:41","guid":{"rendered":"http:\/\/serveiseducatius.xtec.cat\/badalona\/?page_id=12741"},"modified":"2023-11-21T10:23:21","modified_gmt":"2023-11-21T09:23:21","slug":"jornada-de-recerca-a-leso","status":"publish","type":"page","link":"https:\/\/serveiseducatius.xtec.cat\/badalona\/jornada-de-recerca-a-leso\/","title":{"rendered":"Ci\u00e8ncia al carrer: Fira d&#8217;ESO amb mirada STEAM"},"content":{"rendered":"<h5><strong><span style=\"font-size: 18pt; color: #ff0000;\">ANUL\u00b7LADES PER MANCA D&#8217;INSCRIPCIONS<\/span><\/strong><\/h5>\n<h5>\u00a0<\/h5>\n<h5 style=\"text-align: left;\"><em>Dimarts, 31 de mar\u00e7 de 2020<\/em><\/h5>\n<p><strong style=\"font-family: inherit; font-size: 1em;\"><br \/>\nASPECTES ORGANITZATIUS<\/strong><\/p>\n<ul>\n<li><span style=\"color: #000080;\">Qu\u00e8 s\u00f3n?<\/span> Les <b>Jornades de Recerca d&#8217;ESO de Badalona<\/b>, estan pensades per a que alumnes d&#8217;ESO puguin desenvolupar una presentaci\u00f3 des de qualsevol \u00e0rea o \u00e0mbit, que segueixi una metodologia cient\u00edfica (que parteixi d&#8217;un inter\u00e8s o d&#8217;una pregunta, que es formuli una hip\u00f2tesi, que es concretin les accions i recerques amb els experiments i les observacions que calgui, que es registrin, mesurin i analitzin els resultats i que es determinin unes conclusions).<\/li>\n<li><span style=\"color: #000080;\">Quan es faran?<\/span> El <strong>31 de mar\u00e7 de 2020<\/strong> tindr\u00e0 lloc la jornada. Com \u00e9s una activitat nova, en funci\u00f3 de la demanda el proper any s&#8217;ajustaran els dies per poder donar cabuda a tots els possibles centres participants i podr\u00e0 ampliar-se la jornada en un dia m\u00e9s.<\/li>\n<li><span style=\"color: #000080;\">On tindran lloc?<\/span> La jornada es far\u00e0 al <a href=\"https:\/\/www.museudebadalona.cat\/\" target=\"_blank\" rel=\"noopener noreferrer\"><strong>Museu de Badalona<\/strong><\/a>. Per saber com arribar al Museu, clica <a href=\"https:\/\/www.museudebadalona.cat\/com-arribar\/\" target=\"_blank\" rel=\"noopener noreferrer\"><strong>AQU\u00cd<\/strong><\/a>.<\/li>\n<li><span style=\"color: #000080;\">Qui pot participar?<\/span> Alumnat de <strong>1r a 4t d&#8217;ESO<\/strong> (de forma individual o en petit grup)<\/li>\n<li><span style=\"color: #000080;\">Quants treballs es poden presentar per centre?<\/span> Cada centre pot presentar un m\u00e0xim de <b>3 treballs<\/b>, independentment del cicle d&#8217;ESO al qual pertanyin.<\/li>\n<li><span style=\"color: #000080;\">I si els docents tenim dubtes?<\/span> Per tal de resoldre els dubtes que puguin sorgir, fer aportacions donat que \u00e9s la primera edici\u00f3, etc&#8230; podeu venir a la reuni\u00f3 que tindr\u00e0 lloc el <b style=\"font-family: inherit; font-size: 1em;\">dimarts 18 de febrer a les 13 hores<\/b><span style=\"font-family: inherit; font-size: 1em;\">, al\u00a0<\/span><b style=\"font-family: inherit; font-size: 1em;\">CRP de Badalona<\/b><span style=\"font-family: inherit; font-size: 1em;\">\u00a0(Avinguda del Maresme 192, INS Eugeni d&#8217;Ors). Si us plau, confirmeu la vostra assist\u00e8ncia a aquesta reuni\u00f3 per tal de poder disposar de l&#8217;espai adequat al CRP.<\/span>\n<div>\u00a0<\/div>\n<\/li>\n<li><b>\u00c9s molt important<\/b>\u00a0que ompliu el\u00a0<a href=\"https:\/\/docs.google.com\/forms\/d\/e\/1FAIpQLScmDA-WpojFtju_vCOEuwn9Ke4FRa0SkUDHYZytstluxH5ucA\/viewform\" target=\"_blank\" rel=\"noopener noreferrer\"><strong>FORMULARI DE SOL\u00b7LICITUD<\/strong><\/a> amb totes les dades que es demanen i l\u2019envieu abans del dilluns, <strong>3 de febrer<\/strong>\u00a0de 2020.<\/li>\n<li>Per a les presentacions: en cas que feu servir algun suport digital (presentaci\u00f3 en PowerPoint, Prezi, Genially, v\u00eddeo digital \u2026), cal que ens l&#8217;envieu per correu electr\u00f2nic o ens el porteu al CRP abans del dia<strong> 16 de mar\u00e7<\/strong>. Els suports visuals no poden estar en format en l\u00ednia ja que no podem garantir que funcioni Internet a la sala.<\/li>\n<\/ul>\n<p><strong>ALTRES<\/strong><br \/>\n<b>Sol\u00b7licitud de participaci\u00f3.\u00a0<\/b>Cal emplenar el\u00a0<strong><a href=\"https:\/\/docs.google.com\/forms\/d\/e\/1FAIpQLScmDA-WpojFtju_vCOEuwn9Ke4FRa0SkUDHYZytstluxH5ucA\/viewform\" target=\"_blank\" rel=\"noopener noreferrer\">FORMULARI DE SOL\u00b7LICITUD<\/a>.<\/strong><br \/>\nUs recordem que cal presentar les sol\u00b7licituds de participaci\u00f3 <b>abans del dilluns, 3 de febrer.<br \/>\n<\/b><\/p>\n<p>S\u2019ha de vetllar perqu\u00e8 aquests treballs\u00a0<b>destaquin per la seva part experimental<\/b>\u00a0i\u00a0 pel seu\u00a0<b>car\u00e0cter divulgatiu<\/b>. Cal donar rellev\u00e0ncia a la recerca, a la part\u00a0 pr\u00e0ctica, a com ho ha treballat i ho ha viscut l\u2019alumne, partint d&#8217;un inter\u00e8s o d&#8217;una pregunta, que es formuli una hip\u00f2tesi, que es concretin les accions i recerques amb els experiments i les observacions que calgui, que es registrin, mesurin i analitzin els resultats i que es determinin unes conclusions, en el sentit que sigui. Com a recerca que \u00e9s, <strong>pot estar vinculat a qualsevol \u00e0rea, \u00e0mbit, ci\u00e8ncia o tema<\/strong>, sempre i quan es desenvolupi mitjan\u00e7ant el m\u00e8tode cient\u00edfic.<\/p>\n<p>Es considera que el marc de la Jornada de Recerca a l&#8217;ESO no \u00e9s l\u2019adequat per\u00a0 presentar els treballs que nom\u00e9s s\u00f3n fruit d\u2019una bona aplicaci\u00f3 de la compet\u00e8ncia informacional, tot i que puguin ser molt \u00a0bons, sin\u00f3 que han de garantir que han seguir una metodologia cient\u00edfica, independentment de l&#8217;\u00e0mbit que tractin.<\/p>\n<p>Si voleu venir amb el grup classe de l&#8217;alumnat que faci la presentaci\u00f3, recordeu de demanar-ho al formulari.<\/p>\n<p><strong>Benvinguda i horari marc de la jornada<\/strong><\/p>\n<table>\n<tbody>\n<tr>\n<td>09.15 h<\/td>\n<td>Lliurament de la documentaci\u00f3<\/td>\n<\/tr>\n<tr>\n<td>09.30 h<\/td>\n<td>Presentaci\u00f3<\/td>\n<\/tr>\n<tr>\n<td>09.45 a 11.30 h\u00a0<\/td>\n<td>1r torn de presentaci\u00f3 de treballs<\/td>\n<\/tr>\n<tr>\n<td>11.30 a 12.00 h<\/td>\n<td>Esmorzar<\/td>\n<\/tr>\n<tr>\n<td>12.00 a 13.30 h<\/td>\n<td>2n torn de presentaci\u00f3 de treballs<\/td>\n<\/tr>\n<tr>\n<td>13.30 h<\/td>\n<td>Cloenda<\/td>\n<\/tr>\n<\/tbody>\n<\/table>\n<p><b>Secretaria de les Jornades. <\/b><br \/>\nEl suport visual s&#8217;ha de fer arribar, abans del <strong>16 de mar\u00e7<\/strong><b> de 2020, a<\/b>:<br \/>\n<b>Centre de Recursos Pedag\u00f2gics. <\/b><strong>T<\/strong><strong>el. <\/strong><b>93 460 22 26, correu electr\u00f2nic:\u00a0<\/b><a href=\"mailto:crp-badalona@xtec.cat\">crp-badalona@xtec.cat<\/a><\/p>\n<p><b>Comissi\u00f3 organitzadora:<\/b><\/p>\n<p><b>&#8211; Ajuntament de Badalona.<\/b><span style=\"font-weight: 400;\"><br \/>\n<\/span><span style=\"font-weight: 400;\">\u00a0\u00a0 \u00a0\u00c0rea de Medi Ambient i Sostenibilitat. <\/span><span style=\"font-weight: 400;\"><br \/>\n<\/span><span style=\"font-weight: 400;\">\u00a0\u00a0 \u00a0\u00a0\u00a0 \u00a0Escola de Natura Angeleta Ferrer. <\/span><span style=\"font-weight: 400;\"><br \/>\n<\/span><span style=\"font-weight: 400;\">\u00a0\u00a0 \u00a0\u00a0\u00a0 \u00a0Escola del Mar. Centre d&#8217;Estudis Marins. <\/span><span style=\"font-weight: 400;\"><br \/>\n<\/span><span style=\"font-weight: 400;\">\u00a0\u00a0 \u00a0\u00c0rea d&#8217;Educaci\u00f3. <\/span><span style=\"font-weight: 400;\"><br \/>\n<\/span><span style=\"font-weight: 400;\">\u00a0\u00a0 \u00a0\u00a0\u00a0 \u00a0Servei d&#8217;Educaci\u00f3. <\/span><\/p>\n<p><b>-Generalitat de Catalunya. <\/b><span style=\"font-weight: 400;\"><br \/>\n<\/span><span style=\"font-weight: 400;\">\u00a0\u00a0 \u00a0Departament d\u2019Educaci\u00f3<\/span><span style=\"font-weight: 400;\"><br \/>\n<\/span><span style=\"font-weight: 400;\">\u00a0\u00a0 \u00a0\u00a0\u00a0 \u00a0Servei Educatiu Ciutat de Badalona.<\/span><\/p>\n","protected":false},"excerpt":{"rendered":"<p>ANUL\u00b7LADES PER MANCA D&#8217;INSCRIPCIONS \u00a0 Dimarts, 31 de mar\u00e7 de 2020 ASPECTES ORGANITZATIUS Qu\u00e8 s\u00f3n? Les Jornades de Recerca d&#8217;ESO [&hellip;]<\/p>\n","protected":false},"author":1,"featured_media":0,"parent":0,"menu_order":0,"comment_status":"closed","ping_status":"closed","template":"","meta":{"_bbp_topic_count":0,"_bbp_reply_count":0,"_bbp_total_topic_count":0,"_bbp_total_reply_count":0,"_bbp_voice_count":0,"_bbp_anonymous_reply_count":0,"_bbp_topic_count_hidden":0,"_bbp_reply_count_hidden":0,"_bbp_forum_subforum_count":0,"site-sidebar-layout":"default","site-content-layout":"","ast-site-content-layout":"","site-content-style":"default","site-sidebar-style":"default","ast-global-header-display":"","ast-banner-title-visibility":"","ast-main-header-display":"","ast-hfb-above-header-display":"","ast-hfb-below-header-display":"","ast-hfb-mobile-header-display":"","site-post-title":"","ast-breadcrumbs-content":"","ast-featured-img":"","footer-sml-layout":"","theme-transparent-header-meta":"","adv-header-id-meta":"","stick-header-meta":"","header-above-stick-meta":"","header-main-stick-meta":"","header-below-stick-meta":"","astra-migrate-meta-layouts":"default","ast-page-background-enabled":"default","ast-page-background-meta":{"desktop":{"background-color":"var(--ast-global-color-4)","background-image":"","background-repeat":"repeat","background-position":"center center","background-size":"auto","background-attachment":"scroll","background-type":"","background-media":"","overlay-type":"","overlay-color":"","overlay-opacity":"","overlay-gradient":""},"tablet":{"background-color":"","background-image":"","background-repeat":"repeat","background-position":"center center","background-size":"auto","background-attachment":"scroll","background-type":"","background-media":"","overlay-type":"","overlay-color":"","overlay-opacity":"","overlay-gradient":""},"mobile":{"background-color":"","background-image":"","background-repeat":"repeat","background-position":"center center","background-size":"auto","background-attachment":"scroll","background-type":"","background-media":"","overlay-type":"","overlay-color":"","overlay-opacity":"","overlay-gradient":""}},"ast-content-background-meta":{"desktop":{"background-color":"var(--ast-global-color-5)","background-image":"","background-repeat":"repeat","background-position":"center center","background-size":"auto","background-attachment":"scroll","background-type":"","background-media":"","overlay-type":"","overlay-color":"","overlay-opacity":"","overlay-gradient":""},"tablet":{"background-color":"var(--ast-global-color-5)","background-image":"","background-repeat":"repeat","background-position":"center center","background-size":"auto","background-attachment":"scroll","background-type":"","background-media":"","overlay-type":"","overlay-color":"","overlay-opacity":"","overlay-gradient":""},"mobile":{"background-color":"var(--ast-global-color-5)","background-image":"","background-repeat":"repeat","background-position":"center center","background-size":"auto","background-attachment":"scroll","background-type":"","background-media":"","overlay-type":"","overlay-color":"","overlay-opacity":"","overlay-gradient":""}},"footnotes":""},"class_list":["post-12741","page","type-page","status-publish","hentry"],"post_mailing_queue_ids":[],"_links":{"self":[{"href":"https:\/\/serveiseducatius.xtec.cat\/badalona\/wp-json\/wp\/v2\/pages\/12741","targetHints":{"allow":["GET"]}}],"collection":[{"href":"https:\/\/serveiseducatius.xtec.cat\/badalona\/wp-json\/wp\/v2\/pages"}],"about":[{"href":"https:\/\/serveiseducatius.xtec.cat\/badalona\/wp-json\/wp\/v2\/types\/page"}],"author":[{"embeddable":true,"href":"https:\/\/serveiseducatius.xtec.cat\/badalona\/wp-json\/wp\/v2\/users\/1"}],"replies":[{"embeddable":true,"href":"https:\/\/serveiseducatius.xtec.cat\/badalona\/wp-json\/wp\/v2\/comments?post=12741"}],"version-history":[{"count":4,"href":"https:\/\/serveiseducatius.xtec.cat\/badalona\/wp-json\/wp\/v2\/pages\/12741\/revisions"}],"predecessor-version":[{"id":20989,"href":"https:\/\/serveiseducatius.xtec.cat\/badalona\/wp-json\/wp\/v2\/pages\/12741\/revisions\/20989"}],"wp:attachment":[{"href":"https:\/\/serveiseducatius.xtec.cat\/badalona\/wp-json\/wp\/v2\/media?parent=12741"}],"curies":[{"name":"wp","href":"https:\/\/api.w.org\/{rel}","templated":true}]}}