{"id":10719,"date":"2019-02-04T16:51:29","date_gmt":"2019-02-04T15:51:29","guid":{"rendered":"http:\/\/serveiseducatius.xtec.cat\/badalona\/?page_id=10719"},"modified":"2024-10-23T11:57:57","modified_gmt":"2024-10-23T09:57:57","slug":"dol-i-mort","status":"publish","type":"page","link":"https:\/\/serveiseducatius.xtec.cat\/badalona\/recursos\/dol-i-mort\/","title":{"rendered":"Dol i mort"},"content":{"rendered":"<p><span style=\"color: #000000; font-family: Geneva, Arial, Helvetica, san-serif; font-size: 12pt;\">Vivim d&#8217;esquena a la mort, quan \u00e9s un fet natural i segur per a tothom, d\u00f3na la sensaci\u00f3 que volem ser enganyats, com si sempre hagu\u00e9ssim de viure, tenir \u00e8xit, consumir sense fi, obtenir el plaer immediatament, ser eternament joves i no patir mai&#8230; Aquesta forma de viure s&#8217;allunya de la realitat de la vida quotidiana.<\/span><\/p>\n<p><span style=\"color: #000000; font-size: 12pt;\"><span style=\"font-family: Geneva, Arial, Helvetica, san-serif;\">Malgrat que estem abocats a veure cont\u00ednuament morts fict\u00edcies i reals a trav\u00e9s dels mitjans de comunicaci\u00f3 parlar-ne \u00e9s considerat de mal gust, morb\u00f3s. I en canvi quan ens hi trobem ens crea inseguretat, desconeixement, por, tot un conglomerat d&#8217;emocions&#8230;<\/span><\/span><\/p>\n<p style=\"text-align: right;\"><a href=\"https:\/\/docs.google.com\/document\/d\/1Qcr6XD2tSQcsGyT0dNReXheEeIVXhn5N8q3Bc4yXPV0\/edit?usp=sharing\" target=\"_blank\" rel=\"noopener noreferrer\">Reflexions sobre el dol&#8230;<\/a><\/p>\n<table style=\"border-collapse: collapse; width: 100%;\" border=\"1\">\n<tbody>\n<tr style=\"height: 200px;\">\n<td style=\"width: 25%; height: 200px;\"><img loading=\"lazy\" decoding=\"async\" class=\"alignnone  wp-image-11004\" src=\"https:\/\/serveiseducatius.xtec.cat\/badalona\/wp-content\/uploads\/usu1088\/2019\/02\/arranged-1842261_960_720.jpg\" alt=\"\" width=\"316\" height=\"210\" srcset=\"https:\/\/serveiseducatius.xtec.cat\/badalona\/wp-content\/uploads\/usu1088\/2019\/02\/arranged-1842261_960_720.jpg 960w, https:\/\/serveiseducatius.xtec.cat\/badalona\/wp-content\/uploads\/usu1088\/2019\/02\/arranged-1842261_960_720-300x200.jpg 300w, https:\/\/serveiseducatius.xtec.cat\/badalona\/wp-content\/uploads\/usu1088\/2019\/02\/arranged-1842261_960_720-768x512.jpg 768w\" sizes=\"auto, (max-width: 316px) 100vw, 316px\" \/><\/td>\n<td style=\"width: 25%; height: 200px;\"><img loading=\"lazy\" decoding=\"async\" class=\"alignnone size-full wp-image-11006\" src=\"https:\/\/serveiseducatius.xtec.cat\/badalona\/wp-content\/uploads\/usu1088\/2019\/02\/person-1990906_960_720.jpg\" alt=\"\" width=\"960\" height=\"640\" srcset=\"https:\/\/serveiseducatius.xtec.cat\/badalona\/wp-content\/uploads\/usu1088\/2019\/02\/person-1990906_960_720.jpg 960w, https:\/\/serveiseducatius.xtec.cat\/badalona\/wp-content\/uploads\/usu1088\/2019\/02\/person-1990906_960_720-300x200.jpg 300w, https:\/\/serveiseducatius.xtec.cat\/badalona\/wp-content\/uploads\/usu1088\/2019\/02\/person-1990906_960_720-768x512.jpg 768w\" sizes=\"auto, (max-width: 960px) 100vw, 960px\" \/><\/td>\n<td style=\"width: 25%; height: 200px;\"><img loading=\"lazy\" decoding=\"async\" class=\"wp-image-10744 aligncenter\" src=\"https:\/\/serveiseducatius.xtec.cat\/badalona\/wp-content\/uploads\/usu1088\/2019\/02\/dol4.jpg\" alt=\"\" width=\"331\" height=\"220\" srcset=\"https:\/\/serveiseducatius.xtec.cat\/badalona\/wp-content\/uploads\/usu1088\/2019\/02\/dol4.jpg 500w, https:\/\/serveiseducatius.xtec.cat\/badalona\/wp-content\/uploads\/usu1088\/2019\/02\/dol4-300x200.jpg 300w\" sizes=\"auto, (max-width: 331px) 100vw, 331px\" \/><\/td>\n<td style=\"width: 25%; height: 200px;\"><img loading=\"lazy\" decoding=\"async\" class=\"wp-image-10742 aligncenter\" style=\"text-align: center;\" src=\"https:\/\/serveiseducatius.xtec.cat\/badalona\/wp-content\/uploads\/usu1088\/2019\/02\/dol5.jpg\" alt=\"\" width=\"331\" height=\"221\" srcset=\"https:\/\/serveiseducatius.xtec.cat\/badalona\/wp-content\/uploads\/usu1088\/2019\/02\/dol5.jpg 600w, https:\/\/serveiseducatius.xtec.cat\/badalona\/wp-content\/uploads\/usu1088\/2019\/02\/dol5-300x200.jpg 300w\" sizes=\"auto, (max-width: 331px) 100vw, 331px\" \/><\/td>\n<\/tr>\n<tr style=\"height: 30px;\">\n<td style=\"width: 25%; height: 30px; text-align: center;\"><strong>Recursos disponibles al CRP<\/strong><\/td>\n<td style=\"width: 25%; height: 30px; text-align: center;\"><strong>Recursos digitals<\/strong><\/td>\n<td style=\"width: 25%; height: 30px; text-align: center;\"><strong>Webs referents<\/strong><\/td>\n<td style=\"height: 30px; text-align: center; width: 25%;\"><strong>Grups d&#8217;acompanyament al dol<\/strong><\/td>\n<\/tr>\n<tr>\n<td style=\"width: 25%; text-align: center;\">\n<p><a href=\"https:\/\/drive.google.com\/file\/d\/1v8BRn2jWvHMLJLH-R8DV1ksSo90Rx9YI\/view?usp=sharing\" target=\"_blank\" rel=\"noopener\">Contes (infantil, prim\u00e0ria i secund\u00e0ria)<\/a><\/p>\n<p><a href=\"https:\/\/docs.google.com\/document\/d\/1A3sb1rrRSpTOQ5QpjxyifywRQedVKbK9JP3Ve4nAxkw\/edit?usp=sharing\" target=\"_blank\" rel=\"noopener noreferrer\">Bibliografia per a professionals<\/a><\/p>\n<p><a href=\"https:\/\/docs.google.com\/document\/d\/19Fs13KuAKutQ7LCJCpBYZA6QOYyaM76ElKytyWHntRM\/edit?usp=sharing\" target=\"_blank\" rel=\"noopener noreferrer\">Pel\u00b7l\u00edcules\u00a0(infantil, prim\u00e0ria i secund\u00e0ria)<\/a><\/p>\n<\/td>\n<td style=\"width: 25%; text-align: center;\">\n<p><a href=\"https:\/\/docs.google.com\/document\/d\/1LKoc9s_89ObahOGhhh7_622rRKnEEPMKHYgwieRok-A\/edit?usp=sharing\" target=\"_blank\" rel=\"noopener noreferrer\">Articles i Llic\u00e8ncies d&#8217;estudi<\/a><\/p>\n<p><a href=\"https:\/\/docs.google.com\/document\/d\/1KsOIslzqPH1DdeVbTJa8oiA4UUx7LMML18-x8juJW-w\/edit?usp=sharing\" target=\"_blank\" rel=\"noopener noreferrer\">Pel\u00b7l\u00edcules<\/a><\/p>\n<p><a href=\"https:\/\/docs.google.com\/document\/d\/1glBOGgqqKw08xWVNABQzm1ysWTUZoVsl6dnFFRBhbfA\/edit?usp=sharing\" target=\"_blank\" rel=\"noopener noreferrer\">Altres recursos<\/a><\/p>\n<p><a href=\"https:\/\/www.siguestu.cat\/pujades\/files\/nov%2021%20cast%281%29.pdf\" target=\"_blank\" rel=\"noopener\">Conte per a moments dif\u00edcils<\/a><\/p>\n<p><a href=\"https:\/\/drive.google.com\/file\/d\/1s-Fo19lzhF6tcogyNUbGkiAXtoN7yiJh\/view?usp=sharing\" target=\"_blank\" rel=\"noopener noreferrer\">V\u00eddeo &#8220;Qu\u00e8 \u00e9s el dol? Consell Catal\u00e0 de Ressuscitaci\u00f3<\/a><\/p>\n<\/td>\n<td style=\"width: 25%; text-align: center;\">\n<p><a href=\"http:\/\/familiaiescola.gencat.cat\/ca\/educar-creixer-en-familia\/com-ajudar-fill\/el-dol\/\">Fam\u00edlia i escola<\/a><span style=\"font-weight: 400;\">\u00a0<\/span><span style=\"font-weight: 400;\">(Generalitat de Catalunya)<\/span><\/p>\n<p><a href=\"http:\/\/www.ceice.gva.es\/documents\/162793785\/165324895\/180215_GUIA_DOL_REICO_PUB_VAL-1.pdf\/964db94d-8589-44cb-8b4e-60253d10cb87\">Guia i orientacions per a l\u2019atenci\u00f3 al dol des dels centres educatius<\/a><span style=\"font-weight: 400;\"> (Generalitat Valenciana)<\/span><\/p>\n<p><a href=\"http:\/\/apliense.xtec.cat\/prestatgeria\/a8019241_614\/llibre\/index.php\">De l\u2019amor i la mort. Pedagogia del dol<\/a>\u00a0<span style=\"font-weight: 400;\">(Mar\u00eda Jos\u00e9 Mallo)<\/span><\/p>\n<p><a href=\"https:\/\/ajuntament.barcelona.cat\/dretssocials\/sites\/default\/files\/arxius-documents\/actuar-situacio-emergencia-social-cuesb.pdf\" target=\"_blank\" rel=\"noopener\">Com actuar en una situaci\u00f3 d&#8217;emerg\u00e8ncia social<\/a><\/p>\n<\/td>\n<td style=\"text-align: center; width: 25%;\"><strong><strong><a href=\"https:\/\/docs.google.com\/document\/d\/1FdBJl6OVUcaU_LzeNBT6Dcb6nLVAm-7VSLtTLFJtouw\/edit?usp=sharing\" target=\"_blank\" rel=\"noopener noreferrer\">Recull de grups d&#8217;acompanyament al dol<\/a><\/strong><\/strong><\/p>\n<p>&nbsp;<\/p>\n<\/td>\n<\/tr>\n<\/tbody>\n<\/table>\n<p>&nbsp;<\/p>\n","protected":false},"excerpt":{"rendered":"<p>Vivim d&#8217;esquena a la mort, quan \u00e9s un fet natural i segur per a tothom, d\u00f3na la sensaci\u00f3 que volem [&hellip;]<\/p>\n","protected":false},"author":15,"featured_media":0,"parent":906,"menu_order":0,"comment_status":"closed","ping_status":"closed","template":"","meta":{"_bbp_topic_count":0,"_bbp_reply_count":0,"_bbp_total_topic_count":0,"_bbp_total_reply_count":0,"_bbp_voice_count":0,"_bbp_anonymous_reply_count":0,"_bbp_topic_count_hidden":0,"_bbp_reply_count_hidden":0,"_bbp_forum_subforum_count":0,"site-sidebar-layout":"default","site-content-layout":"","ast-site-content-layout":"","site-content-style":"default","site-sidebar-style":"default","ast-global-header-display":"","ast-banner-title-visibility":"","ast-main-header-display":"","ast-hfb-above-header-display":"","ast-hfb-below-header-display":"","ast-hfb-mobile-header-display":"","site-post-title":"","ast-breadcrumbs-content":"","ast-featured-img":"","footer-sml-layout":"","theme-transparent-header-meta":"","adv-header-id-meta":"","stick-header-meta":"","header-above-stick-meta":"","header-main-stick-meta":"","header-below-stick-meta":"","astra-migrate-meta-layouts":"default","ast-page-background-enabled":"default","ast-page-background-meta":{"desktop":{"background-color":"var(--ast-global-color-4)","background-image":"","background-repeat":"repeat","background-position":"center center","background-size":"auto","background-attachment":"scroll","background-type":"","background-media":"","overlay-type":"","overlay-color":"","overlay-opacity":"","overlay-gradient":""},"tablet":{"background-color":"","background-image":"","background-repeat":"repeat","background-position":"center center","background-size":"auto","background-attachment":"scroll","background-type":"","background-media":"","overlay-type":"","overlay-color":"","overlay-opacity":"","overlay-gradient":""},"mobile":{"background-color":"","background-image":"","background-repeat":"repeat","background-position":"center center","background-size":"auto","background-attachment":"scroll","background-type":"","background-media":"","overlay-type":"","overlay-color":"","overlay-opacity":"","overlay-gradient":""}},"ast-content-background-meta":{"desktop":{"background-color":"var(--ast-global-color-5)","background-image":"","background-repeat":"repeat","background-position":"center center","background-size":"auto","background-attachment":"scroll","background-type":"","background-media":"","overlay-type":"","overlay-color":"","overlay-opacity":"","overlay-gradient":""},"tablet":{"background-color":"var(--ast-global-color-5)","background-image":"","background-repeat":"repeat","background-position":"center center","background-size":"auto","background-attachment":"scroll","background-type":"","background-media":"","overlay-type":"","overlay-color":"","overlay-opacity":"","overlay-gradient":""},"mobile":{"background-color":"var(--ast-global-color-5)","background-image":"","background-repeat":"repeat","background-position":"center center","background-size":"auto","background-attachment":"scroll","background-type":"","background-media":"","overlay-type":"","overlay-color":"","overlay-opacity":"","overlay-gradient":""}},"footnotes":""},"class_list":["post-10719","page","type-page","status-publish","hentry"],"post_mailing_queue_ids":[],"_links":{"self":[{"href":"https:\/\/serveiseducatius.xtec.cat\/badalona\/wp-json\/wp\/v2\/pages\/10719","targetHints":{"allow":["GET"]}}],"collection":[{"href":"https:\/\/serveiseducatius.xtec.cat\/badalona\/wp-json\/wp\/v2\/pages"}],"about":[{"href":"https:\/\/serveiseducatius.xtec.cat\/badalona\/wp-json\/wp\/v2\/types\/page"}],"author":[{"embeddable":true,"href":"https:\/\/serveiseducatius.xtec.cat\/badalona\/wp-json\/wp\/v2\/users\/15"}],"replies":[{"embeddable":true,"href":"https:\/\/serveiseducatius.xtec.cat\/badalona\/wp-json\/wp\/v2\/comments?post=10719"}],"version-history":[{"count":7,"href":"https:\/\/serveiseducatius.xtec.cat\/badalona\/wp-json\/wp\/v2\/pages\/10719\/revisions"}],"predecessor-version":[{"id":23222,"href":"https:\/\/serveiseducatius.xtec.cat\/badalona\/wp-json\/wp\/v2\/pages\/10719\/revisions\/23222"}],"up":[{"embeddable":true,"href":"https:\/\/serveiseducatius.xtec.cat\/badalona\/wp-json\/wp\/v2\/pages\/906"}],"wp:attachment":[{"href":"https:\/\/serveiseducatius.xtec.cat\/badalona\/wp-json\/wp\/v2\/media?parent=10719"}],"curies":[{"name":"wp","href":"https:\/\/api.w.org\/{rel}","templated":true}]}}