{"id":18644,"date":"2022-03-24T18:01:10","date_gmt":"2022-03-24T17:01:10","guid":{"rendered":"https:\/\/serveiseducatius.xtec.cat\/aribagorca-aran\/?page_id=18644"},"modified":"2022-03-24T18:01:56","modified_gmt":"2022-03-24T17:01:56","slug":"avancem-ensenhament-e-aprendissatge-integrat-des-lengues","status":"publish","type":"page","link":"https:\/\/serveiseducatius.xtec.cat\/aribagorca-aran\/programes-dinnovacion\/avancem-ensenhament-e-aprendissatge-integrat-des-lengues\/","title":{"rendered":"AVANCEM: Ensenhament e Aprendissatge integrat des Leng\u00fces"},"content":{"rendered":"<p>Eth programa d\u2019innovacion pedagogica deth Departament d\u2019Educacion <a href=\"https:\/\/espai.educacio.gencat.cat\/Centres\/Innovacio-pedagogica\/Programes\/Avancem-Ensenyament-Aprenentatge-integrat\/Pagines\/default.aspx\" target=\"_blank\" rel=\"noopener\">Avancem: Ensenhament e Aprendissatge integrat des leng\u00fces<\/a> a coma finalitat dotar ath n\u00f2ste escolanat d\u2019ua compet\u00e9ncia pluriling\u00fce solida qu&#8217;afavorisque\u00a0 eth s\u00f2n creishement academic e posterior insercion laborau. Tanben v\u00f2 fomentar un ensenhament des leng\u00fces competenciau, que s&#8217;inicie a compdar deth consens e era cooperacion entre eth professorat de lengua e que prom\u00f2igue eth dessenh de proj\u00e8ctes d\u2019aula en qu\u00e9 participen dispari\u00e8res leng\u00fces.<\/p>\n<p><a href=\"http:\/\/xtec.gencat.cat\/ca\/innovacio\/programes_innovacio\/educacio-infantil-i-primaria\/avancem\/\" target=\"_blank\" rel=\"noopener\">M\u00c8S INFORMACION<\/a><\/p>\n<p>&nbsp;<\/p>\n<p><a href=\"https:\/\/serveiseducatius.xtec.cat\/aribagorca-aran\/wp-content\/uploads\/usu1143\/2022\/03\/Screenshot_57.png\"><img loading=\"lazy\" decoding=\"async\" class=\" wp-image-18645 alignleft\" src=\"https:\/\/serveiseducatius.xtec.cat\/aribagorca-aran\/wp-content\/uploads\/usu1143\/2022\/03\/Screenshot_57-300x139.png\" alt=\"\" width=\"253\" height=\"117\" srcset=\"https:\/\/serveiseducatius.xtec.cat\/aribagorca-aran\/wp-content\/uploads\/usu1143\/2022\/03\/Screenshot_57-300x139.png 300w, https:\/\/serveiseducatius.xtec.cat\/aribagorca-aran\/wp-content\/uploads\/usu1143\/2022\/03\/Screenshot_57.png 412w\" sizes=\"auto, (max-width: 253px) 100vw, 253px\" \/><\/a><\/p>\n","protected":false},"excerpt":{"rendered":"<p>Eth programa d\u2019innovacion pedagogica deth Departament d\u2019Educacion <a href=\"https:\/\/espai.educacio.gencat.cat\/Centres\/Innovacio-pedagogica\/Programes\/Avancem-Ensenyament-Aprenentatge-integrat\/Pagines\/default.aspx\" target=\"_blank\" rel=\"noopener\">Avancem: Ensenhament e Aprendissatge integrat des leng\u00fces<\/a> a coma finalitat dotar ath n\u00f2ste escolanat d\u2019ua compet\u00e9ncia pluriling\u00fce solida qu&#8217;afavorisque\u00a0 eth s\u00f2n creishement academic e posterior insercion laborau. Tanben v\u00f2 fomentar un ensenhament des leng\u00fces competenciau,&hellip;  <a href=\"https:\/\/serveiseducatius.xtec.cat\/aribagorca-aran\/programes-dinnovacion\/avancem-ensenhament-e-aprendissatge-integrat-des-lengues\/\" title=\"Read AVANCEM: Ensenhament e Aprendissatge integrat des Leng\u00fces\">Llegeix m\u00e9s\u00bb<\/a><\/p>\n","protected":false},"author":1,"featured_media":0,"parent":18631,"menu_order":0,"comment_status":"closed","ping_status":"closed","template":"","meta":{"_bbp_topic_count":0,"_bbp_reply_count":0,"_bbp_total_topic_count":0,"_bbp_total_reply_count":0,"_bbp_voice_count":0,"_bbp_anonymous_reply_count":0,"_bbp_topic_count_hidden":0,"_bbp_reply_count_hidden":0,"_bbp_forum_subforum_count":0,"footnotes":""},"class_list":["post-18644","page","type-page","status-publish","hentry"],"post_mailing_queue_ids":[],"_links":{"self":[{"href":"https:\/\/serveiseducatius.xtec.cat\/aribagorca-aran\/wp-json\/wp\/v2\/pages\/18644","targetHints":{"allow":["GET"]}}],"collection":[{"href":"https:\/\/serveiseducatius.xtec.cat\/aribagorca-aran\/wp-json\/wp\/v2\/pages"}],"about":[{"href":"https:\/\/serveiseducatius.xtec.cat\/aribagorca-aran\/wp-json\/wp\/v2\/types\/page"}],"author":[{"embeddable":true,"href":"https:\/\/serveiseducatius.xtec.cat\/aribagorca-aran\/wp-json\/wp\/v2\/users\/1"}],"replies":[{"embeddable":true,"href":"https:\/\/serveiseducatius.xtec.cat\/aribagorca-aran\/wp-json\/wp\/v2\/comments?post=18644"}],"version-history":[{"count":3,"href":"https:\/\/serveiseducatius.xtec.cat\/aribagorca-aran\/wp-json\/wp\/v2\/pages\/18644\/revisions"}],"predecessor-version":[{"id":18648,"href":"https:\/\/serveiseducatius.xtec.cat\/aribagorca-aran\/wp-json\/wp\/v2\/pages\/18644\/revisions\/18648"}],"up":[{"embeddable":true,"href":"https:\/\/serveiseducatius.xtec.cat\/aribagorca-aran\/wp-json\/wp\/v2\/pages\/18631"}],"wp:attachment":[{"href":"https:\/\/serveiseducatius.xtec.cat\/aribagorca-aran\/wp-json\/wp\/v2\/media?parent=18644"}],"curies":[{"name":"wp","href":"https:\/\/api.w.org\/{rel}","templated":true}]}}