{"id":17353,"date":"2020-12-17T11:08:52","date_gmt":"2020-12-17T10:08:52","guid":{"rendered":"http:\/\/serveiseducatius.xtec.cat\/aribagorca-aran\/?page_id=17353"},"modified":"2021-07-14T13:44:24","modified_gmt":"2021-07-14T11:44:24","slug":"coma-trabalhar-era-ploja-didees-en-aprenedissatge-basat-en-problemes","status":"publish","type":"page","link":"https:\/\/serveiseducatius.xtec.cat\/aribagorca-aran\/coma-trabalhar-era-ploja-didees-en-aprenedissatge-basat-en-problemes\/","title":{"rendered":"Coma trabalhar era ploja d&#8217;id\u00e8es en aprenedissatge basat en probl\u00e8mes"},"content":{"rendered":"<p><a href=\"https:\/\/serveiseducatius.xtec.cat\/aribagorca-aran\/wp-content\/uploads\/usu1143\/2020\/12\/unnamed.jpg\"><img loading=\"lazy\" decoding=\"async\" class=\"size-medium wp-image-17355 alignleft\" src=\"https:\/\/serveiseducatius.xtec.cat\/aribagorca-aran\/wp-content\/uploads\/usu1143\/2020\/12\/unnamed-300x160.jpg\" alt=\"\" width=\"300\" height=\"160\" srcset=\"https:\/\/serveiseducatius.xtec.cat\/aribagorca-aran\/wp-content\/uploads\/usu1143\/2020\/12\/unnamed-300x160.jpg 300w, https:\/\/serveiseducatius.xtec.cat\/aribagorca-aran\/wp-content\/uploads\/usu1143\/2020\/12\/unnamed.jpg 500w\" sizes=\"auto, (max-width: 300px) 100vw, 300px\" \/><\/a><\/p>\n<p>&nbsp;<\/p>\n<p>Ent\u00e0 guidar eth proc\u00e9s dera ploja d&#8217;id\u00e8es e obt\u00eder informacions t\u00e0 possibles solucions ara situacion plantejada caler\u00e0 qu&#8217;eth proc\u00e9s complisque es passi que seguissen:<\/p>\n<p>&nbsp;<\/p>\n<ul>\n<li style=\"list-style-type: none;\">\n<ul>\n<li style=\"list-style-type: none;\">\n<ul>\n<li style=\"list-style-type: none;\">\n<ul>\n<li style=\"list-style-type: none;\">\n<ul>\n<li style=\"list-style-type: none;\">\n<ul>\n<li style=\"list-style-type: none;\">\n<ul>\n<li style=\"list-style-type: none;\">\n<ul>\n<li style=\"list-style-type: none;\">\n<ul>\n<li style=\"list-style-type: none;\">\n<ul>\n<li style=\"list-style-type: none;\">\n<ul>\n<li style=\"list-style-type: none;\">\n<ul>\n<li style=\"list-style-type: none;\">\n<ul>\n<li style=\"list-style-type: none;\">\n<ul>\n<li style=\"list-style-type: none;\">\n<ul>\n<li style=\"list-style-type: none;\">\n<ul>\n<li style=\"list-style-type: none;\">\n<ul>\n<li>Atier era diversitat deth grop.<\/li>\n<li>Non alongar m\u00e8s de 20 menutes eth proc\u00e9s<\/li>\n<li>Sajar de dar votz a totes es persones participaires en tot evitar es comportaments dominants<\/li>\n<li>Balhar es directrius clares de cont\u00e8xte e es objectius que volem art\u00e9nher<\/li>\n<li>Descartar rapidament es prepauses non restacades ara tematica<\/li>\n<li>Aufrir un espaci t\u00e0s opinons anonimes, damb formularis per exemple.<\/li>\n<li>Estructurar es idies obtengudes<\/li>\n<li>Jogar damb es paraules<\/li>\n<li>Bracar granes idies en d&#8217;autes m\u00e8s simples<\/li>\n<li>Auer sup\u00f2rt de pap\u00e8r o ben ua superficie ent\u00e0 exprimir per miei de diboishi o ben grafics<\/li>\n<\/ul>\n<\/li>\n<\/ul>\n<\/li>\n<\/ul>\n<\/li>\n<\/ul>\n<\/li>\n<\/ul>\n<\/li>\n<\/ul>\n<\/li>\n<\/ul>\n<\/li>\n<\/ul>\n<\/li>\n<\/ul>\n<\/li>\n<\/ul>\n<\/li>\n<\/ul>\n<\/li>\n<\/ul>\n<\/li>\n<\/ul>\n<\/li>\n<\/ul>\n<\/li>\n<\/ul>\n<\/li>\n<\/ul>\n<\/li>\n<\/ul>\n<p>&nbsp;<\/p>\n<p><a href=\"https:\/\/serveiseducatius.xtec.cat\/aribagorca-aran\/wp-content\/uploads\/usu1143\/2020\/12\/images.jpg\"><img loading=\"lazy\" decoding=\"async\" class=\" wp-image-17356 alignleft\" src=\"https:\/\/serveiseducatius.xtec.cat\/aribagorca-aran\/wp-content\/uploads\/usu1143\/2020\/12\/images-300x137.jpg\" alt=\"\" width=\"322\" height=\"147\" srcset=\"https:\/\/serveiseducatius.xtec.cat\/aribagorca-aran\/wp-content\/uploads\/usu1143\/2020\/12\/images-300x137.jpg 300w, https:\/\/serveiseducatius.xtec.cat\/aribagorca-aran\/wp-content\/uploads\/usu1143\/2020\/12\/images.jpg 332w\" sizes=\"auto, (max-width: 322px) 100vw, 322px\" \/><\/a><\/p>\n<p>&nbsp;<\/p>\n<p>&nbsp;<\/p>\n<p>&nbsp;<\/p>\n<p>Quauques airines que p\u00f2den facilitar eth proc\u00e9s dera ploja d&#8217;id\u00e8es son:<\/p>\n<ul>\n<li style=\"list-style-type: none;\">\n<ul>\n<li style=\"list-style-type: none;\">\n<ul>\n<li style=\"list-style-type: none;\">\n<ul>\n<li style=\"list-style-type: none;\">\n<ul>\n<li style=\"list-style-type: none;\">\n<ul>\n<li style=\"list-style-type: none;\">\n<ul>\n<li style=\"list-style-type: none;\">\n<ul>\n<li style=\"list-style-type: none;\">\n<ul>\n<li style=\"list-style-type: none;\">\n<ul>\n<li style=\"list-style-type: none;\">\n<ul>\n<li style=\"list-style-type: none;\">\n<ul>\n<li style=\"list-style-type: none;\">\n<ul>\n<li style=\"list-style-type: none;\">\n<ul>\n<li style=\"list-style-type: none;\">\n<ul>\n<li style=\"list-style-type: none;\">\n<ul>\n<li style=\"list-style-type: none;\">\n<ul>\n<li style=\"list-style-type: none;\">\n<ul>\n<li><a href=\"https:\/\/www.wisemapping.com\/\">WiseMapping<\/a>: Ent\u00e0 h\u00e8r mapes damb imatges dera ploja d&#8217;id\u00e8es.<\/li>\n<li><a href=\"https:\/\/coggle.it\/?lang=es\">Coggle<\/a>: Ua eirina ent\u00e0 crear mapes mentaus e exportar era informacion en pdf.<\/li>\n<li><a href=\"https:\/\/ideaboardz.com\/\">IdeaBoardz<\/a>: Ent\u00e0 crear taul\u00e8us d&#8217;id\u00e8es se non mos podem trapar presenciaument.<\/li>\n<li><a href=\"https:\/\/www.lucidchart.com\/pages\/es\/landing?utm_source=google&amp;utm_medium=cpc&amp;utm_campaign=es_mexico_desktop_branded_x_exact_lucidchart&amp;km_CPC_CampaignId=1487565747&amp;km_CPC_AdGroupID=56488588774&amp;km_CPC_Keyword=lucidchart&amp;km_CPC_MatchType=e&amp;km_CPC_ExtensionID=&amp;km_CPC_Network=g&amp;km_CPC_AdPosition=&amp;km_CPC_Creative=284415987027&amp;km_CPC_TargetID=kwd-33511936169&amp;km_CPC_Country=9047086&amp;km_CPC_Device=c&amp;km_CPC_placement=&amp;km_CPC_target=&amp;mkwid=sHjHh1cCF_pcrid_284415987027_pkw_lucidchart_pmt_e_pdv_c_slid__pgrid_56488588774_ptaid_kwd-33511936169_&amp;gclid=EAIaIQobChMI-fO1_Pqw7QIVD77ACh1v4wUSEAAYASAAEgK8YfD_BwE\">Lucidchart<\/a>: desvolope mapes mentaus on line sense h\u00e8 cap installacion, se p\u00f2den crear linhes de temps, diagrames de processi, eca.<\/li>\n<li><a href=\"https:\/\/es.diytoolkit.org\/tools\/fast-idea-generator-2\/\">Generador de id\u00e8es rapides<\/a>: Per s&#8217;en un moment non auem inspiracion o manquen es idies.<\/li>\n<li><a href=\"https:\/\/www.mindgenius.com\/\">MindGenius<\/a>: ei ua airina de mapes conceptuaus ent\u00e0 balhar dinamisme as sessions on line a on cadun p\u00f2t h\u00e8r es sues aportacions restacades damb un conc\u00e8pte o ben tematica.<\/li>\n<\/ul>\n<\/li>\n<\/ul>\n<\/li>\n<\/ul>\n<\/li>\n<\/ul>\n<\/li>\n<\/ul>\n<\/li>\n<\/ul>\n<\/li>\n<\/ul>\n<\/li>\n<\/ul>\n<\/li>\n<\/ul>\n<\/li>\n<\/ul>\n<\/li>\n<\/ul>\n<\/li>\n<\/ul>\n<\/li>\n<\/ul>\n<\/li>\n<\/ul>\n<\/li>\n<\/ul>\n<\/li>\n<\/ul>\n<\/li>\n<\/ul>\n<\/li>\n<\/ul>\n","protected":false},"excerpt":{"rendered":"<p><a href=\"https:\/\/serveiseducatius.xtec.cat\/aribagorca-aran\/wp-content\/uploads\/usu1143\/2020\/12\/unnamed.jpg\"><\/a><br \/>\n&nbsp;<br \/>\nEnt\u00e0 guidar eth proc\u00e9s dera ploja d&#8217;id\u00e8es e obt\u00eder informacions t\u00e0 possibles solucions ara situacion plantejada caler\u00e0 qu&#8217;eth proc\u00e9s complisque es passi que seguissen:<br \/>\n&nbsp;<\/p>\n<ul>\n<li style=\"list-style-type: none;\">\n<ul>\n<li style=\"list-style-type: none;\">\n<ul>\n<li style=\"list-style-type: none;\">\n<ul>\n<li style=\"list-style-type: none;\">\n<ul>\n<li style=\"list-style-type: none;\">\n<ul>\n<li style=\"list-style-type: none;\">\n<ul>\n<li style=\"list-style-type: none;\">\n<ul>\n<li style=\"list-style-type: none;\">\n<ul>\n<li style=\"list-style-type: none;\">\n<ul>\n<li style=\"list-style-type: none;\">\n<ul>\n<li&hellip;  <a href=\"https:\/\/serveiseducatius.xtec.cat\/aribagorca-aran\/coma-trabalhar-era-ploja-didees-en-aprenedissatge-basat-en-problemes\/\" title=\"Read Coma trabalhar era ploja d&#8217;id\u00e8es en aprenedissatge basat en probl\u00e8mes\">Llegeix m\u00e9s\u00bb<\/a><\/p>\n","protected":false},"author":1,"featured_media":0,"parent":0,"menu_order":0,"comment_status":"closed","ping_status":"closed","template":"","meta":{"_bbp_topic_count":0,"_bbp_reply_count":0,"_bbp_total_topic_count":0,"_bbp_total_reply_count":0,"_bbp_voice_count":0,"_bbp_anonymous_reply_count":0,"_bbp_topic_count_hidden":0,"_bbp_reply_count_hidden":0,"_bbp_forum_subforum_count":0,"footnotes":""},"class_list":["post-17353","page","type-page","status-publish","hentry"],"post_mailing_queue_ids":[],"_links":{"self":[{"href":"https:\/\/serveiseducatius.xtec.cat\/aribagorca-aran\/wp-json\/wp\/v2\/pages\/17353","targetHints":{"allow":["GET"]}}],"collection":[{"href":"https:\/\/serveiseducatius.xtec.cat\/aribagorca-aran\/wp-json\/wp\/v2\/pages"}],"about":[{"href":"https:\/\/serveiseducatius.xtec.cat\/aribagorca-aran\/wp-json\/wp\/v2\/types\/page"}],"author":[{"embeddable":true,"href":"https:\/\/serveiseducatius.xtec.cat\/aribagorca-aran\/wp-json\/wp\/v2\/users\/1"}],"replies":[{"embeddable":true,"href":"https:\/\/serveiseducatius.xtec.cat\/aribagorca-aran\/wp-json\/wp\/v2\/comments?post=17353"}],"version-history":[{"count":3,"href":"https:\/\/serveiseducatius.xtec.cat\/aribagorca-aran\/wp-json\/wp\/v2\/pages\/17353\/revisions"}],"predecessor-version":[{"id":18200,"href":"https:\/\/serveiseducatius.xtec.cat\/aribagorca-aran\/wp-json\/wp\/v2\/pages\/17353\/revisions\/18200"}],"wp:attachment":[{"href":"https:\/\/serveiseducatius.xtec.cat\/aribagorca-aran\/wp-json\/wp\/v2\/media?parent=17353"}],"curies":[{"name":"wp","href":"https:\/\/api.w.org\/{rel}","templated":true}]}}