{"id":8934,"date":"2024-11-04T09:03:39","date_gmt":"2024-11-04T08:03:39","guid":{"rendered":"https:\/\/serveiseducatius.xtec.cat\/apa\/?page_id=8934"},"modified":"2025-11-26T14:09:30","modified_gmt":"2025-11-26T13:09:30","slug":"pirineu-educa","status":"publish","type":"page","link":"https:\/\/serveiseducatius.xtec.cat\/apa\/pirineu-educa\/","title":{"rendered":"Pirineu Educa"},"content":{"rendered":"<div><\/div>\n<div>\n<p>Pirineu educa \u00e9s un espai on recollir totes les propostes educatives espec\u00edfiques de l&#8217;\u00e0mbit del Pirineu amb una proposta did\u00e0ctica clara per generar vincle i coneixen\u00e7a de l&#8217;entorn m\u00e9s proper als nostres infants.<\/p>\n<p>&nbsp;<\/p>\n<\/div>\n<p><iframe loading=\"lazy\" title=\"El Conjunt Rom\u00e0nic de la Vall de Bo\u00ed (V\u00eddeo Complet)\" width=\"500\" height=\"281\" src=\"https:\/\/www.youtube.com\/embed\/FLYvC7eiKT4?feature=oembed\" frameborder=\"0\" allow=\"accelerometer; autoplay; clipboard-write; encrypted-media; gyroscope; picture-in-picture; web-share\" referrerpolicy=\"strict-origin-when-cross-origin\" allowfullscreen><\/iframe><\/p>\n<p>&nbsp;<\/p>\n<p><iframe loading=\"lazy\" title=\"LA BRAMA DEL C\u00c9RVOL, L&#039;ESPECTACLE SONOR DEL BOSC DE TARDOR\" width=\"500\" height=\"281\" src=\"https:\/\/www.youtube.com\/embed\/np3yRKmb4QU?feature=oembed\" frameborder=\"0\" allow=\"accelerometer; autoplay; clipboard-write; encrypted-media; gyroscope; picture-in-picture; web-share\" referrerpolicy=\"strict-origin-when-cross-origin\" allowfullscreen><\/iframe><\/p>\n<p><iframe loading=\"lazy\" title=\"Un recorregut meteorol\u00f2gic anual pel Parc natural del Cad\u00ed-Moixer\u00f3\" width=\"500\" height=\"281\" src=\"https:\/\/www.youtube.com\/embed\/Ho7ZSMpRg_Y?feature=oembed\" frameborder=\"0\" allow=\"accelerometer; autoplay; clipboard-write; encrypted-media; gyroscope; picture-in-picture; web-share\" referrerpolicy=\"strict-origin-when-cross-origin\" allowfullscreen><\/iframe><\/p>\n<p>&nbsp;<\/p>\n<p><iframe loading=\"lazy\" title=\"Explora el Para\u00edso Natural de Aig\u00fcestortes i Estany de Sant Maurici  #vidatv #naturaleza\" width=\"500\" height=\"281\" src=\"https:\/\/www.youtube.com\/embed\/q1CpMoLy4E8?feature=oembed\" frameborder=\"0\" allow=\"accelerometer; autoplay; clipboard-write; encrypted-media; gyroscope; picture-in-picture; web-share\" referrerpolicy=\"strict-origin-when-cross-origin\" allowfullscreen><\/iframe><\/p>\n<p>&nbsp;<\/p>\n<p>&nbsp;<\/p>\n<p><iframe loading=\"lazy\" title=\"DOCUMENTAL 20 anys del Parc Natural de l&#039;Alt Pirineu\" width=\"500\" height=\"281\" src=\"https:\/\/www.youtube.com\/embed\/IPJzS9KDgdo?feature=oembed\" frameborder=\"0\" allow=\"accelerometer; autoplay; clipboard-write; encrypted-media; gyroscope; picture-in-picture; web-share\" referrerpolicy=\"strict-origin-when-cross-origin\" allowfullscreen><\/iframe><\/p>\n<p>&nbsp;<\/p>\n<p>&nbsp;<\/p>\n<p>&nbsp;<\/p>\n<p><iframe loading=\"lazy\" title=\"Escola Agr\u00e0ria del Pirineu, un centre formatiu al m\u00f3n rural i pel m\u00f3n rural\" width=\"500\" height=\"281\" src=\"https:\/\/www.youtube.com\/embed\/VYllKYs60SQ?feature=oembed\" frameborder=\"0\" allow=\"accelerometer; autoplay; clipboard-write; encrypted-media; gyroscope; picture-in-picture; web-share\" referrerpolicy=\"strict-origin-when-cross-origin\" allowfullscreen><\/iframe><\/p>\n<p>&nbsp;<\/p>\n<p><iframe loading=\"lazy\" title=\"Els \u00faltims dinosaures d\u2019Europa\" width=\"500\" height=\"281\" src=\"https:\/\/www.youtube.com\/embed\/MXft6mRQKO8?feature=oembed\" frameborder=\"0\" allow=\"accelerometer; autoplay; clipboard-write; encrypted-media; gyroscope; picture-in-picture; web-share\" referrerpolicy=\"strict-origin-when-cross-origin\" allowfullscreen><\/iframe><\/p>\n<p>&nbsp;<\/p>\n<p>&nbsp;<\/p>\n<p><iframe loading=\"lazy\" title=\"Temporada de la brama del c\u00e9rvol a la reserva de Boumort\" width=\"500\" height=\"281\" src=\"https:\/\/www.youtube.com\/embed\/6MUEz47YwKo?feature=oembed\" frameborder=\"0\" allow=\"accelerometer; autoplay; clipboard-write; encrypted-media; gyroscope; picture-in-picture; web-share\" referrerpolicy=\"strict-origin-when-cross-origin\" allowfullscreen><\/iframe><\/p>\n<div><a href=\"https:\/\/www.youtube.com\/watch?v=aQxmgKooIyQ\" target=\"_blank\" rel=\"noopener\" data-saferedirecturl=\"https:\/\/www.google.com\/url?q=https:\/\/www.youtube.com\/watch?v%3DaQxmgKooIyQ&amp;source=gmail&amp;ust=1730793441678000&amp;usg=AOvVaw3Vtfw6Una9_PFNxH027GM9\">https:\/\/www.youtube.com\/watch?<wbr \/>v=aQxmgKooIyQ<\/a><\/div>\n<div><\/div>\n<div><\/div>\n<div><\/div>\n<div><\/div>\n<div><\/div>\n<p><iframe loading=\"lazy\" title=\"La Maleta de l'Ossa\" src=\"https:\/\/www.youtube.com\/embed\/aQxmgKooIyQ\" width=\"1250\" height=\"703\" frameborder=\"0\" allowfullscreen=\"allowfullscreen\"><\/iframe><\/p>\n","protected":false},"excerpt":{"rendered":"<p>Pirineu educa \u00e9s un espai on recollir totes les propostes educatives espec\u00edfiques de l&#8217;\u00e0mbit del Pirineu amb una proposta did\u00e0ctica clara per generar vincle i coneixen\u00e7a de l&#8217;entorn m\u00e9s proper als nostres infants.<br \/>\n&nbsp;<\/p>\n<p>&nbsp;<\/p>\n<p>&nbsp;<\/p>\n<p>&nbsp;<br \/>\n&nbsp;<\/p>\n<p>&nbsp;<br \/>\n&nbsp;<br \/>\n&nbsp;<\/p>\n<p>&nbsp;<\/p>\n<p>&nbsp;<br \/>\n&nbsp;<\/p>\n<p><a href=\"https:\/\/www.youtube.com\/watch?v=aQxmgKooIyQ\" target=\"_blank\" rel=\"noopener\" data-saferedirecturl=\"https:\/\/www.google.com\/url?q=https:\/\/www.youtube.com\/watch?v%3DaQxmgKooIyQ&amp;source=gmail&amp;ust=1730793441678000&amp;usg=AOvVaw3Vtfw6Una9_PFNxH027GM9\">https:\/\/www.youtube.com\/watch?v=aQxmgKooIyQ<\/a><\/p>\n","protected":false},"author":3,"featured_media":0,"parent":0,"menu_order":0,"comment_status":"closed","ping_status":"closed","template":"","meta":{"_bbp_topic_count":0,"_bbp_reply_count":0,"_bbp_total_topic_count":0,"_bbp_total_reply_count":0,"_bbp_voice_count":0,"_bbp_anonymous_reply_count":0,"_bbp_topic_count_hidden":0,"_bbp_reply_count_hidden":0,"_bbp_forum_subforum_count":0,"footnotes":""},"class_list":["post-8934","page","type-page","status-publish","hentry"],"post_mailing_queue_ids":[],"_links":{"self":[{"href":"https:\/\/serveiseducatius.xtec.cat\/apa\/wp-json\/wp\/v2\/pages\/8934","targetHints":{"allow":["GET"]}}],"collection":[{"href":"https:\/\/serveiseducatius.xtec.cat\/apa\/wp-json\/wp\/v2\/pages"}],"about":[{"href":"https:\/\/serveiseducatius.xtec.cat\/apa\/wp-json\/wp\/v2\/types\/page"}],"author":[{"embeddable":true,"href":"https:\/\/serveiseducatius.xtec.cat\/apa\/wp-json\/wp\/v2\/users\/3"}],"replies":[{"embeddable":true,"href":"https:\/\/serveiseducatius.xtec.cat\/apa\/wp-json\/wp\/v2\/comments?post=8934"}],"version-history":[{"count":6,"href":"https:\/\/serveiseducatius.xtec.cat\/apa\/wp-json\/wp\/v2\/pages\/8934\/revisions"}],"predecessor-version":[{"id":10690,"href":"https:\/\/serveiseducatius.xtec.cat\/apa\/wp-json\/wp\/v2\/pages\/8934\/revisions\/10690"}],"wp:attachment":[{"href":"https:\/\/serveiseducatius.xtec.cat\/apa\/wp-json\/wp\/v2\/media?parent=8934"}],"curies":[{"name":"wp","href":"https:\/\/api.w.org\/{rel}","templated":true}]}}