{"id":8738,"date":"2024-07-09T13:40:22","date_gmt":"2024-07-09T11:40:22","guid":{"rendered":"https:\/\/serveiseducatius.xtec.cat\/apa\/?page_id=8738"},"modified":"2024-07-09T13:40:22","modified_gmt":"2024-07-09T11:40:22","slug":"florence","status":"publish","type":"page","link":"https:\/\/serveiseducatius.xtec.cat\/apa\/programes\/florence\/","title":{"rendered":"Florence"},"content":{"rendered":"<p>El Programa Florence t\u00e9 com a objectiu millorar la compet\u00e8ncia matem\u00e0tica dels nostres<br \/>\nalumnes.<br \/>\nEls resultats de les diferents proves d&#8217;avaluaci\u00f3 que s&#8217;han dut a terme a Catalunya<br \/>\n\u2014compet\u00e8ncies b\u00e0siques de 6\u00e8 de prim\u00e0ria i de 4t d\u2019ESO,\u00a0i proves internacionals PISA\u2014<br \/>\nmostren un descens significatiu, especialment en el rendiment en\u00a0compet\u00e8ncia matem\u00e0tica\u00a0de<br \/>\nl&#8217;alumnat. En aquesta \u00e0rea, s&#8217;evidencia que l\u2019alumnat catal\u00e0 t\u00e9 dificultats d&#8217;aprenentatge en els<br \/>\nproblemes de connexions i reflexi\u00f3, en deducci\u00f3 i raonament; especialment en fraccions,<br \/>\npercentatges, proporcions i geometria de l&#8217;espai.<br \/>\nAquesta caiguda \u00e9s generalitzada i afecta la majoria de pa\u00efsos on s&#8217;han fet les proves. Fets com<br \/>\nla pand\u00e8mia de la covid-19 hi han tingut a veure, per\u00f2 hi ha altres causes estructurals que cal<br \/>\natendre.<br \/>\nSi b\u00e9 les darreres proves de compet\u00e8ncies b\u00e0siques que ha fet el Consell Superior d&#8217;Avaluaci\u00f3<br \/>\nde Catalunya mostren un cert canvi de la tend\u00e8ncia a la baixa d&#8217;;anys anteriors, cal una<br \/>\nintervenci\u00f3 decidida en el conjunt del sistema educatiu. El Programa Florence s&#8217;emmarca en<br \/>\naquest pla de millora competencial.<\/p>\n<p>Per a m\u00e9s informaci\u00f3: <a href=\"https:\/\/educacio.gencat.cat\/ca\/departament\/linies-estrategiques\/programaflorence\/\">https:\/\/educacio.gencat.cat\/ca\/departament\/linies-estrategiques\/programaflorence\/<\/a><\/p>\n<p><a href=\"https:\/\/serveiseducatius.xtec.cat\/apa\/wp-content\/uploads\/usu2951\/2024\/07\/imatge-Florence.png\"><img loading=\"lazy\" decoding=\"async\" class=\"alignnone size-full wp-image-8739\" src=\"https:\/\/serveiseducatius.xtec.cat\/apa\/wp-content\/uploads\/usu2951\/2024\/07\/imatge-Florence.png\" alt=\"\" width=\"538\" height=\"538\" srcset=\"https:\/\/serveiseducatius.xtec.cat\/apa\/wp-content\/uploads\/usu2951\/2024\/07\/imatge-Florence.png 538w, https:\/\/serveiseducatius.xtec.cat\/apa\/wp-content\/uploads\/usu2951\/2024\/07\/imatge-Florence-300x300.png 300w, https:\/\/serveiseducatius.xtec.cat\/apa\/wp-content\/uploads\/usu2951\/2024\/07\/imatge-Florence-150x150.png 150w\" sizes=\"auto, (max-width: 538px) 100vw, 538px\" \/><\/a><\/p>\n<p>&nbsp;<\/p>\n","protected":false},"excerpt":{"rendered":"<p>El Programa Florence t\u00e9 com a objectiu millorar la compet\u00e8ncia matem\u00e0tica dels nostres<br \/>\nalumnes.<br \/>\nEls resultats de les diferents proves d&#8217;avaluaci\u00f3 que s&#8217;han dut a terme a Catalunya<br \/>\n\u2014compet\u00e8ncies b\u00e0siques de 6\u00e8 de prim\u00e0ria i de 4t d\u2019ESO,\u00a0i proves internacionals PISA\u2014<br \/>\nmostren un descens significatiu, especialment en el rendiment&hellip;  <a href=\"https:\/\/serveiseducatius.xtec.cat\/apa\/programes\/florence\/\" title=\"Read Florence\">Llegeix m\u00e9s\u00bb<\/a><\/p>\n","protected":false},"author":3,"featured_media":0,"parent":8585,"menu_order":0,"comment_status":"closed","ping_status":"closed","template":"page-templates\/side-menu.php","meta":{"_bbp_topic_count":0,"_bbp_reply_count":0,"_bbp_total_topic_count":0,"_bbp_total_reply_count":0,"_bbp_voice_count":0,"_bbp_anonymous_reply_count":0,"_bbp_topic_count_hidden":0,"_bbp_reply_count_hidden":0,"_bbp_forum_subforum_count":0,"footnotes":""},"class_list":["post-8738","page","type-page","status-publish","hentry"],"post_mailing_queue_ids":[],"_links":{"self":[{"href":"https:\/\/serveiseducatius.xtec.cat\/apa\/wp-json\/wp\/v2\/pages\/8738","targetHints":{"allow":["GET"]}}],"collection":[{"href":"https:\/\/serveiseducatius.xtec.cat\/apa\/wp-json\/wp\/v2\/pages"}],"about":[{"href":"https:\/\/serveiseducatius.xtec.cat\/apa\/wp-json\/wp\/v2\/types\/page"}],"author":[{"embeddable":true,"href":"https:\/\/serveiseducatius.xtec.cat\/apa\/wp-json\/wp\/v2\/users\/3"}],"replies":[{"embeddable":true,"href":"https:\/\/serveiseducatius.xtec.cat\/apa\/wp-json\/wp\/v2\/comments?post=8738"}],"version-history":[{"count":1,"href":"https:\/\/serveiseducatius.xtec.cat\/apa\/wp-json\/wp\/v2\/pages\/8738\/revisions"}],"predecessor-version":[{"id":8740,"href":"https:\/\/serveiseducatius.xtec.cat\/apa\/wp-json\/wp\/v2\/pages\/8738\/revisions\/8740"}],"up":[{"embeddable":true,"href":"https:\/\/serveiseducatius.xtec.cat\/apa\/wp-json\/wp\/v2\/pages\/8585"}],"wp:attachment":[{"href":"https:\/\/serveiseducatius.xtec.cat\/apa\/wp-json\/wp\/v2\/media?parent=8738"}],"curies":[{"name":"wp","href":"https:\/\/api.w.org\/{rel}","templated":true}]}}

<p>El Programa Florence té com a objectiu millorar la competència matemàtica dels nostres<br />
alumnes.<br />
Els resultats de les diferents proves d&#8217;avaluació que s&#8217;han dut a terme a Catalunya<br />
—competències bàsiques de 6è de primària i de 4t d’ESO, i proves internacionals PISA—<br />
mostren un descens significatiu, especialment en el rendiment en competència matemàtica de<br />
l&#8217;alumnat. En aquesta àrea, s&#8217;evidencia que l’alumnat català té dificultats d&#8217;aprenentatge en els<br />
problemes de connexions i reflexió, en deducció i raonament; especialment en fraccions,<br />
percentatges, proporcions i geometria de l&#8217;espai.<br />
Aquesta caiguda és generalitzada i afecta la majoria de països on s&#8217;han fet les proves. Fets com<br />
la pandèmia de la covid-19 hi han tingut a veure, però hi ha altres causes estructurals que cal<br />
atendre.<br />
Si bé les darreres proves de competències bàsiques que ha fet el Consell Superior d&#8217;Avaluació<br />
de Catalunya mostren un cert canvi de la tendència a la baixa d&#8217;;anys anteriors, cal una<br />
intervenció decidida en el conjunt del sistema educatiu. El Programa Florence s&#8217;emmarca en<br />
aquest pla de millora competencial.</p>
<p>Per a més informació: <a href="https://educacio.gencat.cat/ca/departament/linies-estrategiques/programaflorence/">https://educacio.gencat.cat/ca/departament/linies-estrategiques/programaflorence/</a></p>
<p><a href="https://serveiseducatius.xtec.cat/apa/wp-content/uploads/usu2951/2024/07/imatge-Florence.png"><img loading="lazy" decoding="async" class="alignnone size-full wp-image-8739" src="https://serveiseducatius.xtec.cat/apa/wp-content/uploads/usu2951/2024/07/imatge-Florence.png" alt="" width="538" height="538" srcset="https://serveiseducatius.xtec.cat/apa/wp-content/uploads/usu2951/2024/07/imatge-Florence.png 538w, https://serveiseducatius.xtec.cat/apa/wp-content/uploads/usu2951/2024/07/imatge-Florence-300x300.png 300w, https://serveiseducatius.xtec.cat/apa/wp-content/uploads/usu2951/2024/07/imatge-Florence-150x150.png 150w" sizes="auto, (max-width: 538px) 100vw, 538px" /></a></p>
<p>&nbsp;</p>

<p>El Programa Florence té com a objectiu millorar la competència matemàtica dels nostres<br />
alumnes.<br />
Els resultats de les diferents proves d&#8217;avaluació que s&#8217;han dut a terme a Catalunya<br />
—competències bàsiques de 6è de primària i de 4t d’ESO, i proves internacionals PISA—<br />
mostren un descens significatiu, especialment en el rendiment&hellip;  <a href="https://serveiseducatius.xtec.cat/apa/programes/florence/" title="Read Florence">Llegeix més»</a></p>
