{"id":12084,"date":"2025-12-12T13:32:09","date_gmt":"2025-12-12T12:32:09","guid":{"rendered":"https:\/\/serveiseducatius.xtec.cat\/anoia\/?page_id=12084"},"modified":"2025-12-16T13:06:11","modified_gmt":"2025-12-16T12:06:11","slug":"eap-2","status":"publish","type":"page","link":"https:\/\/serveiseducatius.xtec.cat\/anoia\/el-servei-educatiu\/eap-2\/","title":{"rendered":"EAP"},"content":{"rendered":"\n<div class=\"wp-block-columns is-layout-flex wp-container-core-columns-is-layout-1 wp-block-columns-is-layout-flex\">\n<div class=\"wp-block-column is-layout-flow wp-block-column-is-layout-flow\">\n<figure class=\"wp-block-image size-full is-resized\"><img loading=\"lazy\" decoding=\"async\" width=\"157\" height=\"159\" src=\"https:\/\/serveiseducatius.xtec.cat\/anoia\/wp-content\/uploads\/usu765\/2022\/03\/eap-instagram.png\" alt=\"\" class=\"wp-image-9776\" style=\"width:93px;height:auto\"\/><\/figure>\n\n\n\n<p class=\"has-medium-font-size\">@eapanoia<\/p>\n<\/div>\n\n\n\n<div class=\"wp-block-column is-layout-flow wp-block-column-is-layout-flow\">\n<figure class=\"wp-block-image size-full is-resized\"><img loading=\"lazy\" decoding=\"async\" width=\"222\" height=\"227\" src=\"https:\/\/serveiseducatius.xtec.cat\/anoia\/wp-content\/uploads\/usu765\/2015\/11\/tel.jpg\" alt=\"\" class=\"wp-image-2734\" style=\"width:86px;height:auto\"\/><\/figure>\n\n\n\n<p class=\"has-medium-font-size\"><strong>938040453<\/strong><\/p>\n\n\n\n<p>Extensi\u00f3 #2565<\/p>\n<\/div>\n\n\n\n<div class=\"wp-block-column is-layout-flow wp-block-column-is-layout-flow\">\n<figure class=\"wp-block-image size-full is-resized\"><img loading=\"lazy\" decoding=\"async\" width=\"224\" height=\"225\" src=\"https:\/\/serveiseducatius.xtec.cat\/anoia\/wp-content\/uploads\/usu765\/2015\/11\/email.jpg\" alt=\"\" class=\"wp-image-2732\" style=\"width:81px;height:auto\" srcset=\"https:\/\/serveiseducatius.xtec.cat\/anoia\/wp-content\/uploads\/usu765\/2015\/11\/email.jpg 224w, https:\/\/serveiseducatius.xtec.cat\/anoia\/wp-content\/uploads\/usu765\/2015\/11\/email-150x150.jpg 150w\" sizes=\"auto, (max-width: 224px) 100vw, 224px\" \/><\/figure>\n\n\n\n<p class=\"has-medium-font-size\"><strong>eap-anoia@xtec.cat <\/strong><\/p>\n<\/div>\n<\/div>\n\n\n\n<div class=\"wp-block-columns is-layout-flex wp-container-core-columns-is-layout-2 wp-block-columns-is-layout-flex\">\n<div class=\"wp-block-column is-layout-flow wp-block-column-is-layout-flow\">\n<figure class=\"wp-block-image size-full is-resized\"><a href=\"https:\/\/drive.google.com\/file\/d\/1LkXmpc2k3ujAw61EznQr_MEs2nidxA_r\/view\" target=\"_blank\" rel=\" noreferrer noopener\"><img loading=\"lazy\" decoding=\"async\" width=\"185\" height=\"189\" src=\"https:\/\/serveiseducatius.xtec.cat\/anoia\/wp-content\/uploads\/usu765\/2025\/12\/2021-09-23-09_41_23-GRAELLA-WEB-SEA-21-22.pdf-Adobe-Acrobat-Reader-DC.jpg\" alt=\"\" class=\"wp-image-12085\" style=\"width:173px;height:auto\"\/><\/a><\/figure>\n\n\n\n<p class=\"has-text-align-left has-medium-font-size\"><strong>            Equip EAP<\/strong><\/p>\n<\/div>\n\n\n\n<div class=\"wp-block-column is-layout-flow wp-block-column-is-layout-flow\">\n<figure class=\"wp-block-image size-full is-resized\"><a href=\"https:\/\/sites.google.com\/xtec.cat\/inclusio-i-equitat\" target=\"_blank\" rel=\" noreferrer noopener\"><img loading=\"lazy\" decoding=\"async\" width=\"162\" height=\"171\" src=\"https:\/\/serveiseducatius.xtec.cat\/anoia\/wp-content\/uploads\/usu765\/2025\/12\/inclusio-i-equitat.jpg\" alt=\"\" class=\"wp-image-12086\" style=\"width:165px;height:auto\"\/><\/a><\/figure>\n\n\n\n<p class=\"has-medium-font-size\"><strong>Inclusi\u00f3 i equitat <\/strong>(espai web)<\/p>\n<\/div>\n\n\n\n<div class=\"wp-block-column is-layout-flow wp-block-column-is-layout-flow\">\n<figure class=\"wp-block-image size-full is-resized\"><a href=\"https:\/\/sites.google.com\/xtec.cat\/inclusio-i-equitat\/contactans?authuser=0\" target=\"_blank\" rel=\" noreferrer noopener\"><img loading=\"lazy\" decoding=\"async\" width=\"185\" height=\"180\" src=\"https:\/\/serveiseducatius.xtec.cat\/anoia\/wp-content\/uploads\/usu765\/2025\/12\/CONTACTE-1.png\" alt=\"\" class=\"wp-image-12087\" style=\"width:175px;height:auto\"\/><\/a><\/figure>\n\n\n\n<p class=\"has-medium-font-size\"><strong>               Tens dubtes? CONTACTA&#8217;NS<\/strong><\/p>\n<\/div>\n<\/div>\n\n\n\n<p class=\"has-cyan-bluish-gray-background-color has-background has-medium-font-size\">L\u2019<strong>E<\/strong>quip d\u2019<strong>A<\/strong>ssessorament i orientaci\u00f3&nbsp;<strong>P<\/strong>sicopedag\u00f2gica (<strong>EAP<\/strong>) \u00e9s un servei de suport i assessorament psicopedag\u00f2gic i social als centres educatius i a la comunitat educativa.<br>Les funcions que tenen encomanades s\u00f3n les seg\u00fcents:<\/p>\n\n\n\n<ul class=\"wp-block-list\">\n<li>Identificaci\u00f3 i avaluaci\u00f3 de les necessitats educatives especials.<\/li>\n\n\n\n<li>Assessorament a l\u2019alumnat , fam\u00edlies i equips docents sobre aspectes d\u2019orientaci\u00f3 personal, educativa i professional.<\/li>\n\n\n\n<li>Assessorament als equips docents en l\u2019ensenyament aprenentatge de compet\u00e8ncies b\u00e0siques i en estrat\u00e8gies d\u2019intervenci\u00f3 amb alumnat que presenta dificultats en el seu assoliment.<\/li>\n\n\n\n<li>Assessorament i col\u00b7laboraci\u00f3 en projectes i experi\u00e8ncies d\u2019inclusi\u00f3 escolar.<\/li>\n\n\n\n<li>Assessorament al professorat en la prevenci\u00f3 de situacions de risc i en la resoluci\u00f3 de conflictes.<\/li>\n\n\n\n<li>Col\u00b7laboraci\u00f3 amb els serveis socials i sanitaris de l\u2019\u00e0mbit territorial d\u2019actuaci\u00f3, per tal d\u2019oferir una atenci\u00f3 coordinada als alumnes i fam\u00edlies que ho necessitin.<\/li>\n\n\n\n<li>Participaci\u00f3 en els plans educatius d\u2019entorn i altres accions que afavoreixin la integraci\u00f3 escolar i social de l\u2019alumnat.<\/li>\n\n\n\n<li>Aportaci\u00f3 de suport i de criteris t\u00e8cnics psicopedag\u00f2gics a altres \u00f2rgans de l\u2019Administraci\u00f3 educativa i d\u2019altres funcions que aquesta els hi atribueixi.<\/li>\n<\/ul>\n\n\n\n<p class=\"has-medium-font-size\"><a href=\"http:\/\/xtec.gencat.cat\/ca\/serveis\/sez\/eap\/\" target=\"_blank\" rel=\"noreferrer noopener\">M\u00e9s informaci\u00f3\u2026<\/a><\/p>\n\n\n\n<p><\/p>\n","protected":false},"excerpt":{"rendered":"<p>@eapanoia 938040453 Extensi\u00f3 #2565 eap-anoia@xtec.cat Equip EAP Inclusi\u00f3 i equitat (espai web) Tens dubtes? CONTACTA&#8217;NS L\u2019Equip d\u2019Assessorament i orientaci\u00f3&nbsp;Psicopedag\u00f2gica (EAP) \u00e9s un servei de suport i assessorament psicopedag\u00f2gic i social als centres educatius i a la comunitat educativa.Les funcions que tenen encomanades s\u00f3n les seg\u00fcents: M\u00e9s informaci\u00f3\u2026<\/p>\n","protected":false},"author":1,"featured_media":0,"parent":806,"menu_order":0,"comment_status":"closed","ping_status":"close","template":"","meta":{"_bbp_topic_count":0,"_bbp_reply_count":0,"_bbp_total_topic_count":0,"_bbp_total_reply_count":0,"_bbp_voice_count":0,"_bbp_anonymous_reply_count":0,"_bbp_topic_count_hidden":0,"_bbp_reply_count_hidden":0,"_bbp_forum_subforum_count":0,"site-sidebar-layout":"default","site-content-layout":"","ast-site-content-layout":"default","site-content-style":"default","site-sidebar-style":"default","ast-global-header-display":"","ast-banner-title-visibility":"","ast-main-header-display":"","ast-hfb-above-header-display":"","ast-hfb-below-header-display":"","ast-hfb-mobile-header-display":"","site-post-title":"","ast-breadcrumbs-content":"","ast-featured-img":"","footer-sml-layout":"","theme-transparent-header-meta":"","adv-header-id-meta":"","stick-header-meta":"","header-above-stick-meta":"","header-main-stick-meta":"","header-below-stick-meta":"","astra-migrate-meta-layouts":"set","ast-page-background-enabled":"default","ast-page-background-meta":{"desktop":{"background-color":"var(--ast-global-color-4)","background-image":"","background-repeat":"repeat","background-position":"center center","background-size":"auto","background-attachment":"scroll","background-type":"","background-media":"","overlay-type":"","overlay-color":"","overlay-opacity":"","overlay-gradient":""},"tablet":{"background-color":"","background-image":"","background-repeat":"repeat","background-position":"center center","background-size":"auto","background-attachment":"scroll","background-type":"","background-media":"","overlay-type":"","overlay-color":"","overlay-opacity":"","overlay-gradient":""},"mobile":{"background-color":"","background-image":"","background-repeat":"repeat","background-position":"center center","background-size":"auto","background-attachment":"scroll","background-type":"","background-media":"","overlay-type":"","overlay-color":"","overlay-opacity":"","overlay-gradient":""}},"ast-content-background-meta":{"desktop":{"background-color":"var(--ast-global-color-5)","background-image":"","background-repeat":"repeat","background-position":"center center","background-size":"auto","background-attachment":"scroll","background-type":"","background-media":"","overlay-type":"","overlay-color":"","overlay-opacity":"","overlay-gradient":""},"tablet":{"background-color":"var(--ast-global-color-5)","background-image":"","background-repeat":"repeat","background-position":"center center","background-size":"auto","background-attachment":"scroll","background-type":"","background-media":"","overlay-type":"","overlay-color":"","overlay-opacity":"","overlay-gradient":""},"mobile":{"background-color":"var(--ast-global-color-5)","background-image":"","background-repeat":"repeat","background-position":"center center","background-size":"auto","background-attachment":"scroll","background-type":"","background-media":"","overlay-type":"","overlay-color":"","overlay-opacity":"","overlay-gradient":""}},"footnotes":""},"class_list":["post-12084","page","type-page","status-publish","hentry"],"post_mailing_queue_ids":[],"_links":{"self":[{"href":"https:\/\/serveiseducatius.xtec.cat\/anoia\/wp-json\/wp\/v2\/pages\/12084","targetHints":{"allow":["GET"]}}],"collection":[{"href":"https:\/\/serveiseducatius.xtec.cat\/anoia\/wp-json\/wp\/v2\/pages"}],"about":[{"href":"https:\/\/serveiseducatius.xtec.cat\/anoia\/wp-json\/wp\/v2\/types\/page"}],"author":[{"embeddable":true,"href":"https:\/\/serveiseducatius.xtec.cat\/anoia\/wp-json\/wp\/v2\/users\/1"}],"replies":[{"embeddable":true,"href":"https:\/\/serveiseducatius.xtec.cat\/anoia\/wp-json\/wp\/v2\/comments?post=12084"}],"version-history":[{"count":5,"href":"https:\/\/serveiseducatius.xtec.cat\/anoia\/wp-json\/wp\/v2\/pages\/12084\/revisions"}],"predecessor-version":[{"id":12112,"href":"https:\/\/serveiseducatius.xtec.cat\/anoia\/wp-json\/wp\/v2\/pages\/12084\/revisions\/12112"}],"up":[{"embeddable":true,"href":"https:\/\/serveiseducatius.xtec.cat\/anoia\/wp-json\/wp\/v2\/pages\/806"}],"wp:attachment":[{"href":"https:\/\/serveiseducatius.xtec.cat\/anoia\/wp-json\/wp\/v2\/media?parent=12084"}],"curies":[{"name":"wp","href":"https:\/\/api.w.org\/{rel}","templated":true}]}}