{"id":414,"date":"2018-09-12T15:58:37","date_gmt":"2018-09-12T13:58:37","guid":{"rendered":"http:\/\/serveiseducatius.xtec.cat\/se-alturgell\/?page_id=414"},"modified":"2026-01-09T08:40:09","modified_gmt":"2026-01-09T07:40:09","slug":"pla-de-formacio-de-zona-pfz","status":"publish","type":"page","link":"https:\/\/serveiseducatius.xtec.cat\/alturgell\/formacio\/pla-de-formacio-de-zona-pfz\/","title":{"rendered":"Pla de formaci\u00f3 de zona (PFZ) 2025-2026"},"content":{"rendered":"\n<h3 class=\"wp-block-heading\">&nbsp;<\/h3>\n\n\n\n<h3 class=\"wp-block-heading has-text-align-center has-ast-global-color-6-color has-text-color has-background has-link-color wp-elements-887beabf554b4570a9c204781a228a52\" style=\"background-color:#f4e3e3\"><span style=\"color: #9c6e9b;\"><span style=\"text-decoration: underline;\"><strong><a href=\"https:\/\/drive.google.com\/file\/d\/1ykPPVJ1H4uCs5FJaZFaz76eQDLyXiuyp\/view\">Oferta de formativa del PFZ de l&#8217;Alt Urgell 2025-2026<\/a><\/strong><\/span><\/span><\/h3>\n\n\n\n<figure class=\"wp-block-image alignleft\"><a href=\"http:\/\/xtec.gencat.cat\/ca\/formacio\/info-general\/plans-formacio-zona\/\"><img decoding=\"async\" src=\"http:\/\/serveiseducatius.xtec.cat\/se-alturgell\/wp-content\/uploads\/usu770\/2015\/11\/pfz.jpg\" alt=\"pfz\" class=\"wp-image-422\"\/><\/a><\/figure>\n\n\n\n<p><\/p>\n\n\n\n<p><span style=\"font-family: inherit; font-size: 1em;\">El Departament d\u2019Ensenyament ha establert un conjunt de l\u00ednies de formaci\u00f3 permanent per donar resposta a les necessitats de formaci\u00f3 permanent dels centres educatius i dels docents de Catal<\/span>unya. <strong>El Pla de Formaci\u00f3 de Zona (PFZ) de l&#8217;Alt Urgell<\/strong>&nbsp;\u00e9s la planificaci\u00f3 en l&#8217;\u00e0mbit comarcal de la formaci\u00f3 permanent del professorat, la qual incorpora les activitats de formaci\u00f3 en centre i altres activitats adre\u00e7ades a tot el professorat de la comarca. El professorat hi participa a trav\u00e9s del proc\u00e9s de detecci\u00f3 de necessitats (demandes formatives) i mitjan\u00e7ant la seva representaci\u00f3 en la comissi\u00f3 del PFZ.<\/p>\n\n\n\n<h3 class=\"wp-block-heading\">Activitats formatives<\/h3>\n\n\n\n<p>L\u2019entorn virtual de formaci\u00f3 de les activitats formatives del professorat \u00e9s l\u2019Odissea (moodle) i, en funci\u00f3 de la proposta formativa, es poden utilitzar altres entorns virtuals com el MEET (videoconfer\u00e8ncies, webinars&#8230;). El professorat que s\u2019inscrigui a les activitats formatives en l\u00ednia haur\u00e0 de preveure la connexi\u00f3 i el treball virtual en els espais i temps sincr\u00f2nics o asincr\u00f2nics que estableixi l\u2019activitat.<\/p>\n\n\n\n<p>El professorat es pot inscriure a les activitats de formaci\u00f3 en centre (assessorament, FIC, taller a centre i visita a centre) i formaci\u00f3 per a centres (seminaris de coordinaci\u00f3, formaci\u00f3 d\u2019equips de centre, tallers d\u2019equips de centre&#8230;) adre\u00e7ades als equips docents d\u2019un centre o de diversos centres que el centre educatiu consideri oport\u00fa.<\/p>\n\n\n\n<h3 class=\"wp-block-heading\">Oferta formativa Alt Urgell curs 2025 &#8211; 2026<\/h3>\n\n\n\n<pre class=\"wp-block-code\"><code><iframe loading=\"lazy\" src=\"https:\/\/aplicacions.gestioeducativa.gencat.cat\/pls\/soloas\/pk_for_mod_ins.p_for_cons_activitats?p_any=2025-2026&amp;p_crp=601&amp;p_totes=Sp_header=Selecci%F3%5Epk_for_mod_ins.p_for_form_cons_act?p_excloure_crp_rec=T&amp;p_crp=A13&amp;p_crp_txt=Vall%E8s%20Oriental%20I.%20Granollers&amp;p_totes=S&amp;p_totes=S&amp;p_excloure_crp_rec=T&amp;p_inici=1\" width=\"800\" height=\"600px\"><span data-mce-type=\"bookmark\" style=\"display: inline-block; width: 0px; overflow: hidden; line-height: 0;\" class=\"mce_SELRES_start\">\ufeff<\/span><span data-mce-type=\"bookmark\" style=\"display: inline-block; width: 0px; overflow: hidden; line-height: 0;\" class=\"mce_SELRES_start\">\ufeff<\/span><span data-mce-type=\"bookmark\" style=\"display: inline-block; width: 0px; overflow: hidden; line-height: 0;\" class=\"mce_SELRES_start\"><span data-mce-type=\"bookmark\" style=\"display: inline-block; width: 0px; overflow: hidden; line-height: 0;\" class=\"mce_SELRES_start\">\ufeff<\/span>\ufeff<\/span><\/iframe><\/code><\/pre>\n\n\n\n<h3 class=\"wp-block-heading\">Oferta formativa APA curs 2025 -2026<\/h3>\n\n\n\n<pre class=\"wp-block-code\"><code><iframe loading=\"lazy\" src=\"https:\/\/aplicacions.gestioeducativa.gencat.cat\/pls\/soloas\/pk_for_mod_ins.p_for_cons_activitats?p_header=&amp;p_dt=C&amp;p_any=2025-2026&amp;p_totes=S&amp;p_totes=S&amp;p_excloure_crp_rec=F&amp;p_inici=1\" width=\"800\" height=\"600px\"><span data-mce-type=\"bookmark\" style=\"display: inline-block; width: 0px; overflow: hidden; line-height: 0;\" class=\"mce_SELRES_start\">\ufeff<\/span><span data-mce-type=\"bookmark\" style=\"display: inline-block; width: 0px; overflow: hidden; line-height: 0;\" class=\"mce_SELRES_start\">\ufeff<\/span><span data-mce-type=\"bookmark\" style=\"display: inline-block; width: 0px; overflow: hidden; line-height: 0;\" class=\"mce_SELRES_start\">\ufeff<\/span><span data-mce-type=\"bookmark\" style=\"display: inline-block; width: 0px; overflow: hidden; line-height: 0;\" class=\"mce_SELRES_start\">\ufeff<\/span><span data-mce-type=\"bookmark\" style=\"display: inline-block; width: 0px; overflow: hidden; line-height: 0;\" class=\"mce_SELRES_start\"><span data-mce-type=\"bookmark\" style=\"display: inline-block; width: 0px; overflow: hidden; line-height: 0;\" class=\"mce_SELRES_start\">\ufeff<\/span>\ufeff<\/span><\/iframe><\/code><\/pre>\n\n\n\n<h3 class=\"wp-block-heading\">Calendari d&#8217;inscripci\u00f3<\/h3>\n\n\n\n<p>La inscripci\u00f3 a les activitats de l&#8217;oferta general es realitzar\u00e0 en dos torns, un primer torn al setembre i un segon torn al gener. Al maig s&#8217;obre un altre per\u00edode d&#8217;inscripci\u00f3 per a la formaci\u00f3 d&#8217;estiu.<\/p>\n\n\n\n<div id=\"infoCursos\">\n<div class=\"entry-content\">\n<h6><strong>Calendari del PFZ 2025-2026:<\/strong><\/h6>\n<\/div>\n<\/div>\n\n\n\n<figure class=\"wp-block-image aligncenter\"><img loading=\"lazy\" decoding=\"async\" width=\"785\" height=\"366\" src=\"https:\/\/serveiseducatius.xtec.cat\/alturgell\/wp-content\/uploads\/usu770\/2025\/05\/Captura-6.jpg\" alt=\"\" class=\"wp-image-18704\" srcset=\"https:\/\/serveiseducatius.xtec.cat\/alturgell\/wp-content\/uploads\/usu770\/2025\/05\/Captura-6.jpg 785w, https:\/\/serveiseducatius.xtec.cat\/alturgell\/wp-content\/uploads\/usu770\/2025\/05\/Captura-6-300x140.jpg 300w, https:\/\/serveiseducatius.xtec.cat\/alturgell\/wp-content\/uploads\/usu770\/2025\/05\/Captura-6-768x358.jpg 768w\" sizes=\"auto, (max-width: 785px) 100vw, 785px\" \/><\/figure>\n\n\n\n<p><\/p>\n\n\n\n<div id=\"infoCursos\">\n<div class=\"entry-content\">\u00a0<\/div>\n<h3>Sol\u00b7licituds de pla\u00e7a<\/h3>\n<p>Per sol\u00b7licitar una pla\u00e7a s&#8217;ha de disposar d\u2019usuari i contrasenya XTEC actualitzats. Si s&#8217;ha de sol\u00b7licitar o es tenen problemes amb l\u2019identificador es pot visitar la p\u00e0gina d\u2019<span style=\"text-decoration: underline;\"><a href=\"http:\/\/xtec.gencat.cat\/ca\/at_usuari\/gestio\/\" target=\"_self\" rel=\"noopener\">atenci\u00f3 a l\u2019usuari\/\u00e0ria<\/a><\/span>. Cal tenir en compte que el mitj\u00e0 preferent de comunicaci\u00f3 \u00e9s el correu XTEC.<\/p>\n<p>En el cas de les formacions en l\u00ednia s\u00edncrones, cal identificar-se amb l\u2019usuari XTEC individual i connectar-se amb un dispositiu amb c\u00e0mera, altaveus\/auriculars i micr\u00f2fon operatius, que s\u2019hauran d\u2019activar a requeriment de la persona formadora.<\/p>\n<p>Les sol\u00b7licituds realitzades es poden consultar, anul\u00b7lar o modificar a la p\u00e0gina\u00a0<span style=\"text-decoration: underline;\"><a href=\"http:\/\/xtec.gencat.cat\/ca\/formacio\/la-meva-formacio\/les-meves-activitats\/\" target=\"_self\" rel=\"noopener\">les meves activitats<\/a><\/span>.<\/p>\n<p>La sol\u00b7licitud d\u2019una pla\u00e7a significa acceptar les condicions d\u2019inscripci\u00f3 i tot all\u00f2 que consta a la descripci\u00f3 de l\u2019activitat en refer\u00e8ncia a dates, horaris, objectius, continguts, persones destinat\u00e0ries i requisits d\u2019acreditaci\u00f3.<\/p>\n<p>\u00a0<\/p>\n<\/div>\n\n\n\n<p><img loading=\"lazy\" decoding=\"async\" class=\"alignnone wp-image-17365\" src=\"https:\/\/serveiseducatius.xtec.cat\/alturgell\/wp-content\/uploads\/usu770\/2024\/12\/atencion.png\" sizes=\"auto, (max-width: 19px) 100vw, 19px\" srcset=\"https:\/\/serveiseducatius.xtec.cat\/alturgell\/wp-content\/uploads\/usu770\/2024\/12\/atencion.png 225w, https:\/\/serveiseducatius.xtec.cat\/alturgell\/wp-content\/uploads\/usu770\/2024\/12\/atencion-150x150.png 150w\" alt=\"\" width=\"19\" height=\"19\">&nbsp;Recordeu que:<\/p>\n\n\n\n<ul style=\"background-color:#eed2e2\" class=\"wp-block-list has-background\">\n<li>Caldr\u00e0 fer la inscripci\u00f3 amb el vostre&nbsp;<strong>correu corporatiu XTEC<\/strong>. Si teniu alguna dificultat podeu consultar l\u2019apartat Gesti\u00f3 d\u2019usuaris en aquest <a href=\"https:\/\/xtec.gencat.cat\/ca\/at_usuari\/gestio\/\">enlla\u00e7<\/a>.<\/li>\n\n\n\n<li>Per obtenir el certificat de la formaci\u00f3 realitzada cal l\u2019assist\u00e8ncia m\u00ednima a un&nbsp;<b>80% de les hores i<\/b>&nbsp;<b>l\u2019avaluaci\u00f3 positiva&nbsp;<\/b>de totes les tasques encomanades amb relaci\u00f3 a<b>&nbsp;l\u2019aprofitament.<\/b><\/li>\n\n\n\n<li>Una<strong>&nbsp;persona en situaci\u00f3 de baixa per Incapacitat Tempora<\/strong>l no pot assistir a una activitat formativa organitzada pel Departament d\u2019Educaci\u00f3.&nbsp;<span class=\"C9DxTc \">Article 175 de la \u2018<\/span><span class=\"C9DxTc \">Texto Refundido de la Ley&nbsp;<\/span><span class=\"C9DxTc \">General de la Seguridad Social&#8217; (<\/span><a class=\"XqQF9c\" href=\"https:\/\/www.boe.es\/buscar\/act.php?id=BOE-A-2015-11724\" target=\"_blank\" rel=\"noopener\"><span class=\"C9DxTc aw5Odc \">TRLGSS<\/span><\/a><span class=\"C9DxTc \">).<\/span><\/li>\n<\/ul>\n\n\n\n<p>&nbsp;<\/p>\n\n\n\n<p>&nbsp;<\/p>\n\n\n\n<p>&nbsp;<\/p>\n","protected":false},"excerpt":{"rendered":"<p>&nbsp; Oferta de formativa del PFZ de l&#8217;Alt Urgell 2025-2026 El Departament d\u2019Ensenyament ha establert un conjunt de l\u00ednies de formaci\u00f3 permanent per donar resposta a les necessitats de formaci\u00f3 permanent dels centres educatius i dels docents de Catalunya. El Pla de Formaci\u00f3 de Zona (PFZ) de l&#8217;Alt Urgell&nbsp;\u00e9s la planificaci\u00f3 en l&#8217;\u00e0mbit comarcal de [&hellip;]<\/p>\n","protected":false},"author":1,"featured_media":0,"parent":416,"menu_order":10,"comment_status":"closed","ping_status":"closed","template":"","meta":{"_bbp_topic_count":0,"_bbp_reply_count":0,"_bbp_total_topic_count":0,"_bbp_total_reply_count":0,"_bbp_voice_count":0,"_bbp_anonymous_reply_count":0,"_bbp_topic_count_hidden":0,"_bbp_reply_count_hidden":0,"_bbp_forum_subforum_count":0,"site-sidebar-layout":"default","site-content-layout":"","ast-site-content-layout":"default","site-content-style":"default","site-sidebar-style":"default","ast-global-header-display":"","ast-banner-title-visibility":"","ast-main-header-display":"","ast-hfb-above-header-display":"","ast-hfb-below-header-display":"","ast-hfb-mobile-header-display":"","site-post-title":"","ast-breadcrumbs-content":"","ast-featured-img":"","footer-sml-layout":"","theme-transparent-header-meta":"","adv-header-id-meta":"","stick-header-meta":"","header-above-stick-meta":"","header-main-stick-meta":"","header-below-stick-meta":"","astra-migrate-meta-layouts":"set","ast-page-background-enabled":"default","ast-page-background-meta":{"desktop":{"background-color":"var(--ast-global-color-4)","background-image":"","background-repeat":"repeat","background-position":"center center","background-size":"auto","background-attachment":"scroll","background-type":"","background-media":"","overlay-type":"","overlay-color":"","overlay-opacity":"","overlay-gradient":""},"tablet":{"background-color":"","background-image":"","background-repeat":"repeat","background-position":"center center","background-size":"auto","background-attachment":"scroll","background-type":"","background-media":"","overlay-type":"","overlay-color":"","overlay-opacity":"","overlay-gradient":""},"mobile":{"background-color":"","background-image":"","background-repeat":"repeat","background-position":"center center","background-size":"auto","background-attachment":"scroll","background-type":"","background-media":"","overlay-type":"","overlay-color":"","overlay-opacity":"","overlay-gradient":""}},"ast-content-background-meta":{"desktop":{"background-color":"var(--ast-global-color-5)","background-image":"","background-repeat":"repeat","background-position":"center center","background-size":"auto","background-attachment":"scroll","background-type":"","background-media":"","overlay-type":"","overlay-color":"","overlay-opacity":"","overlay-gradient":""},"tablet":{"background-color":"var(--ast-global-color-5)","background-image":"","background-repeat":"repeat","background-position":"center center","background-size":"auto","background-attachment":"scroll","background-type":"","background-media":"","overlay-type":"","overlay-color":"","overlay-opacity":"","overlay-gradient":""},"mobile":{"background-color":"var(--ast-global-color-5)","background-image":"","background-repeat":"repeat","background-position":"center center","background-size":"auto","background-attachment":"scroll","background-type":"","background-media":"","overlay-type":"","overlay-color":"","overlay-opacity":"","overlay-gradient":""}},"footnotes":""},"class_list":["post-414","page","type-page","status-publish","hentry"],"post_mailing_queue_ids":[],"_links":{"self":[{"href":"https:\/\/serveiseducatius.xtec.cat\/alturgell\/wp-json\/wp\/v2\/pages\/414","targetHints":{"allow":["GET"]}}],"collection":[{"href":"https:\/\/serveiseducatius.xtec.cat\/alturgell\/wp-json\/wp\/v2\/pages"}],"about":[{"href":"https:\/\/serveiseducatius.xtec.cat\/alturgell\/wp-json\/wp\/v2\/types\/page"}],"author":[{"embeddable":true,"href":"https:\/\/serveiseducatius.xtec.cat\/alturgell\/wp-json\/wp\/v2\/users\/1"}],"replies":[{"embeddable":true,"href":"https:\/\/serveiseducatius.xtec.cat\/alturgell\/wp-json\/wp\/v2\/comments?post=414"}],"version-history":[{"count":6,"href":"https:\/\/serveiseducatius.xtec.cat\/alturgell\/wp-json\/wp\/v2\/pages\/414\/revisions"}],"predecessor-version":[{"id":20171,"href":"https:\/\/serveiseducatius.xtec.cat\/alturgell\/wp-json\/wp\/v2\/pages\/414\/revisions\/20171"}],"up":[{"embeddable":true,"href":"https:\/\/serveiseducatius.xtec.cat\/alturgell\/wp-json\/wp\/v2\/pages\/416"}],"wp:attachment":[{"href":"https:\/\/serveiseducatius.xtec.cat\/alturgell\/wp-json\/wp\/v2\/media?parent=414"}],"curies":[{"name":"wp","href":"https:\/\/api.w.org\/{rel}","templated":true}]}}