{"id":306,"date":"2015-11-24T18:02:44","date_gmt":"2015-11-24T17:02:44","guid":{"rendered":"http:\/\/serveiseducatius.xtec.cat\/se-alturgell\/?page_id=306"},"modified":"2025-10-10T10:38:04","modified_gmt":"2025-10-10T08:38:04","slug":"equip","status":"publish","type":"page","link":"https:\/\/serveiseducatius.xtec.cat\/alturgell\/el-servei-educatiu\/equip\/","title":{"rendered":"Equip"},"content":{"rendered":"<p><strong>PROFESSIONALS DEL SERVEI EDUCATIU\u00a0 DE L&#8217;ALT URGELL Curs 2025-26<br \/>\n<\/strong><\/p>\n<p>L\u2019equip del servei educatiu est\u00e0 format per un equip multidisciplinar:<\/p>\n<p>&#8211; Meya Escofet, Sandra (Coordinadora del SE i directora del CRP)<\/p>\n<p>&#8211; Zurita Ninot, Laia (CRP)<\/p>\n<p>&#8211; Soler Franc\u00e0s, N\u00faria (CRP)<\/p>\n<p>&#8211; Mart\u00ednez Pujantell, Sandra (Directora de l&#8217;EAP)<\/p>\n<p>&#8211; Garc\u00eda Zome\u00f1o, N\u00faria (EAP)<\/p>\n<p>&#8211; Alonso Muria, Elisabet (EAP)<\/p>\n<p>&#8211; Leiva Obiols, Anna (EAP)<\/p>\n<p>&#8211; Torn\u00e9 Alcober, S\u00edlvia (EAP)<\/p>\n<p>&#8211; Alet Ortonobes, Marta (EAP)<\/p>\n<p>&#8211; Salvad\u00f3 Gracia, N\u00faria (LIC)<\/p>\n<p>&#8211; Leiva Obiols, Mariona (Educadora social)<\/p>\n<p>&#8211; Oliv\u00e9 L\u00f3pez, Joan (mentor CDD 4.0)<\/p>\n<p>&#8211; Escol\u00e0 Queralt, Cristina (CREDA)<\/p>\n<p>&#8211; Castillo Armengol, Maria (CREDA)<\/p>\n<p>&#8211; Mill Pons, Anna (CdA Tuixent)<\/p>\n<p>&#8211; Meya Escofet, Marc (CdA Tuixent)<\/p>\n<p>&#8211; Solana Peir\u00f3, Karina (Auxiliar administrativa)<\/p>\n","protected":false},"excerpt":{"rendered":"<p>PROFESSIONALS DEL SERVEI EDUCATIU\u00a0 DE L&#8217;ALT URGELL Curs 2025-26 L\u2019equip del servei educatiu est\u00e0 format per un equip multidisciplinar: &#8211; Meya Escofet, Sandra (Coordinadora del SE i directora del CRP) &#8211; Zurita Ninot, Laia (CRP) &#8211; Soler Franc\u00e0s, N\u00faria (CRP) &#8211; Mart\u00ednez Pujantell, Sandra (Directora de l&#8217;EAP) &#8211; Garc\u00eda Zome\u00f1o, N\u00faria (EAP) &#8211; Alonso Muria, [&hellip;]<\/p>\n","protected":false},"author":1,"featured_media":0,"parent":806,"menu_order":20,"comment_status":"closed","ping_status":"closed","template":"","meta":{"_bbp_topic_count":0,"_bbp_reply_count":0,"_bbp_total_topic_count":0,"_bbp_total_reply_count":0,"_bbp_voice_count":0,"_bbp_anonymous_reply_count":0,"_bbp_topic_count_hidden":0,"_bbp_reply_count_hidden":0,"_bbp_forum_subforum_count":0,"site-sidebar-layout":"default","site-content-layout":"","ast-site-content-layout":"default","site-content-style":"default","site-sidebar-style":"default","ast-global-header-display":"","ast-banner-title-visibility":"","ast-main-header-display":"","ast-hfb-above-header-display":"","ast-hfb-below-header-display":"","ast-hfb-mobile-header-display":"","site-post-title":"","ast-breadcrumbs-content":"","ast-featured-img":"","footer-sml-layout":"","theme-transparent-header-meta":"default","adv-header-id-meta":"","stick-header-meta":"","header-above-stick-meta":"","header-main-stick-meta":"","header-below-stick-meta":"","astra-migrate-meta-layouts":"set","ast-page-background-enabled":"default","ast-page-background-meta":{"desktop":{"background-color":"var(--ast-global-color-4)","background-image":"","background-repeat":"repeat","background-position":"center center","background-size":"auto","background-attachment":"scroll","background-type":"","background-media":"","overlay-type":"","overlay-color":"","overlay-opacity":"","overlay-gradient":""},"tablet":{"background-color":"","background-image":"","background-repeat":"repeat","background-position":"center center","background-size":"auto","background-attachment":"scroll","background-type":"","background-media":"","overlay-type":"","overlay-color":"","overlay-opacity":"","overlay-gradient":""},"mobile":{"background-color":"","background-image":"","background-repeat":"repeat","background-position":"center center","background-size":"auto","background-attachment":"scroll","background-type":"","background-media":"","overlay-type":"","overlay-color":"","overlay-opacity":"","overlay-gradient":""}},"ast-content-background-meta":{"desktop":{"background-color":"var(--ast-global-color-5)","background-image":"","background-repeat":"repeat","background-position":"center center","background-size":"auto","background-attachment":"scroll","background-type":"","background-media":"","overlay-type":"","overlay-color":"","overlay-opacity":"","overlay-gradient":""},"tablet":{"background-color":"var(--ast-global-color-5)","background-image":"","background-repeat":"repeat","background-position":"center center","background-size":"auto","background-attachment":"scroll","background-type":"","background-media":"","overlay-type":"","overlay-color":"","overlay-opacity":"","overlay-gradient":""},"mobile":{"background-color":"var(--ast-global-color-5)","background-image":"","background-repeat":"repeat","background-position":"center center","background-size":"auto","background-attachment":"scroll","background-type":"","background-media":"","overlay-type":"","overlay-color":"","overlay-opacity":"","overlay-gradient":""}},"footnotes":""},"class_list":["post-306","page","type-page","status-publish","hentry"],"post_mailing_queue_ids":[],"_links":{"self":[{"href":"https:\/\/serveiseducatius.xtec.cat\/alturgell\/wp-json\/wp\/v2\/pages\/306","targetHints":{"allow":["GET"]}}],"collection":[{"href":"https:\/\/serveiseducatius.xtec.cat\/alturgell\/wp-json\/wp\/v2\/pages"}],"about":[{"href":"https:\/\/serveiseducatius.xtec.cat\/alturgell\/wp-json\/wp\/v2\/types\/page"}],"author":[{"embeddable":true,"href":"https:\/\/serveiseducatius.xtec.cat\/alturgell\/wp-json\/wp\/v2\/users\/1"}],"replies":[{"embeddable":true,"href":"https:\/\/serveiseducatius.xtec.cat\/alturgell\/wp-json\/wp\/v2\/comments?post=306"}],"version-history":[{"count":6,"href":"https:\/\/serveiseducatius.xtec.cat\/alturgell\/wp-json\/wp\/v2\/pages\/306\/revisions"}],"predecessor-version":[{"id":19532,"href":"https:\/\/serveiseducatius.xtec.cat\/alturgell\/wp-json\/wp\/v2\/pages\/306\/revisions\/19532"}],"up":[{"embeddable":true,"href":"https:\/\/serveiseducatius.xtec.cat\/alturgell\/wp-json\/wp\/v2\/pages\/806"}],"wp:attachment":[{"href":"https:\/\/serveiseducatius.xtec.cat\/alturgell\/wp-json\/wp\/v2\/media?parent=306"}],"curies":[{"name":"wp","href":"https:\/\/api.w.org\/{rel}","templated":true}]}}