{"id":16956,"date":"2024-09-20T23:57:45","date_gmt":"2024-09-20T21:57:45","guid":{"rendered":"https:\/\/serveiseducatius.xtec.cat\/alturgell\/?page_id=16956"},"modified":"2026-03-10T11:41:28","modified_gmt":"2026-03-10T10:41:28","slug":"servei-comunitari","status":"publish","type":"page","link":"https:\/\/serveiseducatius.xtec.cat\/alturgell\/comunitat\/servei-comunitari\/","title":{"rendered":"Servei comunitari"},"content":{"rendered":"\n<p>El <strong>Servei comunitari<\/strong> \u00e9s una acci\u00f3 educativa orientada a desenvolupar la compet\u00e8ncia personal i social, aix\u00ed com la ciutadana, amb la finalitat de promoure que els nois i noies experimentin i protagonitzin <strong>accions de comprom\u00eds c\u00edvic,<\/strong> aprenguin en l&#8217;exercici actiu de la ciutadania i posin en joc els seus coneixements i capacitats al servei de la comunitat. El servei comunitari \u00e9s de car\u00e0cter obligatori.<\/p>\n\n\n\n<p>Es realitza a tercer i\/o quart d\u2019ESO i ha de formar part de la programaci\u00f3 curricular d&#8217;una o diverses mat\u00e8ries, que es poden haver integrat en un \u00e0mbit, o del projecte globalitzador de car\u00e0cter transversal si s&#8217;ha programat, i ha de constar a la programaci\u00f3 general anual i ha d&#8217;estar aprovat pel Consell Escolar.<\/p>\n\n\n\n<p>Compr\u00e8n una part d&#8217;aprenentatge vinculada al curr\u00edculum que es realitza dins l&#8217;horari lectiu i un servei actiu a la comunitat, que es pot dur a terme dins o fora d&#8217;aquest horari, d&#8217;acord amb les necessitats de l&#8217;entitat amb qu\u00e8 es col\u00b7labori i dels criteris organitzatius del centre. La dedicaci\u00f3 hor\u00e0ria al desenvolupament del servei comunitari \u00e9s de 20 hores, amb un m\u00ednim de 10 hores de servei actiu a la comunitat.<\/p>\n\n\n\n<p>L&#8217;avaluaci\u00f3 del servei comunitari, a l&#8217;efecte de la qualificaci\u00f3, ha d&#8217;incidir en la qualificaci\u00f3 global d&#8217;aquella mat\u00e8ria, \u00e0mbit o projecte globalitzador al qual estigui vinculat.<\/p>\n\n\n\n<p><a href=\"https:\/\/portaldogc.gencat.cat\/utilsEADOP\/PDF\/8762\/1928585.pdf#page=14\"><b>Adaptat de DECRET 175\/2022, de 27 de setembre, d\u2019ordenaci\u00f3 dels ensenyaments dels ensenyaments de l&#8217;educaci\u00f3 b\u00e0sica<\/b><\/a><\/p>\n\n\n\n<p class=\"has-text-align-center\">Podeu consultar el <a href=\"http:\/\/&lt;iframe width=&quot;560&quot; height=&quot;315&quot; src=&quot;https:\/\/www.youtube.com\/embed\/drlFRyH_5Ko?si=_iPqg4RJUnIG243w&quot; title=&quot;YouTube video player&quot; frameborder=&quot;0&quot; allow=&quot;accelerometer; autoplay; clipboard-write; encrypted-media; gyroscope; picture-in-picture; web-share&quot; referrerpolicy=&quot;strict-origin-when-cross-origin&quot; allowfullscreen&gt;&lt;\/iframe&gt;\">v\u00eddeo resum<\/a><br><iframe loading=\"lazy\" title=\"YouTube video player\" src=\"https:\/\/www.youtube.com\/embed\/drlFRyH_5Ko?si=_iPqg4RJUnIG243w\" width=\"560\" height=\"315\" frameborder=\"0\" allowfullscreen=\"allowfullscreen\"><\/iframe><\/p>\n\n\n\n<p>En aquest <strong><a href=\"https:\/\/docs.google.com\/spreadsheets\/d\/1Zjhq8k-OPM6QlNNIaRF3-Olhn5-16e2_Yt0vB1BTlto\/edit?usp=share_link\">document<\/a><\/strong>&nbsp; trobareu els convenis vigents signats amb les entitats col\u00b7laboradores de Servei comunitari.<\/p>\n\n\n\n<blockquote class=\"wp-block-quote is-layout-flow wp-block-quote-is-layout-flow\">\n<p>El curs 2025-2026 el Departament ha iniciat la\u00a0<strong>renovaci\u00f3 de tots els convenis de servei comunitari<\/strong> dels centres educatius. Trobareu tota la informaci\u00f3 actualitzada retaliva a la tramitaci\u00f3 dels convenis del Servei Comunitari a \u00a0la<b><a title=\"https:\/\/espai.educacio.gencat.cat\/Alumnes\/Curriculum\/eso\/Servei-comunitari\/Pagines\/default.aspx\" data-saferedirecturl=\"https:\/\/www.google.com\/url?q=https:\/\/espai.educacio.gencat.cat\/Alumnes\/Curriculum\/eso\/Servei-comunitari\/Pagines\/default.aspx&amp;source=gmail&amp;ust=1773225518227000&amp;usg=AOvVaw3pTnjc11rkIcXdU4VEHETn\" href=\"https:\/\/espai.educacio.gencat.cat\/Alumnes\/Curriculum\/eso\/Servei-comunitari\/Pagines\/default.aspx\" target=\"_blank\" rel=\"noopener\">\u00a0intranet \u2013 Portal de centre<\/a> .<\/b><\/p>\n<\/blockquote>\n\n\n\n<p>&nbsp;<\/p>\n\n\n\n<p class=\"has-text-align-center\"><b>SERVEIS COMUNITARIS DE CENTRES EDUCATIUS DE L&#8217;ALT URGELL AMB ENTITATS<\/b><\/p>\n\n\n\n<figure class=\"wp-block-image aligncenter size-full is-resized\"><a href=\"https:\/\/serveiseducatius.xtec.cat\/alturgell\/wp-content\/uploads\/usu770\/2025\/10\/Captura-8.jpg\"><img loading=\"lazy\" decoding=\"async\" width=\"576\" height=\"758\" src=\"https:\/\/serveiseducatius.xtec.cat\/alturgell\/wp-content\/uploads\/usu770\/2025\/10\/Captura-8.jpg\" alt=\"\" class=\"wp-image-19553\" style=\"width:502px;height:auto\" srcset=\"https:\/\/serveiseducatius.xtec.cat\/alturgell\/wp-content\/uploads\/usu770\/2025\/10\/Captura-8.jpg 576w, https:\/\/serveiseducatius.xtec.cat\/alturgell\/wp-content\/uploads\/usu770\/2025\/10\/Captura-8-228x300.jpg 228w\" sizes=\"auto, (max-width: 576px) 100vw, 576px\" \/><\/a><\/figure>\n\n\n\n<p><\/p>\n","protected":false},"excerpt":{"rendered":"<p>El Servei comunitari \u00e9s una acci\u00f3 educativa orientada a desenvolupar la compet\u00e8ncia personal i social, aix\u00ed com la ciutadana, amb la finalitat de promoure que els nois i noies experimentin i protagonitzin accions de comprom\u00eds c\u00edvic, aprenguin en l&#8217;exercici actiu de la ciutadania i posin en joc els seus coneixements i capacitats al servei de [&hellip;]<\/p>\n","protected":false},"author":1,"featured_media":0,"parent":341,"menu_order":0,"comment_status":"closed","ping_status":"closed","template":"","meta":{"_bbp_topic_count":0,"_bbp_reply_count":0,"_bbp_total_topic_count":0,"_bbp_total_reply_count":0,"_bbp_voice_count":0,"_bbp_anonymous_reply_count":0,"_bbp_topic_count_hidden":0,"_bbp_reply_count_hidden":0,"_bbp_forum_subforum_count":0,"site-sidebar-layout":"default","site-content-layout":"","ast-site-content-layout":"default","site-content-style":"default","site-sidebar-style":"default","ast-global-header-display":"","ast-banner-title-visibility":"","ast-main-header-display":"","ast-hfb-above-header-display":"","ast-hfb-below-header-display":"","ast-hfb-mobile-header-display":"","site-post-title":"","ast-breadcrumbs-content":"","ast-featured-img":"","footer-sml-layout":"","theme-transparent-header-meta":"","adv-header-id-meta":"","stick-header-meta":"","header-above-stick-meta":"","header-main-stick-meta":"","header-below-stick-meta":"","astra-migrate-meta-layouts":"set","ast-page-background-enabled":"default","ast-page-background-meta":{"desktop":{"background-color":"var(--ast-global-color-4)","background-image":"","background-repeat":"repeat","background-position":"center center","background-size":"auto","background-attachment":"scroll","background-type":"","background-media":"","overlay-type":"","overlay-color":"","overlay-opacity":"","overlay-gradient":""},"tablet":{"background-color":"","background-image":"","background-repeat":"repeat","background-position":"center center","background-size":"auto","background-attachment":"scroll","background-type":"","background-media":"","overlay-type":"","overlay-color":"","overlay-opacity":"","overlay-gradient":""},"mobile":{"background-color":"","background-image":"","background-repeat":"repeat","background-position":"center center","background-size":"auto","background-attachment":"scroll","background-type":"","background-media":"","overlay-type":"","overlay-color":"","overlay-opacity":"","overlay-gradient":""}},"ast-content-background-meta":{"desktop":{"background-color":"var(--ast-global-color-5)","background-image":"","background-repeat":"repeat","background-position":"center center","background-size":"auto","background-attachment":"scroll","background-type":"","background-media":"","overlay-type":"","overlay-color":"","overlay-opacity":"","overlay-gradient":""},"tablet":{"background-color":"var(--ast-global-color-5)","background-image":"","background-repeat":"repeat","background-position":"center center","background-size":"auto","background-attachment":"scroll","background-type":"","background-media":"","overlay-type":"","overlay-color":"","overlay-opacity":"","overlay-gradient":""},"mobile":{"background-color":"var(--ast-global-color-5)","background-image":"","background-repeat":"repeat","background-position":"center center","background-size":"auto","background-attachment":"scroll","background-type":"","background-media":"","overlay-type":"","overlay-color":"","overlay-opacity":"","overlay-gradient":""}},"footnotes":""},"class_list":["post-16956","page","type-page","status-publish","hentry"],"post_mailing_queue_ids":[],"_links":{"self":[{"href":"https:\/\/serveiseducatius.xtec.cat\/alturgell\/wp-json\/wp\/v2\/pages\/16956","targetHints":{"allow":["GET"]}}],"collection":[{"href":"https:\/\/serveiseducatius.xtec.cat\/alturgell\/wp-json\/wp\/v2\/pages"}],"about":[{"href":"https:\/\/serveiseducatius.xtec.cat\/alturgell\/wp-json\/wp\/v2\/types\/page"}],"author":[{"embeddable":true,"href":"https:\/\/serveiseducatius.xtec.cat\/alturgell\/wp-json\/wp\/v2\/users\/1"}],"replies":[{"embeddable":true,"href":"https:\/\/serveiseducatius.xtec.cat\/alturgell\/wp-json\/wp\/v2\/comments?post=16956"}],"version-history":[{"count":5,"href":"https:\/\/serveiseducatius.xtec.cat\/alturgell\/wp-json\/wp\/v2\/pages\/16956\/revisions"}],"predecessor-version":[{"id":20566,"href":"https:\/\/serveiseducatius.xtec.cat\/alturgell\/wp-json\/wp\/v2\/pages\/16956\/revisions\/20566"}],"up":[{"embeddable":true,"href":"https:\/\/serveiseducatius.xtec.cat\/alturgell\/wp-json\/wp\/v2\/pages\/341"}],"wp:attachment":[{"href":"https:\/\/serveiseducatius.xtec.cat\/alturgell\/wp-json\/wp\/v2\/media?parent=16956"}],"curies":[{"name":"wp","href":"https:\/\/api.w.org\/{rel}","templated":true}]}}