{"id":426,"date":"2015-11-25T16:25:57","date_gmt":"2015-11-25T15:25:57","guid":{"rendered":"http:\/\/serveiseducatius.xtec.cat\/se-altpenedes\/?page_id=426"},"modified":"2026-03-23T14:10:42","modified_gmt":"2026-03-23T13:10:42","slug":"deteccio-necessitats","status":"publish","type":"page","link":"https:\/\/serveiseducatius.xtec.cat\/altpenedes\/formacio\/deteccio-necessitats\/","title":{"rendered":"PFZ Alt Pened\u00e8s"},"content":{"rendered":"\n<div class=\"wp-block-getwid-section alignfull alignfull getwid-section-content-custom-width\"><div class=\"wp-block-getwid-section__wrapper getwid-padding-left-medium getwid-padding-right-medium\"><div class=\"wp-block-getwid-section__inner-wrapper\" style=\"max-width:1140px\"><div class=\"wp-block-getwid-section__background-holder\"><div class=\"wp-block-getwid-section__background\"><\/div><div class=\"wp-block-getwid-section__foreground\"><\/div><\/div><div class=\"wp-block-getwid-section__content\"><div class=\"wp-block-getwid-section__inner-content\">\n<div class=\"wp-block-getwid-advanced-heading\" style=\"margin-bottom:30px;margin-top:10px\"><h1 class=\"wp-block-getwid-advanced-heading__content\" style=\"text-align:center\">Detecci\u00f3 de necessitats curs 26-27 del 7 al 30 d&#8217;abril de 2026<\/h1><\/div>\n\n\n\n<div class=\"wp-block-columns has-3-columns is-layout-flex wp-container-core-columns-is-layout-1 wp-block-columns-is-layout-flex\">\n<div class=\"wp-block-column is-layout-flow wp-block-column-is-layout-flow\">\n<div class=\"wp-block-getwid-advanced-heading\"><h3 class=\"wp-block-getwid-advanced-heading__content has-text-color has-black-color has-background has-ast-global-color-0-background-color\">FORMACI\u00d3 EN CENTRE<\/h3><\/div>\n\n\n\n<div class=\"wp-block-getwid-icon-box has-text-center\"><div class=\"wp-block-getwid-icon-box__icon-container is-position-top\"><div class=\"wp-block-getwid-icon-box__icon-wrapper has-text-color\" style=\"font-size:36px;padding:0px;color:#000000\"><i class=\"fas fa-school\"><\/i><\/div><\/div><div class=\"wp-block-getwid-icon-box__content\">\n<p class=\"has-small-font-size\">Professorat d&#8217;un centre<\/p>\n\n\n\n<p class=\"has-text-align-center\">Dirigides al <strong>claustre, <\/strong>a<strong> equips impulsors <\/strong>o<strong> col\u00b7lectius<\/strong> (aproximadament al 80%)<\/p>\n\n\n\n<p class=\"has-text-align-left\">La demanda s&#8217;ha de fer des de l&#8217;equip&nbsp; directiu del centre i\/o de la persona responsable de la formaci\u00f3 en centre.<\/p>\n\n\n\n<p class=\"has-text-align-left has-pale-ocean-gradient-background has-background\">\ud83d\udcdd <strong>SOL\u00b7LICITUD DE FORMACI\u00d3<\/strong> Enviant el<a href=\"https:\/\/ja.cat\/DdCFormacioencentre23_24\"> <strong>Document de Comprom\u00eds<\/strong><\/a> al crp-altpenedes@xtec.cat dins el termini establert.<\/p>\n<\/div><\/div>\n<\/div>\n\n\n\n<div class=\"wp-block-column is-layout-flow wp-block-column-is-layout-flow\">\n<div class=\"wp-block-getwid-advanced-heading\"><h3 class=\"wp-block-getwid-advanced-heading__content has-text-color has-white-color has-background has-ast-global-color-1-background-color\">FORMACI\u00d3 PER A CENTRE<\/h3><\/div>\n\n\n\n<div class=\"wp-block-getwid-icon-box has-text-center\"><div class=\"wp-block-getwid-icon-box__icon-container is-position-top\"><div class=\"wp-block-getwid-icon-box__icon-wrapper has-text-color\" style=\"font-size:36px;padding:0px;color:#000000\"><i class=\"fab fa-hubspot\"><\/i><\/div><\/div><div class=\"wp-block-getwid-icon-box__content\">\n<p class=\"has-small-font-size\">Professorat de diversos centres<\/p>\n\n\n\n<p class=\"has-text-align-center\">Dirigides a <strong>equips directius, <\/strong>per<strong> especialitats <\/strong>i\/o<strong> referents<\/strong><\/p>\n\n\n\n<p class=\"has-text-align-left\">La demanda ens ha d&#8217;arribar a partir dels equips de coordinaci\u00f3 dels seminaris o b\u00e9 des d&#8217;un col\u00b7lectiu (m\u00ednim 2 centres implicats).<\/p>\n\n\n\n<p class=\"has-text-align-left has-pale-ocean-gradient-background has-background\">\ud83d\udcdd <strong>SOL\u00b7LICITUD DE FORMACI\u00d3 <\/strong><\/p>\n<\/div><\/div>\n<\/div>\n\n\n\n<div class=\"wp-block-column is-layout-flow wp-block-column-is-layout-flow\">\n<div class=\"wp-block-getwid-advanced-heading\"><h3 class=\"wp-block-getwid-advanced-heading__content has-text-color has-white-color has-background has-ast-global-color-1-background-color\">FORMACI\u00d3 INDIVIDUAL<\/h3><\/div>\n\n\n\n<div class=\"wp-block-getwid-icon-box has-text-center\"><div class=\"wp-block-getwid-icon-box__icon-container is-position-top\"><div class=\"wp-block-getwid-icon-box__icon-wrapper has-text-color\" style=\"font-size:36px;padding:0px;color:#000000\"><i class=\"fab fa-creative-commons-by\"><\/i><\/div><\/div><div class=\"wp-block-getwid-icon-box__content\">\n<p class=\"has-small-font-size\">Professorat de diversos centres<\/p>\n\n\n\n<p class=\"has-text-align-center\">Activitats<strong> individuals<\/strong><\/p>\n\n\n\n<div style=\"height:24px\" aria-hidden=\"true\" class=\"wp-block-spacer\"><\/div>\n\n\n\n<p class=\"has-text-align-left\">S&#8217;atendran les demandes que ens arribin a nivell particular i\/o d&#8217;entitats.<\/p>\n\n\n\n<div style=\"height:24px\" aria-hidden=\"true\" class=\"wp-block-spacer\"><\/div>\n\n\n\n<p class=\"has-text-align-left has-pale-ocean-gradient-background has-background\">\ud83d\udcdd <strong>SOL\u00b7LICITUD DE FORMACI\u00d3 <\/strong><\/p>\n<\/div><\/div>\n<\/div>\n<\/div>\n<\/div><\/div><\/div><\/div><\/div>\n\n\n\n<div class=\"wp-block-getwid-section alignfull alignfull getwid-section-content-custom-width\"><div class=\"wp-block-getwid-section__wrapper getwid-padding-left-medium getwid-padding-right-medium\"><div class=\"wp-block-getwid-section__inner-wrapper\" style=\"max-width:1140px\"><div class=\"wp-block-getwid-section__background-holder\"><div class=\"wp-block-getwid-section__background\"><\/div><div class=\"wp-block-getwid-section__foreground\"><\/div><\/div><div class=\"wp-block-getwid-section__content\"><div class=\"wp-block-getwid-section__inner-content\">\n<div class=\"wp-block-getwid-advanced-heading\" style=\"margin-bottom:0px;margin-top:0px\"><span class=\"wp-block-getwid-advanced-heading__content has-background has-ast-global-color-1-background-color\" style=\"text-align:center\"><strong>CARACTER\u00cdSTIQUES DE CADA MODALITAT<\/strong><\/span><\/div>\n\n\n\n<p class=\"has-text-align-center has-very-light-gray-to-cyan-bluish-gray-gradient-background has-background\"><strong>Extretes del Document <em>Criteris, Instruccions i Orientacions curs 2025-2026<\/em><\/strong><\/p>\n\n\n\n<div class=\"wp-block-columns has-3-columns is-layout-flex wp-container-core-columns-is-layout-2 wp-block-columns-is-layout-flex\">\n<div class=\"wp-block-column is-layout-flow wp-block-column-is-layout-flow\">\n<ul class=\"wp-block-list\">\n<li><strong><a href=\"https:\/\/drive.google.com\/file\/d\/10UVzI0j__v8pphAgR3POisFLpz29nnwu\/view?usp=drive_link\" target=\"_blank\" rel=\"noreferrer noopener\">Assessorament<\/a><\/strong>. M\u00ednim 20 hores<\/li>\n\n\n\n<li><strong><a href=\"https:\/\/drive.google.com\/file\/d\/1LVZBoRYO3i3IBbEnPLrr2H0LgXyhP5mK\/view?usp=drive_link\" target=\"_blank\" rel=\"noreferrer noopener\">Taller a centre<\/a><\/strong>. Sense l\u00edmit m\u00e0xim ni m\u00ednim.<\/li>\n\n\n\n<li><strong><a href=\"https:\/\/drive.google.com\/file\/d\/1b8HIWNOrQgDFX0QKWn7qvVZ7eEAASvTr\/view?usp=drive_link\" target=\"_blank\" rel=\"noreferrer noopener\">FIC<\/a><\/strong>. Itinerari guiat 45h. Itinerari propi 30h.<a href=\"http:\/\/ateneu.xtec.cat\/wikiform\/wikiexport\/fic_orientacio\/fic_coord\/index\"> Materials de suport a la FIC<\/a>, equip coordinador.<\/li>\n\n\n\n<li><strong><a href=\"https:\/\/drive.google.com\/file\/d\/1mCUZptleqYlV14lHQDSFhGc98bQetIl7\/view?usp=drive_link\" target=\"_blank\" rel=\"noreferrer noopener\">Visita formativa a centre<\/a><\/strong>. M\u00ednim 15 hores * <em>Material per a organitzar i gestionar la proposta formativa de <\/em><a href=\"http:\/\/ateneu.xtec.cat\/wikiform\/wikiexport\/materials\/vfac\/index\"><em>Visita a centre<\/em><\/a><\/li>\n<\/ul>\n<\/div>\n\n\n\n<div class=\"wp-block-column is-layout-flow wp-block-column-is-layout-flow\">\n<ul class=\"wp-block-list\">\n<li><strong><a href=\"https:\/\/drive.google.com\/file\/d\/1LqLYW8-QXwCA0L_ljKFqY9EpWI8IixzX\/view?usp=drive_link\" target=\"_blank\" rel=\"noreferrer noopener\">Seminari de coordinaci\u00f3<\/a><\/strong>. M\u00ednim 15h.<\/li>\n\n\n\n<li><strong><a href=\"https:\/\/drive.google.com\/file\/d\/16WeFvkO7g_Qo-l46QOB1dUMltIUpEB6f\/view?usp=drive_link\" target=\"_blank\" rel=\"noreferrer noopener\">Curs \/ seminari d&#8217;equips de centre<\/a><\/strong>. M\u00ednim 20h.<\/li>\n\n\n\n<li><strong><a href=\"https:\/\/drive.google.com\/file\/d\/1F9J-jFS4TDPCWFYuRfZCur5cr3MiJG_w\/view?usp=drive_link\" target=\"_blank\" rel=\"noreferrer noopener\">Taller d&#8217;equips de centre<\/a><\/strong>. Sense l\u00edmit m\u00e0xim ni m\u00ednim.<\/li>\n<\/ul>\n<\/div>\n\n\n\n<div class=\"wp-block-column is-layout-flow wp-block-column-is-layout-flow\">\n<ul class=\"wp-block-list\">\n<li><strong><a href=\"https:\/\/drive.google.com\/file\/d\/1KIVFeI-Oi3avwm4yMZBgY1x99XUiKvq_\/view?usp=drive_link\" target=\"_blank\" rel=\"noreferrer noopener\">Taller.<\/a><\/strong> Sense l\u00edmit m\u00e0xim ni m\u00ednim.<\/li>\n\n\n\n<li><strong><a href=\"https:\/\/drive.google.com\/file\/d\/1gEkpOLoJkC_z_jIchAA4nqlowGryRB6J\/view?usp=drive_link\" target=\"_blank\" rel=\"noreferrer noopener\">Curs<\/a><\/strong>. M\u00ednim 15h.<\/li>\n\n\n\n<li><a href=\"https:\/\/drive.google.com\/file\/d\/1cuGfAdbOEfIc7vQF9qHxjXIju-AyIzvR\/view?usp=drive_link\" target=\"_blank\" rel=\"noreferrer noopener\"><strong>Seminari<\/strong><\/a>. M\u00ednim 20h.<\/li>\n\n\n\n<li><strong><a href=\"https:\/\/drive.google.com\/file\/d\/1I-48-F7FdxOsSNUHEiY0NwxTKL40JC9H\/view?usp=drive_link\" target=\"_blank\" rel=\"noreferrer noopener\">Grup de treball<\/a><\/strong>. M\u00ednim 30h. M\u00e0xim 90h.<\/li>\n\n\n\n<li><strong><a href=\"https:\/\/drive.google.com\/file\/d\/1YRG8BRciFI9BJPXdbZeUEFoYONNGQcje\/view?usp=drive_link\" target=\"_blank\" rel=\"noreferrer noopener\">Confer\u00e8ncia, taula rodona, trobada pedag\u00f2gica, intercanvi d&#8217;experi\u00e8ncies, jornades i cicles de confer\u00e8ncies<\/a><\/strong> * Certificable a partir de 5 hores<\/li>\n<\/ul>\n<\/div>\n<\/div>\n<\/div><\/div><\/div><\/div><\/div>\n\n\n\n<div class=\"wp-block-getwid-section alignfull alignfull getwid-section-content-custom-width\"><div class=\"wp-block-getwid-section__wrapper getwid-padding-left-medium getwid-padding-right-medium\"><div class=\"wp-block-getwid-section__inner-wrapper\" style=\"max-width:1140px\"><div class=\"wp-block-getwid-section__background-holder\"><div class=\"wp-block-getwid-section__background\"><\/div><div class=\"wp-block-getwid-section__foreground\"><\/div><\/div><div class=\"wp-block-getwid-section__content\"><div class=\"wp-block-getwid-section__inner-content\">\n<div class=\"wp-block-getwid-advanced-heading\" style=\"margin-bottom:0px;margin-top:0px\"><span class=\"wp-block-getwid-advanced-heading__content has-background has-ast-global-color-1-background-color\" style=\"text-align:center\"><strong><strong>ACTIVITATS CONSOLIDADES<\/strong><\/strong><\/span><\/div>\n\n\n\n<p class=\"has-text-align-center has-very-light-gray-to-cyan-bluish-gray-gradient-background has-background\"><strong><a href=\"https:\/\/aplicacions.gestioeducativa.gencat.cat\/pls\/soloas\/pk_for_mod_ins.p_for_cons_activitats?p_any=2025-2026&amp;p_totes=s&amp;p_crp=201\"> <\/a><a href=\"https:\/\/aplicacions.gestioeducativa.gencat.cat\/pls\/soloas\/pk_for_mod_ins.p_for_cons_activitats?p_any=2025-2026&amp;p_totes=s&amp;p_crp=201\" target=\"_blank\" rel=\"noreferrer noopener\">PFZ Alt Pened\u00e8s curs 2025-2026<\/a><\/strong><\/p>\n\n\n\n<div class=\"wp-block-columns has-3-columns is-layout-flex wp-container-core-columns-is-layout-3 wp-block-columns-is-layout-flex\">\n<div class=\"wp-block-column is-layout-flow wp-block-column-is-layout-flow\">\n<ul class=\"wp-block-list\">\n<li><\/li>\n<\/ul>\n<\/div>\n\n\n\n<div class=\"wp-block-column is-layout-flow wp-block-column-is-layout-flow\">\n<ul class=\"wp-block-list\">\n<li>Coordinaci\u00f3 de direccions de prim\u00e0ria<\/li>\n\n\n\n<li>Coordinaci\u00f3 direccions de secund\u00e0ria<\/li>\n\n\n\n<li>Coordinaci\u00f3 Caps d&#8217;estudi de prim\u00e0ria<\/li>\n\n\n\n<li>Coordinaci\u00f3 secretaris de prim\u00e0ria<\/li>\n\n\n\n<li>Biblioteques escolars Alt Pened\u00e8s<\/li>\n\n\n\n<li>Coeducaci\u00f3 i Pedagogies feministes<\/li>\n\n\n\n<li>Experi\u00e8ncies 0-3<\/li>\n\n\n\n<li>Coordinaci\u00f3 P-S Vilafranca<\/li>\n\n\n\n<li>Coordinaci\u00f3 d&#8217;orientadors\/es de secund\u00e0ria<\/li>\n<\/ul>\n<\/div>\n\n\n\n<div class=\"wp-block-column is-layout-flow wp-block-column-is-layout-flow\">\n<ul class=\"wp-block-list\">\n<li>Primer Glop<\/li>\n\n\n\n<li>Jornada PSEC Alt Pened\u00e8s<\/li>\n\n\n\n<li>English Day Alt Pened\u00e8s<\/li>\n<\/ul>\n<\/div>\n<\/div>\n<\/div><\/div><\/div><\/div><\/div>\n\n\n\n<div class=\"wp-block-getwid-section alignfull alignfull getwid-section-content-custom-width\"><div class=\"wp-block-getwid-section__wrapper getwid-padding-left-medium getwid-padding-right-medium\"><div class=\"wp-block-getwid-section__inner-wrapper\" style=\"max-width:1140px\"><div class=\"wp-block-getwid-section__background-holder\"><div class=\"wp-block-getwid-section__background\"><\/div><div class=\"wp-block-getwid-section__foreground\"><\/div><\/div><div class=\"wp-block-getwid-section__content\"><div class=\"wp-block-getwid-section__inner-content\">\n<div class=\"wp-block-getwid-advanced-heading\" style=\"margin-bottom:0px;margin-top:0px\"><span class=\"wp-block-getwid-advanced-heading__content has-background has-ast-global-color-1-background-color\" style=\"text-align:center\"><strong>ACTIVITATS TIPIFICADES<\/strong><\/span><\/div>\n\n\n\n<p class=\"has-text-align-center has-very-light-gray-to-cyan-bluish-gray-gradient-background has-background\"><strong><a href=\"https:\/\/xtec.gencat.cat\/ca\/formacio\/cataleg-de-formacio\/\" target=\"_blank\" rel=\"noreferrer noopener\">Consulta el cat\u00e0leg de formaci\u00f3<\/a> \u00b7 <a href=\"https:\/\/xtec.gencat.cat\/ca\/innovacio\/programes_innovacio\/\" target=\"_blank\" rel=\"noreferrer noopener\">Programes d&#8217;innovaci\u00f3<\/a> \u00b7 <a href=\"https:\/\/projectes.xtec.cat\/nou-curriculum\/oferta-formativa\/\" target=\"_blank\" rel=\"noreferrer noopener\">Oferta Formativa Subdirecci\u00f3 General d&#8217;Ordenaci\u00f3 Curricular<\/a> \u00b7 <a href=\"https:\/\/drive.google.com\/file\/d\/1_5XwNkdgpHnekbXkPiuJHf7-8Odw3gVI\/view?usp=drive_link\" target=\"_blank\" rel=\"noreferrer noopener\">Oferta ELIC<\/a> \u00b7 <a href=\"https:\/\/drive.google.com\/file\/d\/1yYevXbpwqBTnXz3uRM_ERzRfe2A8zyNX\/view\" target=\"_blank\" rel=\"noreferrer noopener\">Proposta formativa  de Rob\u00f2tica i fabricaci\u00f3 digital<\/a><\/strong> \u00b7 <a href=\"https:\/\/drive.google.com\/file\/d\/1q4U6tWKLdHw-Umwt6Mo19YiszVvx5S37\/view?usp=drive_link\" target=\"_blank\" rel=\"noreferrer noopener\"><strong>Formacions del Servei de Suports i Recursos Ling\u00fc\u00edstics<\/strong><\/a><\/p>\n\n\n\n<div class=\"wp-block-columns has-3-columns is-layout-flex wp-container-core-columns-is-layout-4 wp-block-columns-is-layout-flex\">\n<div class=\"wp-block-column is-layout-flow wp-block-column-is-layout-flow\">\n<ul class=\"wp-block-list\">\n<li>Pensament computacional i rob\u00f2tica per a escoles d&#8217;infantil i prim\u00e0ria (FIC).<\/li>\n\n\n\n<li>Tast Curricular (Taller a centre)<\/li>\n<\/ul>\n<\/div>\n\n\n\n<div class=\"wp-block-column is-layout-flow wp-block-column-is-layout-flow\">\n<ul class=\"wp-block-list\">\n<li>Suport Vital B\u00e0sic<\/li>\n\n\n\n<li>Subxarxes \u00c0rea Digital<\/li>\n\n\n\n<li>Escoles Verdes<\/li>\n<\/ul>\n<\/div>\n\n\n\n<div class=\"wp-block-column is-layout-flow wp-block-column-is-layout-flow\">\n<ul class=\"wp-block-list\">\n<li>Servei Comunitari<\/li>\n\n\n\n<li>Formaci\u00f3 inicial tutors\/es AA i CLIC novells<\/li>\n\n\n\n<li>Xarxa XCO (Petit Congr\u00e9s)<\/li>\n\n\n\n<li>Grups de treball PEE<\/li>\n<\/ul>\n<\/div>\n<\/div>\n<\/div><\/div><\/div><\/div><\/div>\n","protected":false},"excerpt":{"rendered":"","protected":false},"author":1,"featured_media":0,"parent":416,"menu_order":11,"comment_status":"closed","ping_status":"closed","template":"","meta":{"site-sidebar-layout":"default","site-content-layout":"","ast-site-content-layout":"default","site-content-style":"default","site-sidebar-style":"default","ast-global-header-display":"","ast-banner-title-visibility":"","ast-main-header-display":"","ast-hfb-above-header-display":"","ast-hfb-below-header-display":"","ast-hfb-mobile-header-display":"","site-post-title":"","ast-breadcrumbs-content":"","ast-featured-img":"","footer-sml-layout":"","theme-transparent-header-meta":"","adv-header-id-meta":"","stick-header-meta":"","header-above-stick-meta":"","header-main-stick-meta":"","header-below-stick-meta":"","astra-migrate-meta-layouts":"set","ast-page-background-enabled":"default","ast-page-background-meta":{"desktop":{"background-color":"var(--ast-global-color-4)","background-image":"","background-repeat":"repeat","background-position":"center center","background-size":"auto","background-attachment":"scroll","background-type":"","background-media":"","overlay-type":"","overlay-color":"","overlay-opacity":"","overlay-gradient":""},"tablet":{"background-color":"","background-image":"","background-repeat":"repeat","background-position":"center center","background-size":"auto","background-attachment":"scroll","background-type":"","background-media":"","overlay-type":"","overlay-color":"","overlay-opacity":"","overlay-gradient":""},"mobile":{"background-color":"","background-image":"","background-repeat":"repeat","background-position":"center center","background-size":"auto","background-attachment":"scroll","background-type":"","background-media":"","overlay-type":"","overlay-color":"","overlay-opacity":"","overlay-gradient":""}},"ast-content-background-meta":{"desktop":{"background-color":"var(--ast-global-color-5)","background-image":"","background-repeat":"repeat","background-position":"center center","background-size":"auto","background-attachment":"scroll","background-type":"","background-media":"","overlay-type":"","overlay-color":"","overlay-opacity":"","overlay-gradient":""},"tablet":{"background-color":"var(--ast-global-color-5)","background-image":"","background-repeat":"repeat","background-position":"center center","background-size":"auto","background-attachment":"scroll","background-type":"","background-media":"","overlay-type":"","overlay-color":"","overlay-opacity":"","overlay-gradient":""},"mobile":{"background-color":"var(--ast-global-color-5)","background-image":"","background-repeat":"repeat","background-position":"center center","background-size":"auto","background-attachment":"scroll","background-type":"","background-media":"","overlay-type":"","overlay-color":"","overlay-opacity":"","overlay-gradient":""}},"footnotes":""},"class_list":["post-426","page","type-page","status-publish","hentry"],"post_mailing_queue_ids":[],"_links":{"self":[{"href":"https:\/\/serveiseducatius.xtec.cat\/altpenedes\/wp-json\/wp\/v2\/pages\/426","targetHints":{"allow":["GET"]}}],"collection":[{"href":"https:\/\/serveiseducatius.xtec.cat\/altpenedes\/wp-json\/wp\/v2\/pages"}],"about":[{"href":"https:\/\/serveiseducatius.xtec.cat\/altpenedes\/wp-json\/wp\/v2\/types\/page"}],"author":[{"embeddable":true,"href":"https:\/\/serveiseducatius.xtec.cat\/altpenedes\/wp-json\/wp\/v2\/users\/1"}],"replies":[{"embeddable":true,"href":"https:\/\/serveiseducatius.xtec.cat\/altpenedes\/wp-json\/wp\/v2\/comments?post=426"}],"version-history":[{"count":5,"href":"https:\/\/serveiseducatius.xtec.cat\/altpenedes\/wp-json\/wp\/v2\/pages\/426\/revisions"}],"predecessor-version":[{"id":16055,"href":"https:\/\/serveiseducatius.xtec.cat\/altpenedes\/wp-json\/wp\/v2\/pages\/426\/revisions\/16055"}],"up":[{"embeddable":true,"href":"https:\/\/serveiseducatius.xtec.cat\/altpenedes\/wp-json\/wp\/v2\/pages\/416"}],"wp:attachment":[{"href":"https:\/\/serveiseducatius.xtec.cat\/altpenedes\/wp-json\/wp\/v2\/media?parent=426"}],"curies":[{"name":"wp","href":"https:\/\/api.w.org\/{rel}","templated":true}]}}