{"id":414,"date":"2015-11-25T15:58:37","date_gmt":"2015-11-25T14:58:37","guid":{"rendered":"http:\/\/serveiseducatius.xtec.cat\/se-altpenedes\/?page_id=414"},"modified":"2025-11-27T13:28:17","modified_gmt":"2025-11-27T12:28:17","slug":"pla-de-formacio-de-zona-pfz","status":"publish","type":"page","link":"https:\/\/serveiseducatius.xtec.cat\/altpenedes\/formacio\/pla-de-formacio-de-zona-pfz\/","title":{"rendered":"Calendari PFZ 2025-2026"},"content":{"rendered":"<p><a href=\"http:\/\/serveiseducatius.xtec.cat\/se-altpenedes\/wp-content\/uploads\/usu763\/2015\/11\/pfz.jpg\"><img loading=\"lazy\" decoding=\"async\" class=\" aire wp-image-422 alignright\" src=\"http:\/\/serveiseducatius.xtec.cat\/se-altpenedes\/wp-content\/uploads\/usu763\/2015\/11\/pfz.jpg\" alt=\"pfz\" width=\"142\" height=\"108\" srcset=\"https:\/\/serveiseducatius.xtec.cat\/altpenedes\/wp-content\/uploads\/usu763\/2015\/11\/pfz.jpg 258w, https:\/\/serveiseducatius.xtec.cat\/altpenedes\/wp-content\/uploads\/usu763\/2015\/11\/pfz-200x150.jpg 200w\" sizes=\"auto, (max-width: 142px) 100vw, 142px\" \/><\/a>El Departament d\u2019Educaci\u00f3 i Formaci\u00f3 Professional ha establert un conjunt de l\u00ednies de formaci\u00f3 permanent per donar resposta a les necessitats de formaci\u00f3 permanent dels centres educatius i dels docents de Catalunya. <strong>El Pla de Formaci\u00f3 de Zona (PFZ) de l&#8217;Alt Pened\u00e8s<\/strong>\u00a0\u00e9s la planificaci\u00f3 a nivell comarcal de la formaci\u00f3 permanent del professorat, la qual incorpora les activitats de formaci\u00f3 en centre i altres activitats adre\u00e7ades a tot el professorat de la comarca. El professorat hi participa a trav\u00e9s del proc\u00e9s de detecci\u00f3 de necessitats (<a href=\"http:\/\/serveiseducatius.xtec.cat\/altpenedes\/formacio\/deteccio-necessitats\/\">demandes formatives<\/a>) i mitjan\u00e7ant la seva representaci\u00f3 en la comissi\u00f3 del PFZ de\u00a0l&#8217;Alt Pened\u00e8s.<\/p>\n<h4>PFZ 2025-2026<\/h4>\n<table class=\"table\" style=\"width: 100%; height: 160px;\">\n<tbody>\n<tr style=\"height: 32px;\">\n<td style=\"height: 32px;\"><strong>Per\u00edodes d&#8217;inscripci\u00f3<\/strong><\/td>\n<td style=\"height: 32px;\"><strong>Sol\u00b7licitud de pla\u00e7a<\/strong><\/td>\n<td style=\"height: 32px;\"><strong>Consulta d\u2019adjudicacions<\/strong><\/td>\n<td style=\"height: 32px;\"><strong>Inici de les activitats<\/strong><\/td>\n<\/tr>\n<tr style=\"height: 32px;\">\n<td style=\"background-color: #ccf5c9; height: 32px;\"><span style=\"color: #000000;\">Primer torn<\/span><\/td>\n<td style=\"background-color: #ccf5c9; height: 32px;\">del 5 al 21 de setembre<\/td>\n<td style=\"background-color: #ccf5c9; height: 32px;\">7 d\u2019octubre<\/td>\n<td style=\"background-color: #ccf5c9; height: 32px;\">a partir del 13 d&#8217;octubre de 2025<\/td>\n<\/tr>\n<tr style=\"height: 32px;\">\n<td style=\"height: 32px;\">Segon torn<\/td>\n<td style=\"height: 32px;\">del 7 al 15 de gener<\/td>\n<td style=\"height: 32px;\">30 de gener<\/td>\n<td style=\"height: 32px;\">a partir del 5 de febrer de 2026<\/td>\n<\/tr>\n<\/tbody>\n<\/table>\n<ul>\n<li>Presentaci\u00f3 de les propostes formatives a la Comissi\u00f3 del PFZ Alt Pened\u00e8s: maig (1r torn) i octubre (2n torn).<\/li>\n<\/ul>\n<p dir=\"ltr\">Recordeu que per inscriure-us a una activitat de formaci\u00f3 cal que tingueu el correu XTEC activat. Si teniu problemes per entrar al correu, dirigiu-vos a l&#8217;apartat de<a href=\"https:\/\/xtec.gencat.cat\/ca\/at_usuari\/gestio\/\" target=\"_blank\" rel=\"noopener\">\u00a0gesti\u00f3 d&#8217;usuaris<\/a>\u00a0de la XTEC.<\/p>\n<p><strong>\u00a0M\u00e9s informaci\u00f3<\/strong><\/p>\n<ul>\n<li><a href=\"http:\/\/xtec.gencat.cat\/ca\/formacio\/\" target=\"_blank\" rel=\"noopener noreferrer\">Informaci\u00f3 general (XTEC)<\/a><\/li>\n<li><a href=\"http:\/\/xtec.gencat.cat\/ca\/formacio\/info-general\/plans-formacio-zona\/\" target=\"_blank\" rel=\"noopener noreferrer\">Pla de formaci\u00f3 de zona (XTEC)<\/a><\/li>\n<\/ul>\n","protected":false},"excerpt":{"rendered":"<p>El Departament d\u2019Educaci\u00f3 i Formaci\u00f3 Professional ha establert un conjunt de l\u00ednies de formaci\u00f3 permanent per donar resposta a les [&hellip;]<\/p>\n","protected":false},"author":1,"featured_media":0,"parent":416,"menu_order":10,"comment_status":"closed","ping_status":"closed","template":"","meta":{"site-sidebar-layout":"default","site-content-layout":"","ast-site-content-layout":"default","site-content-style":"default","site-sidebar-style":"default","ast-global-header-display":"","ast-banner-title-visibility":"","ast-main-header-display":"","ast-hfb-above-header-display":"","ast-hfb-below-header-display":"","ast-hfb-mobile-header-display":"","site-post-title":"","ast-breadcrumbs-content":"","ast-featured-img":"","footer-sml-layout":"","theme-transparent-header-meta":"","adv-header-id-meta":"","stick-header-meta":"","header-above-stick-meta":"","header-main-stick-meta":"","header-below-stick-meta":"","astra-migrate-meta-layouts":"set","ast-page-background-enabled":"default","ast-page-background-meta":{"desktop":{"background-color":"var(--ast-global-color-4)","background-image":"","background-repeat":"repeat","background-position":"center center","background-size":"auto","background-attachment":"scroll","background-type":"","background-media":"","overlay-type":"","overlay-color":"","overlay-opacity":"","overlay-gradient":""},"tablet":{"background-color":"","background-image":"","background-repeat":"repeat","background-position":"center center","background-size":"auto","background-attachment":"scroll","background-type":"","background-media":"","overlay-type":"","overlay-color":"","overlay-opacity":"","overlay-gradient":""},"mobile":{"background-color":"","background-image":"","background-repeat":"repeat","background-position":"center center","background-size":"auto","background-attachment":"scroll","background-type":"","background-media":"","overlay-type":"","overlay-color":"","overlay-opacity":"","overlay-gradient":""}},"ast-content-background-meta":{"desktop":{"background-color":"var(--ast-global-color-5)","background-image":"","background-repeat":"repeat","background-position":"center center","background-size":"auto","background-attachment":"scroll","background-type":"","background-media":"","overlay-type":"","overlay-color":"","overlay-opacity":"","overlay-gradient":""},"tablet":{"background-color":"var(--ast-global-color-5)","background-image":"","background-repeat":"repeat","background-position":"center center","background-size":"auto","background-attachment":"scroll","background-type":"","background-media":"","overlay-type":"","overlay-color":"","overlay-opacity":"","overlay-gradient":""},"mobile":{"background-color":"var(--ast-global-color-5)","background-image":"","background-repeat":"repeat","background-position":"center center","background-size":"auto","background-attachment":"scroll","background-type":"","background-media":"","overlay-type":"","overlay-color":"","overlay-opacity":"","overlay-gradient":""}},"footnotes":""},"class_list":["post-414","page","type-page","status-publish","hentry"],"post_mailing_queue_ids":[],"_links":{"self":[{"href":"https:\/\/serveiseducatius.xtec.cat\/altpenedes\/wp-json\/wp\/v2\/pages\/414","targetHints":{"allow":["GET"]}}],"collection":[{"href":"https:\/\/serveiseducatius.xtec.cat\/altpenedes\/wp-json\/wp\/v2\/pages"}],"about":[{"href":"https:\/\/serveiseducatius.xtec.cat\/altpenedes\/wp-json\/wp\/v2\/types\/page"}],"author":[{"embeddable":true,"href":"https:\/\/serveiseducatius.xtec.cat\/altpenedes\/wp-json\/wp\/v2\/users\/1"}],"replies":[{"embeddable":true,"href":"https:\/\/serveiseducatius.xtec.cat\/altpenedes\/wp-json\/wp\/v2\/comments?post=414"}],"version-history":[{"count":6,"href":"https:\/\/serveiseducatius.xtec.cat\/altpenedes\/wp-json\/wp\/v2\/pages\/414\/revisions"}],"predecessor-version":[{"id":15706,"href":"https:\/\/serveiseducatius.xtec.cat\/altpenedes\/wp-json\/wp\/v2\/pages\/414\/revisions\/15706"}],"up":[{"embeddable":true,"href":"https:\/\/serveiseducatius.xtec.cat\/altpenedes\/wp-json\/wp\/v2\/pages\/416"}],"wp:attachment":[{"href":"https:\/\/serveiseducatius.xtec.cat\/altpenedes\/wp-json\/wp\/v2\/media?parent=414"}],"curies":[{"name":"wp","href":"https:\/\/api.w.org\/{rel}","templated":true}]}}