{"id":889,"date":"2015-11-29T15:07:18","date_gmt":"2015-11-29T14:07:18","guid":{"rendered":"http:\/\/serveiseducatius.xtec.cat\/altmaresme\/?page_id=889"},"modified":"2016-04-13T15:03:03","modified_gmt":"2016-04-13T14:03:03","slug":"revistes","status":"publish","type":"page","link":"https:\/\/serveiseducatius.xtec.cat\/altmaresme\/recursos\/revistes\/","title":{"rendered":"Revistes"},"content":{"rendered":"<p><strong><a href=\"http:\/\/ambitsdepsicopedagogiaiorientacio.cat\/?lang=es\">\u00c0mbits de psicopedagogia<br \/>\n<\/a><\/strong>Psicopedagogia i educaci\u00f3. S\u2019adre\u00e7a a professionals de la psicologia educativa, psicopedagogs, mestres i professionals vinculats al m\u00f3n educatiu.<br \/>\nArticles d&#8217;acc\u00e9s lliure.<\/p>\n<p><strong><a href=\"http:\/\/www.cuadernosdepedagogia.com\/\">Cuadernos de pedagog\u00eda<\/a><br \/>\n<\/strong>Revista mensual que ofereix tota l\u2019actualitat del sector de l\u2019ensenyament en forma d\u2019experi\u00e8ncies, articles d\u2019opini\u00f3, entrevistes, reportatges, legislaci\u00f3, propostes innovadores i ressenyes bibliogr\u00e0fiques.<\/p>\n<p><strong>Faristol<\/strong><br \/>\n\u00c9s la revista del Consell Catal\u00e0 del llibre per a Infants i Joves. Dirigida als mediadors i lectors amb la finalitat d\u2019ajudar-los a mantenir-se informats de l\u2019actualitat del llibre en catal\u00e0.<br \/>\nArticles d&#8217;acc\u00e9s lliure<\/p>\n<p><strong>Guix<br \/>\n<\/strong>Des de 1997, Guix es mant\u00e9 fidel a la tradici\u00f3 educativa i donant suport a la renovaci\u00f3 educativa pedag\u00f2gica a trav\u00e9s de la reflexi\u00f3 i la pr\u00e0ctica.<\/p>\n<p><strong>Perspectiva escolar<\/strong><br \/>\nRevista adre\u00e7ada als professionals dels sistema educatiu que s&#8217;ocupa de difondre accions educatives d&#8217;innovaci\u00f3 i promoure reflexions sobre els reptes de l&#8217;ensenyament obligatori.<\/p>\n<p><strong>Serra d&#8217;Or<br \/>\n<\/strong>Iniciada el 1959 amb l&#8217;objectiu de divulgar l&#8217;alta cultura. \u00c9s una revista destacable dins l&#8217;entremat cultural dels Pa\u00efsos Catalans.<\/p>\n<p>Altres enlla\u00e7os d&#8217;inter\u00e8s a xtec: <a href=\"http:\/\/xtec.gencat.cat\/ca\/centres\/directori\/webscentres\/revistes\/\" target=\"_blank\">http:\/\/xtec.gencat.cat\/ca\/centres\/directori\/webscentres\/revistes\/<\/a><\/p>\n<p>&nbsp;<\/p>\n","protected":false},"excerpt":{"rendered":"<p><a href=\"http:\/\/ambitsdepsicopedagogiaiorientacio.cat\/?lang=es\">\u00c0mbits de psicopedagogia<br \/>\n<\/a>Psicopedagogia i educaci\u00f3. S\u2019adre\u00e7a a professionals de la psicologia educativa, psicopedagogs, mestres i professionals vinculats al m\u00f3n educatiu.<br \/>\nArticles d&#8217;acc\u00e9s lliure.<br \/>\n<a href=\"http:\/\/www.cuadernosdepedagogia.com\/\">Cuadernos de pedagog\u00eda<\/a><br \/>\nRevista mensual que ofereix tota l\u2019actualitat del sector de l\u2019ensenyament en forma d\u2019experi\u00e8ncies, articles d\u2019opini\u00f3, entrevistes, reportatges, legislaci\u00f3, propostes innovadores&hellip;  <a href=\"https:\/\/serveiseducatius.xtec.cat\/altmaresme\/recursos\/revistes\/\" title=\"Read Revistes\">Llegeix m\u00e9s\u00bb<\/a><\/p>\n","protected":false},"author":1,"featured_media":0,"parent":906,"menu_order":0,"comment_status":"open","ping_status":"closed","template":"","meta":{"_bbp_topic_count":0,"_bbp_reply_count":0,"_bbp_total_topic_count":0,"_bbp_total_reply_count":0,"_bbp_voice_count":0,"_bbp_anonymous_reply_count":0,"_bbp_topic_count_hidden":0,"_bbp_reply_count_hidden":0,"_bbp_forum_subforum_count":0,"footnotes":""},"class_list":["post-889","page","type-page","status-publish","hentry"],"post_mailing_queue_ids":[],"_links":{"self":[{"href":"https:\/\/serveiseducatius.xtec.cat\/altmaresme\/wp-json\/wp\/v2\/pages\/889","targetHints":{"allow":["GET"]}}],"collection":[{"href":"https:\/\/serveiseducatius.xtec.cat\/altmaresme\/wp-json\/wp\/v2\/pages"}],"about":[{"href":"https:\/\/serveiseducatius.xtec.cat\/altmaresme\/wp-json\/wp\/v2\/types\/page"}],"author":[{"embeddable":true,"href":"https:\/\/serveiseducatius.xtec.cat\/altmaresme\/wp-json\/wp\/v2\/users\/1"}],"replies":[{"embeddable":true,"href":"https:\/\/serveiseducatius.xtec.cat\/altmaresme\/wp-json\/wp\/v2\/comments?post=889"}],"version-history":[{"count":3,"href":"https:\/\/serveiseducatius.xtec.cat\/altmaresme\/wp-json\/wp\/v2\/pages\/889\/revisions"}],"predecessor-version":[{"id":8348,"href":"https:\/\/serveiseducatius.xtec.cat\/altmaresme\/wp-json\/wp\/v2\/pages\/889\/revisions\/8348"}],"up":[{"embeddable":true,"href":"https:\/\/serveiseducatius.xtec.cat\/altmaresme\/wp-json\/wp\/v2\/pages\/906"}],"wp:attachment":[{"href":"https:\/\/serveiseducatius.xtec.cat\/altmaresme\/wp-json\/wp\/v2\/media?parent=889"}],"curies":[{"name":"wp","href":"https:\/\/api.w.org\/{rel}","templated":true}]}}

<p><strong><a href="http://ambitsdepsicopedagogiaiorientacio.cat/?lang=es">Àmbits de psicopedagogia<br />
</a></strong>Psicopedagogia i educació. S’adreça a professionals de la psicologia educativa, psicopedagogs, mestres i professionals vinculats al món educatiu.<br />
Articles d&#8217;accés lliure.</p>
<p><strong><a href="http://www.cuadernosdepedagogia.com/">Cuadernos de pedagogía</a><br />
</strong>Revista mensual que ofereix tota l’actualitat del sector de l’ensenyament en forma d’experiències, articles d’opinió, entrevistes, reportatges, legislació, propostes innovadores i ressenyes bibliogràfiques.</p>
<p><strong>Faristol</strong><br />
És la revista del Consell Català del llibre per a Infants i Joves. Dirigida als mediadors i lectors amb la finalitat d’ajudar-los a mantenir-se informats de l’actualitat del llibre en català.<br />
Articles d&#8217;accés lliure</p>
<p><strong>Guix<br />
</strong>Des de 1997, Guix es manté fidel a la tradició educativa i donant suport a la renovació educativa pedagògica a través de la reflexió i la pràctica.</p>
<p><strong>Perspectiva escolar</strong><br />
Revista adreçada als professionals dels sistema educatiu que s&#8217;ocupa de difondre accions educatives d&#8217;innovació i promoure reflexions sobre els reptes de l&#8217;ensenyament obligatori.</p>
<p><strong>Serra d&#8217;Or<br />
</strong>Iniciada el 1959 amb l&#8217;objectiu de divulgar l&#8217;alta cultura. És una revista destacable dins l&#8217;entremat cultural dels Països Catalans.</p>
<p>Altres enllaços d&#8217;interès a xtec: <a href="http://xtec.gencat.cat/ca/centres/directori/webscentres/revistes/" target="_blank">http://xtec.gencat.cat/ca/centres/directori/webscentres/revistes/</a></p>
<p>&nbsp;</p>

<p><a href="http://ambitsdepsicopedagogiaiorientacio.cat/?lang=es">Àmbits de psicopedagogia<br />
</a>Psicopedagogia i educació. S’adreça a professionals de la psicologia educativa, psicopedagogs, mestres i professionals vinculats al món educatiu.<br />
Articles d&#8217;accés lliure.<br />
<a href="http://www.cuadernosdepedagogia.com/">Cuadernos de pedagogía</a><br />
Revista mensual que ofereix tota l’actualitat del sector de l’ensenyament en forma d’experiències, articles d’opinió, entrevistes, reportatges, legislació, propostes innovadores&hellip;  <a href="https://serveiseducatius.xtec.cat/altmaresme/recursos/revistes/" title="Read Revistes">Llegeix més»</a></p>
