{"id":791,"date":"2014-05-08T16:14:02","date_gmt":"2014-05-08T15:14:02","guid":{"rendered":"http:\/\/serveieducatiu.eu\/?page_id=791"},"modified":"2020-01-29T22:46:10","modified_gmt":"2020-01-29T21:46:10","slug":"pfz-2","status":"publish","type":"page","link":"https:\/\/serveiseducatius.xtec.cat\/altmaresme\/formacio-2\/pfz-2\/","title":{"rendered":"Pla de Formaci\u00f3 de Zona"},"content":{"rendered":"<p><strong>Pla de Formaci\u00f3 de Zona<\/strong><\/p>\n<p>El Departament d\u2019Ensenyament ha establert un conjunt de l\u00ednies de formaci\u00f3 permanent per donar resposta a les necessitats de formaci\u00f3 permanent dels centres educatius i dels docents de Catalunya.<\/p>\n<p><strong>El Pla de Formaci\u00f3 de Zona (PFZ) de l\u2019Alt Maresme<\/strong>\u00a0\u00e9s la planificaci\u00f3 a nivell comarcal de la formaci\u00f3 permanent del professorat, la qual incorpora les activitats de formaci\u00f3 en centre i altres activitats adre\u00e7ades a tot el professorat de la comarca.<\/p>\n<p>El professorat hi participa a trav\u00e9s del proc\u00e9s de detecci\u00f3 de necessitats (<a href=\"http:\/\/serveiseducatius.xtec.cat\/altmaresme\/formacio\/deteccio-necessitats\/\">demandes formatives<\/a>) i mitjan\u00e7ant la seva representaci\u00f3 en la\u00a0<strong>comissi\u00f3 del PFZ<\/strong>\u00a0de l\u2019Alt Maresme.<\/p>\n","protected":false},"excerpt":{"rendered":"<p>Pla de Formaci\u00f3 de Zona<br \/>\nEl Departament d\u2019Ensenyament ha establert un conjunt de l\u00ednies de formaci\u00f3 permanent per donar resposta a les necessitats de formaci\u00f3 permanent dels centres educatius i dels docents de Catalunya.<br \/>\nEl Pla de Formaci\u00f3 de Zona (PFZ) de l\u2019Alt Maresme\u00a0\u00e9s la planificaci\u00f3 a&hellip;  <a href=\"https:\/\/serveiseducatius.xtec.cat\/altmaresme\/formacio-2\/pfz-2\/\" title=\"Read Pla de Formaci\u00f3 de Zona\">Llegeix m\u00e9s\u00bb<\/a><\/p>\n","protected":false},"author":1,"featured_media":0,"parent":121,"menu_order":0,"comment_status":"open","ping_status":"closed","template":"page-templates\/side-menu.php","meta":{"_bbp_topic_count":0,"_bbp_reply_count":0,"_bbp_total_topic_count":0,"_bbp_total_reply_count":0,"_bbp_voice_count":0,"_bbp_anonymous_reply_count":0,"_bbp_topic_count_hidden":0,"_bbp_reply_count_hidden":0,"_bbp_forum_subforum_count":0,"footnotes":""},"class_list":["post-791","page","type-page","status-publish","hentry"],"post_mailing_queue_ids":[],"_links":{"self":[{"href":"https:\/\/serveiseducatius.xtec.cat\/altmaresme\/wp-json\/wp\/v2\/pages\/791","targetHints":{"allow":["GET"]}}],"collection":[{"href":"https:\/\/serveiseducatius.xtec.cat\/altmaresme\/wp-json\/wp\/v2\/pages"}],"about":[{"href":"https:\/\/serveiseducatius.xtec.cat\/altmaresme\/wp-json\/wp\/v2\/types\/page"}],"author":[{"embeddable":true,"href":"https:\/\/serveiseducatius.xtec.cat\/altmaresme\/wp-json\/wp\/v2\/users\/1"}],"replies":[{"embeddable":true,"href":"https:\/\/serveiseducatius.xtec.cat\/altmaresme\/wp-json\/wp\/v2\/comments?post=791"}],"version-history":[{"count":1,"href":"https:\/\/serveiseducatius.xtec.cat\/altmaresme\/wp-json\/wp\/v2\/pages\/791\/revisions"}],"predecessor-version":[{"id":11809,"href":"https:\/\/serveiseducatius.xtec.cat\/altmaresme\/wp-json\/wp\/v2\/pages\/791\/revisions\/11809"}],"up":[{"embeddable":true,"href":"https:\/\/serveiseducatius.xtec.cat\/altmaresme\/wp-json\/wp\/v2\/pages\/121"}],"wp:attachment":[{"href":"https:\/\/serveiseducatius.xtec.cat\/altmaresme\/wp-json\/wp\/v2\/media?parent=791"}],"curies":[{"name":"wp","href":"https:\/\/api.w.org\/{rel}","templated":true}]}}

Pla de Formació de Zona

<p><strong>Pla de Formació de Zona</strong></p>
<p>El Departament d’Ensenyament ha establert un conjunt de línies de formació permanent per donar resposta a les necessitats de formació permanent dels centres educatius i dels docents de Catalunya.</p>
<p><strong>El Pla de Formació de Zona (PFZ) de l’Alt Maresme</strong> és la planificació a nivell comarcal de la formació permanent del professorat, la qual incorpora les activitats de formació en centre i altres activitats adreçades a tot el professorat de la comarca.</p>
<p>El professorat hi participa a través del procés de detecció de necessitats (<a href="http://serveiseducatius.xtec.cat/altmaresme/formacio/deteccio-necessitats/">demandes formatives</a>) i mitjançant la seva representació en la <strong>comissió del PFZ</strong> de l’Alt Maresme.</p>

<p>Pla de Formació de Zona<br />
El Departament d’Ensenyament ha establert un conjunt de línies de formació permanent per donar resposta a les necessitats de formació permanent dels centres educatius i dels docents de Catalunya.<br />
El Pla de Formació de Zona (PFZ) de l’Alt Maresme és la planificació a&hellip;  <a href="https://serveiseducatius.xtec.cat/altmaresme/formacio-2/pfz-2/" title="Read Pla de Formació de Zona">Llegeix més»</a></p>
