{"id":338,"date":"2015-11-24T18:40:49","date_gmt":"2015-11-24T17:40:49","guid":{"rendered":"http:\/\/serveiseducatius.xtec.cat\/altmaresme\/?page_id=338"},"modified":"2024-01-08T17:31:53","modified_gmt":"2024-01-08T16:31:53","slug":"centres-educatius","status":"publish","type":"page","link":"https:\/\/serveiseducatius.xtec.cat\/altmaresme\/comunitat\/centres-educatius\/","title":{"rendered":"Centres educatius"},"content":{"rendered":"<p style=\"text-align: justify;\">A l&#8217;Alt Maresme hi ha 34 centres p\u00fablics d&#8217;educaci\u00f3 infantil i prim\u00e0ria, 2 instituts-escola, 16 centres d&#8217;educaci\u00f3 secund\u00e0ria, batxillerat i formaci\u00f3 professional, 9 centres privats-concertats d&#8217;educaci\u00f3 infantil, prim\u00e0ria i secund\u00e0ria, 1 centre p\u00fablic d&#8217;educaci\u00f3 especial, 19 llar d&#8217;infants p\u00fabliques, 7 llar d&#8217;infants privades i 3 escoles d&#8217;adults.<\/p>\n<p style=\"text-align: justify;\"><a href=\"https:\/\/drive.google.com\/file\/d\/1wODIboXPGEvtDh5Z8YqpsUwL14AB-dIW\/view?usp=sharing\" target=\"_blank\" rel=\"noopener\">Centres docents. SE Alt Maresme<\/a><\/p>\n<p style=\"text-align: justify;\">\n","protected":false},"excerpt":{"rendered":"<p>A l&#8217;Alt Maresme hi ha 34 centres p\u00fablics d&#8217;educaci\u00f3 infantil i prim\u00e0ria, 2 instituts-escola, 16 centres d&#8217;educaci\u00f3 secund\u00e0ria, batxillerat i formaci\u00f3 professional, 9 centres privats-concertats d&#8217;educaci\u00f3 infantil, prim\u00e0ria i secund\u00e0ria, 1 centre p\u00fablic d&#8217;educaci\u00f3 especial, 19 llar d&#8217;infants p\u00fabliques, 7 llar d&#8217;infants privades i 3&hellip;  <a href=\"https:\/\/serveiseducatius.xtec.cat\/altmaresme\/comunitat\/centres-educatius\/\" title=\"Read Centres educatius\">Llegeix m\u00e9s\u00bb<\/a><\/p>\n","protected":false},"author":1,"featured_media":0,"parent":341,"menu_order":10,"comment_status":"closed","ping_status":"closed","template":"page-templates\/side-menu.php","meta":{"_bbp_topic_count":0,"_bbp_reply_count":0,"_bbp_total_topic_count":0,"_bbp_total_reply_count":0,"_bbp_voice_count":0,"_bbp_anonymous_reply_count":0,"_bbp_topic_count_hidden":0,"_bbp_reply_count_hidden":0,"_bbp_forum_subforum_count":0,"footnotes":""},"class_list":["post-338","page","type-page","status-publish","hentry"],"post_mailing_queue_ids":[],"_links":{"self":[{"href":"https:\/\/serveiseducatius.xtec.cat\/altmaresme\/wp-json\/wp\/v2\/pages\/338","targetHints":{"allow":["GET"]}}],"collection":[{"href":"https:\/\/serveiseducatius.xtec.cat\/altmaresme\/wp-json\/wp\/v2\/pages"}],"about":[{"href":"https:\/\/serveiseducatius.xtec.cat\/altmaresme\/wp-json\/wp\/v2\/types\/page"}],"author":[{"embeddable":true,"href":"https:\/\/serveiseducatius.xtec.cat\/altmaresme\/wp-json\/wp\/v2\/users\/1"}],"replies":[{"embeddable":true,"href":"https:\/\/serveiseducatius.xtec.cat\/altmaresme\/wp-json\/wp\/v2\/comments?post=338"}],"version-history":[{"count":8,"href":"https:\/\/serveiseducatius.xtec.cat\/altmaresme\/wp-json\/wp\/v2\/pages\/338\/revisions"}],"predecessor-version":[{"id":17848,"href":"https:\/\/serveiseducatius.xtec.cat\/altmaresme\/wp-json\/wp\/v2\/pages\/338\/revisions\/17848"}],"up":[{"embeddable":true,"href":"https:\/\/serveiseducatius.xtec.cat\/altmaresme\/wp-json\/wp\/v2\/pages\/341"}],"wp:attachment":[{"href":"https:\/\/serveiseducatius.xtec.cat\/altmaresme\/wp-json\/wp\/v2\/media?parent=338"}],"curies":[{"name":"wp","href":"https:\/\/api.w.org\/{rel}","templated":true}]}}