{"id":17749,"date":"2023-11-30T12:14:36","date_gmt":"2023-11-30T11:14:36","guid":{"rendered":"https:\/\/serveiseducatius.xtec.cat\/altmaresme\/?page_id=17749"},"modified":"2023-11-30T12:52:54","modified_gmt":"2023-11-30T11:52:54","slug":"maletes-i-recursos-en-prestec-sobre-coeducacio-i-perspectiva-de-genere","status":"publish","type":"page","link":"https:\/\/serveiseducatius.xtec.cat\/altmaresme\/maletes-i-recursos-en-prestec-sobre-coeducacio-i-perspectiva-de-genere\/","title":{"rendered":"Maletes i recursos en pr\u00e9stec sobre coeducaci\u00f3 i perspectiva de g\u00e8nere"},"content":{"rendered":"<table style=\"height: 877px; width: 94.1115%;\">\n<tbody>\n<tr style=\"height: 46px;\">\n<td style=\"width: 121.148%; text-align: center; height: 46px;\" colspan=\"2\">\n<p class=\"blog-title\" style=\"text-align: left;\">Al CRP de l\u2019Alt Maresme hem distribu\u00eft el nostre nou material de coeducaci\u00f3 en 3 maletes pedag\u00f2giques que oferim en pr\u00e9stec als centres d\u2019infantil, prim\u00e0ria i secund\u00e0ria:<\/p>\n<\/td>\n<\/tr>\n<tr style=\"height: 774px;\">\n<td style=\"width: 35.5932%; text-align: center; height: 774px;\"><a href=\"https:\/\/serveiseducatius.xtec.cat\/altmaresme\/wp-content\/uploads\/usu1140\/2023\/11\/COE_INF-CI.jpg\"><img loading=\"lazy\" decoding=\"async\" class=\"alignnone size-large wp-image-17753\" src=\"https:\/\/serveiseducatius.xtec.cat\/altmaresme\/wp-content\/uploads\/usu1140\/2023\/11\/COE_INF-CI-1024x768.jpg\" alt=\"\" width=\"1024\" height=\"768\" srcset=\"https:\/\/serveiseducatius.xtec.cat\/altmaresme\/wp-content\/uploads\/usu1140\/2023\/11\/COE_INF-CI-1024x768.jpg 1024w, https:\/\/serveiseducatius.xtec.cat\/altmaresme\/wp-content\/uploads\/usu1140\/2023\/11\/COE_INF-CI-300x225.jpg 300w, https:\/\/serveiseducatius.xtec.cat\/altmaresme\/wp-content\/uploads\/usu1140\/2023\/11\/COE_INF-CI-768x576.jpg 768w, https:\/\/serveiseducatius.xtec.cat\/altmaresme\/wp-content\/uploads\/usu1140\/2023\/11\/COE_INF-CI-200x150.jpg 200w, https:\/\/serveiseducatius.xtec.cat\/altmaresme\/wp-content\/uploads\/usu1140\/2023\/11\/COE_INF-CI.jpg 1280w\" sizes=\"auto, (max-width: 1024px) 100vw, 1024px\" \/><\/a><\/p>\n<p><a href=\"https:\/\/serveiseducatius.xtec.cat\/altmaresme\/wp-content\/uploads\/usu1140\/2023\/11\/COE_CM-CS.jpg\"><img loading=\"lazy\" decoding=\"async\" class=\"alignnone size-large wp-image-17752\" src=\"https:\/\/serveiseducatius.xtec.cat\/altmaresme\/wp-content\/uploads\/usu1140\/2023\/11\/COE_CM-CS-1024x768.jpg\" alt=\"\" width=\"1024\" height=\"768\" srcset=\"https:\/\/serveiseducatius.xtec.cat\/altmaresme\/wp-content\/uploads\/usu1140\/2023\/11\/COE_CM-CS-1024x768.jpg 1024w, https:\/\/serveiseducatius.xtec.cat\/altmaresme\/wp-content\/uploads\/usu1140\/2023\/11\/COE_CM-CS-300x225.jpg 300w, https:\/\/serveiseducatius.xtec.cat\/altmaresme\/wp-content\/uploads\/usu1140\/2023\/11\/COE_CM-CS-768x576.jpg 768w, https:\/\/serveiseducatius.xtec.cat\/altmaresme\/wp-content\/uploads\/usu1140\/2023\/11\/COE_CM-CS-200x150.jpg 200w, https:\/\/serveiseducatius.xtec.cat\/altmaresme\/wp-content\/uploads\/usu1140\/2023\/11\/COE_CM-CS.jpg 1280w\" sizes=\"auto, (max-width: 1024px) 100vw, 1024px\" \/><\/a><\/p>\n<p><a href=\"https:\/\/serveiseducatius.xtec.cat\/altmaresme\/wp-content\/uploads\/usu1140\/2023\/11\/COE-SEC.jpg\"><img loading=\"lazy\" decoding=\"async\" class=\"alignnone size-large wp-image-17754\" src=\"https:\/\/serveiseducatius.xtec.cat\/altmaresme\/wp-content\/uploads\/usu1140\/2023\/11\/COE-SEC-1024x768.jpg\" alt=\"\" width=\"1024\" height=\"768\" srcset=\"https:\/\/serveiseducatius.xtec.cat\/altmaresme\/wp-content\/uploads\/usu1140\/2023\/11\/COE-SEC-1024x768.jpg 1024w, https:\/\/serveiseducatius.xtec.cat\/altmaresme\/wp-content\/uploads\/usu1140\/2023\/11\/COE-SEC-300x225.jpg 300w, https:\/\/serveiseducatius.xtec.cat\/altmaresme\/wp-content\/uploads\/usu1140\/2023\/11\/COE-SEC-768x576.jpg 768w, https:\/\/serveiseducatius.xtec.cat\/altmaresme\/wp-content\/uploads\/usu1140\/2023\/11\/COE-SEC-200x150.jpg 200w, https:\/\/serveiseducatius.xtec.cat\/altmaresme\/wp-content\/uploads\/usu1140\/2023\/11\/COE-SEC.jpg 1280w\" sizes=\"auto, (max-width: 1024px) 100vw, 1024px\" \/><\/a><\/td>\n<td style=\"width: 85.5545%; vertical-align: top; height: 774px;\">\n<p class=\"blog-title\"><a href=\"https:\/\/drive.google.com\/file\/d\/1opbtqR5fuzcVnAy3z928KE6zuEF5A0mw\/view?usp=sharing\">CONTINGUT DE LA MALETA DE COEDUCACI\u00d3 PER INFANTIL I CICLE INICIAL<\/a>.<\/p>\n<p class=\"blog-title\">(n.reg. 9777)<\/p>\n<p>&nbsp;<\/p>\n<p>&nbsp;<\/p>\n<p>&nbsp;<\/p>\n<p>&nbsp;<\/p>\n<p>&nbsp;<\/p>\n<p><a href=\"https:\/\/drive.google.com\/file\/d\/17_mp9moRiVwcF1WgtPGwj3N8RTR2qBLD\/view?usp=sharing\">CONTINGUT DE LA MALETA DE COEDUCACI\u00d3 PER CICLE MITJ\u00c0 I CICLE SUPERIOR<\/a>.<\/p>\n<p>(n.reg. 7734)<\/p>\n<p>&nbsp;<\/p>\n<p>&nbsp;<\/p>\n<p>&nbsp;<\/p>\n<p>&nbsp;<\/p>\n<p><a href=\"https:\/\/drive.google.com\/file\/d\/1Na62aaIY-Eyt_W81vMvYMdIdSKxJD3VX\/view?usp=sharing\">CONTINGUT DE LA MALETA DE COEDUCACI\u00d3 PER SECUND\u00c0RIA<\/a><a href=\"https:\/\/drive.google.com\/file\/d\/1zwBaH4UEJOBHiuec9yYObnFjh-t7X9Tn\/view?usp=sharing\">.<\/a><\/p>\n<p>(n.reg. 8002)<\/p>\n<p>&nbsp;<\/p>\n<p>&nbsp;<\/p>\n<p>Les maletes inclouen un dossier amb propostes i tamb\u00e9 es complementen amb altres recursos en format digital.<\/td>\n<\/tr>\n<tr>\n<td style=\"width: 121.148%; text-align: center;\" colspan=\"2\">\n<p class=\"blog-title\" style=\"text-align: left;\">Altres materials sobre perspectiva de g\u00e8nere i coeducaci\u00f3:<\/p>\n<\/td>\n<\/tr>\n<tr style=\"height: 57px;\">\n<td style=\"width: 35.5932%; text-align: center; height: 57px;\">Roll-up que recull l&#8217;itinerari de l&#8217;educaci\u00f3 afectivosexual.<\/p>\n<p><a href=\"https:\/\/drive.google.com\/file\/d\/1FHhXquHJrUVXNMQYjvx2QLm0uSyXroAq\/view?usp=sharing\"><img loading=\"lazy\" decoding=\"async\" class=\"size-full wp-image-16888 aligncenter\" src=\"https:\/\/serveiseducatius.xtec.cat\/altmaresme\/wp-content\/uploads\/usu1140\/2022\/12\/itinerari.png\" alt=\"\" width=\"677\" height=\"169\" srcset=\"https:\/\/serveiseducatius.xtec.cat\/altmaresme\/wp-content\/uploads\/usu1140\/2022\/12\/itinerari.png 677w, https:\/\/serveiseducatius.xtec.cat\/altmaresme\/wp-content\/uploads\/usu1140\/2022\/12\/itinerari-300x75.png 300w\" sizes=\"auto, (max-width: 677px) 100vw, 677px\" \/><\/a><\/p>\n<p style=\"text-align: justify;\">Al CRP disposem d&#8217;un roll-up que reprodueix aquest itinerari en format 85x200cm que desgrana els 6 eixos per a les diferents etapes (educaci\u00f3 infantil, cicle inicial, cicle mitj\u00e0, cicle superior, 1r-2n ESO i 3r-4t ESO):<\/p>\n<p style=\"text-align: justify;\">eix1: societat, drets sexuals i reproductius<\/p>\n<p style=\"text-align: justify;\">eix2: relacions<\/p>\n<p style=\"text-align: justify;\">eix3: la construcci\u00f3 de g\u00e8nere<\/p>\n<p style=\"text-align: justify;\">eix4:cossos, autoconeixement i desenvolupament<\/p>\n<p style=\"text-align: justify;\">eix5: plaers, sexualitats i desitjos sexuals<\/p>\n<p style=\"text-align: justify;\">eix6: habilitats per a l&#8217;autocura de la salut sexual i reproductiva)<\/p>\n<p style=\"text-align: justify;\">Es tracta el nou paradigma de la sexualitat i de com abordar-la als centres per poder recon\u00e8ixer i donar resposta a tot l\u2019alumnat.\u00a0 Per poder exercir els drets individuals de cada infant, noi\/a o jove els caldr\u00e0 formaci\u00f3 i informaci\u00f3 a totes les etapes.<\/p>\n<p style=\"text-align: justify;\">Cal tamb\u00e9 treballar la salut sexual des de la perspectiva del plaer i de la promoci\u00f3 de la salut que posa en el centre l\u2019autonomia de les persones en la presa de decisions i en la capacitat que tothom t\u00e9 de tenir cura del propi cos i del dels altres. Les persones connectades amb el seu plaer s\u00f3n persones capaces de negociar pr\u00e0ctiques m\u00e9s segures i que els donin m\u00e9s benestar.<\/p>\n<\/td>\n<td style=\"width: 85.5545%; height: 57px;\">\n<p class=\"blog-title\"><a href=\"https:\/\/drive.google.com\/file\/d\/1RARAGiFskym83hCx5eutyan5q4BzZP2x\/view?usp=sharing\"><img loading=\"lazy\" decoding=\"async\" class=\"size-large wp-image-17755 aligncenter\" src=\"https:\/\/serveiseducatius.xtec.cat\/altmaresme\/wp-content\/uploads\/usu1140\/2023\/11\/photo_2022-07-05_13-42-38-494x1024.jpg\" alt=\"\" width=\"494\" height=\"1024\" srcset=\"https:\/\/serveiseducatius.xtec.cat\/altmaresme\/wp-content\/uploads\/usu1140\/2023\/11\/photo_2022-07-05_13-42-38-494x1024.jpg 494w, https:\/\/serveiseducatius.xtec.cat\/altmaresme\/wp-content\/uploads\/usu1140\/2023\/11\/photo_2022-07-05_13-42-38-145x300.jpg 145w, https:\/\/serveiseducatius.xtec.cat\/altmaresme\/wp-content\/uploads\/usu1140\/2023\/11\/photo_2022-07-05_13-42-38.jpg 617w\" sizes=\"auto, (max-width: 494px) 100vw, 494px\" \/><\/a><\/p>\n<p>Acc\u00e9s a <a href=\"https:\/\/blocs.xtec.cat\/coeducacioiigualtat\/2022\/02\/01\/educacio-afectivosexual\/\">orientacions per a l&#8217;educaci\u00f3 afectivosexual per cicles<\/a> (p\u00e0gina original de Coeduca&#8217;t; cal anar baixant per la p\u00e0gina)<\/td>\n<\/tr>\n<tr>\n<td style=\"width: 121.148%; text-align: center;\" colspan=\"2\"><a href=\"https:\/\/serveiseducatius.xtec.cat\/altmaresme\/wp-content\/uploads\/usu1140\/2023\/11\/expo-mon-animal-1.png\"><img loading=\"lazy\" decoding=\"async\" class=\"alignnone size-large wp-image-17757\" src=\"https:\/\/serveiseducatius.xtec.cat\/altmaresme\/wp-content\/uploads\/usu1140\/2023\/11\/expo-mon-animal-1-1024x253.png\" alt=\"\" width=\"1024\" height=\"253\" srcset=\"https:\/\/serveiseducatius.xtec.cat\/altmaresme\/wp-content\/uploads\/usu1140\/2023\/11\/expo-mon-animal-1-1024x253.png 1024w, https:\/\/serveiseducatius.xtec.cat\/altmaresme\/wp-content\/uploads\/usu1140\/2023\/11\/expo-mon-animal-1-300x74.png 300w, https:\/\/serveiseducatius.xtec.cat\/altmaresme\/wp-content\/uploads\/usu1140\/2023\/11\/expo-mon-animal-1-768x190.png 768w, https:\/\/serveiseducatius.xtec.cat\/altmaresme\/wp-content\/uploads\/usu1140\/2023\/11\/expo-mon-animal-1-1536x379.png 1536w, https:\/\/serveiseducatius.xtec.cat\/altmaresme\/wp-content\/uploads\/usu1140\/2023\/11\/expo-mon-animal-1.png 1868w\" sizes=\"auto, (max-width: 1024px) 100vw, 1024px\" \/><\/a><\/p>\n<p style=\"text-align: left;\"><strong>Una Mirada LGTBI+ al M\u00f3n Animal<\/strong>\u00a0\u00e9s una exposici\u00f3 produ\u00efda pel Museu de Ci\u00e8ncies Naturals de Barcelona (MCNB) i comissariada per\u00a0<strong><a href=\"https:\/\/www.instagram.com\/unamiradalgtbi\/\" target=\"_blank\" rel=\"noopener\">Una Mirada LGTBI+<\/a><\/strong>, compta amb la col\u00b7laboraci\u00f3 de\u00a0<a href=\"https:\/\/prismaciencia.org\/\" target=\"_blank\" rel=\"noopener\"><strong>PRISMA<\/strong><\/a>.<\/p>\n<p style=\"text-align: left;\">L\u2019exposici\u00f3 proposa una reflexi\u00f3, des d\u2019una perspectiva LGTBI+, sobre la diversitat sexual al m\u00f3n animal, allunyant-se dels estereotips i preceptes socials imposats per l\u2019\u00e9sser hum\u00e0.<\/p>\n<p style=\"text-align: left;\">Amb un llenguatge inclusiu i textos adaptats a lectura f\u00e0cil, tenim disponible la versi\u00f3 biling\u00fce (catal\u00e0-castell\u00e0) d&#8217;aquesta exposici\u00f3 en format de 13 roll-ups de f\u00e0cil muntatge.<\/p>\n<p style=\"text-align: left;\">Fes un cop d\u2019ull a l\u2019exposici\u00f3 descarregable: <span style=\"font-family: inherit; font-size: 1em; text-align: center;\">Versi\u00f3\u00a0<\/span><a style=\"font-family: inherit; font-size: 1em; text-align: center;\" href=\"https:\/\/museuciencies.cat\/wp-content\/uploads\/2022\/06\/Una-mirada-LGTBI-al-mon-animal_bilingue-2.pdf\" target=\"_blank\" rel=\"noopener\">biling\u00fce<\/a><\/p>\n<p style=\"text-align: left;\">Actualment, aquesta exposici\u00f3 la gestiona el grup de treball <b>Ci\u00e8ncia amb perspectiva de g\u00e8nere i interseccional\u00a0<\/b>que treballa en la creaci\u00f3 d&#8217;una guia did\u00e0ctica que acompanyi l&#8217;exposici\u00f3.<\/p>\n<\/td>\n<\/tr>\n<\/tbody>\n<\/table>\n","protected":false},"excerpt":{"rendered":"<p>Al CRP de l\u2019Alt Maresme hem distribu\u00eft el nostre nou material de coeducaci\u00f3 en 3 maletes pedag\u00f2giques que oferim en pr\u00e9stec als centres d\u2019infantil, prim\u00e0ria i secund\u00e0ria:<\/p>\n<p><a href=\"https:\/\/serveiseducatius.xtec.cat\/altmaresme\/wp-content\/uploads\/usu1140\/2023\/11\/COE_INF-CI.jpg\"><\/a><br \/>\n<a href=\"https:\/\/serveiseducatius.xtec.cat\/altmaresme\/wp-content\/uploads\/usu1140\/2023\/11\/COE_CM-CS.jpg\"><\/a><br \/>\n<a href=\"https:\/\/serveiseducatius.xtec.cat\/altmaresme\/wp-content\/uploads\/usu1140\/2023\/11\/COE-SEC.jpg\"><\/a><\/p>\n<p><a href=\"https:\/\/drive.google.com\/file\/d\/1opbtqR5fuzcVnAy3z928KE6zuEF5A0mw\/view?usp=sharing\">CONTINGUT DE LA MALETA DE COEDUCACI\u00d3 PER INFANTIL I CICLE INICIAL<\/a>.<br \/>\n(n.reg. 9777)<br \/>\n&nbsp;<br \/>\n&nbsp;<br \/>\n&nbsp;<br \/>\n&nbsp;<br \/>\n&nbsp;<br \/>\n<a href=\"https:\/\/drive.google.com\/file\/d\/17_mp9moRiVwcF1WgtPGwj3N8RTR2qBLD\/view?usp=sharing\">CONTINGUT DE LA&hellip;  <a href=\"https:\/\/serveiseducatius.xtec.cat\/altmaresme\/maletes-i-recursos-en-prestec-sobre-coeducacio-i-perspectiva-de-genere\/\" title=\"Read Maletes i recursos en pr\u00e9stec sobre coeducaci\u00f3 i perspectiva de g\u00e8nere\">Llegeix m\u00e9s\u00bb<\/a><\/p>\n","protected":false},"author":137,"featured_media":0,"parent":0,"menu_order":0,"comment_status":"closed","ping_status":"closed","template":"","meta":{"_bbp_topic_count":0,"_bbp_reply_count":0,"_bbp_total_topic_count":0,"_bbp_total_reply_count":0,"_bbp_voice_count":0,"_bbp_anonymous_reply_count":0,"_bbp_topic_count_hidden":0,"_bbp_reply_count_hidden":0,"_bbp_forum_subforum_count":0,"footnotes":""},"class_list":["post-17749","page","type-page","status-publish","hentry"],"post_mailing_queue_ids":[],"_links":{"self":[{"href":"https:\/\/serveiseducatius.xtec.cat\/altmaresme\/wp-json\/wp\/v2\/pages\/17749","targetHints":{"allow":["GET"]}}],"collection":[{"href":"https:\/\/serveiseducatius.xtec.cat\/altmaresme\/wp-json\/wp\/v2\/pages"}],"about":[{"href":"https:\/\/serveiseducatius.xtec.cat\/altmaresme\/wp-json\/wp\/v2\/types\/page"}],"author":[{"embeddable":true,"href":"https:\/\/serveiseducatius.xtec.cat\/altmaresme\/wp-json\/wp\/v2\/users\/137"}],"replies":[{"embeddable":true,"href":"https:\/\/serveiseducatius.xtec.cat\/altmaresme\/wp-json\/wp\/v2\/comments?post=17749"}],"version-history":[{"count":5,"href":"https:\/\/serveiseducatius.xtec.cat\/altmaresme\/wp-json\/wp\/v2\/pages\/17749\/revisions"}],"predecessor-version":[{"id":17772,"href":"https:\/\/serveiseducatius.xtec.cat\/altmaresme\/wp-json\/wp\/v2\/pages\/17749\/revisions\/17772"}],"wp:attachment":[{"href":"https:\/\/serveiseducatius.xtec.cat\/altmaresme\/wp-json\/wp\/v2\/media?parent=17749"}],"curies":[{"name":"wp","href":"https:\/\/api.w.org\/{rel}","templated":true}]}}