{"id":15691,"date":"2022-01-12T13:36:48","date_gmt":"2022-01-12T12:36:48","guid":{"rendered":"https:\/\/serveiseducatius.xtec.cat\/altmaresme\/?page_id=15691"},"modified":"2025-01-08T12:34:23","modified_gmt":"2025-01-08T11:34:23","slug":"dua","status":"publish","type":"page","link":"https:\/\/serveiseducatius.xtec.cat\/altmaresme\/dua\/","title":{"rendered":"Universalitat de l&#8217;aprenentatge"},"content":{"rendered":"<p>&nbsp;<\/p>\n<table style=\"border-collapse: collapse; width: 100%; height: 3643px;\">\n<tbody>\n<tr style=\"height: 32px;\">\n<td style=\"text-align: center; height: 32px;\" colspan=\"2\">Per consultar els<\/p>\n<h5><strong> articles i not\u00edcies<\/strong> relacionats amb el sistema inclusiu i DUA, cliqueu <a href=\"https:\/\/serveiseducatius.xtec.cat\/altmaresme\/categoria\/docencia\/DUA\">aqu\u00ed<\/a>.<\/h5>\n<\/td>\n<\/tr>\n<tr>\n<td style=\"text-align: center;\" colspan=\"2\">\n<h4 class=\"NG-menu__title\"><a href=\"https:\/\/xtec.gencat.cat\/ca\/formacio\/formaciogeneralprofessorat\/atencio_diversitat_inclusio\/suport-inclusio\/\" target=\"_blank\" rel=\"noopener\" data-saferedirecturl=\"https:\/\/www.google.com\/url?q=https:\/\/xtec.gencat.cat\/ca\/formacio\/formaciogeneralprofessorat\/atencio_diversitat_inclusio\/suport-inclusio\/&amp;source=gmail&amp;ust=1674028270472000&amp;usg=AOvVaw2Y-xhom2yCun7ailvhsE95\">Formaci\u00f3 per al suport a la inclusi\u00f3<\/a><\/h4>\n<div style=\"text-align: left;\">&#8211; A001680512\u00a0\u00a0 <b><a href=\"https:\/\/aplicacions.gestioeducativa.gencat.cat\/ords\/pls\/soloas\/inscripcionsnp?codi=A001680512&amp;curs=2024-2025\" target=\"_blank\" rel=\"noopener\" data-saferedirecturl=\"https:\/\/www.google.com\/url?q=https:\/\/aplicacions.gestioeducativa.gencat.cat\/ords\/pls\/soloas\/inscripcionsnp?codi%3DA001650512%26curs%3D2024-2025&amp;source=gmail&amp;ust=1736413582749000&amp;usg=AOvVaw27nEaOEfZlxx_O2ikdynhF\">Mesures i suports universals<\/a>\u00a0<\/b>(En l\u00ednia, taller adre\u00e7at a tots els professionals de l&#8217;\u00e0mbit educatiu) Del 11\/2\/2025 al 18\/3\/2025 ( 20 hores &#8211; 5 sessions ) de 17:00h a 19:30h<\/div>\n<div style=\"text-align: left;\">&#8211;\u00a0A001650512\u00a0\u00a0\u00a0<b><a href=\"https:\/\/aplicacions.gestioeducativa.gencat.cat\/ords\/pls\/soloas\/inscripcionsnp?codi=A001650512&amp;curs=2024-2025\" target=\"_blank\" rel=\"noopener\" data-saferedirecturl=\"https:\/\/www.google.com\/url?q=https:\/\/aplicacions.gestioeducativa.gencat.cat\/ords\/pls\/soloas\/inscripcionsnp?codi%3DA001650512%26curs%3D2024-2025&amp;source=gmail&amp;ust=1736413582749000&amp;usg=AOvVaw27nEaOEfZlxx_O2ikdynhF\">Mesures i suports universals<\/a>\u00a0<\/b>(En l\u00ednia, taller adre\u00e7at a tots els professionals de l&#8217;\u00e0mbit educatiu) Del 6\/2\/2025 al 3\/4\/2025 ( 20 hores &#8211; 5 sessions ) de 17:00h a 19:30h<\/div>\n<div style=\"text-align: left;\">&#8211;\u00a0A001690512\u00a0\u00a0\u00a0<b><a href=\"https:\/\/aplicacions.gestioeducativa.gencat.cat\/ords\/pls\/soloas\/inscripcionsnp?codi=A001690512&amp;curs=2024-2025\" target=\"_blank\" rel=\"noopener\" data-saferedirecturl=\"https:\/\/www.google.com\/url?q=https:\/\/aplicacions.gestioeducativa.gencat.cat\/ords\/pls\/soloas\/inscripcionsnp?codi%3DA001690512%26curs%3D2024-2025&amp;source=gmail&amp;ust=1736413582749000&amp;usg=AOvVaw0MyH_3FJX-EThA2a1nQO0d\">C\u00e0psula de sensibilitzaci\u00f3 d&#8217;educaci\u00f3 inclusiva<\/a>\u00a0<\/b>(En l\u00ednia, Equips de professionals vinculats a educaci\u00f3, SE, EAP, CRP, Claustres, Equips impulsors, Inspecci\u00f3&#8230;,i altres col\u00b7lectius) 12\/3\/2025 de 17:00h a 19:00h<\/div>\n<\/td>\n<\/tr>\n<tr>\n<td style=\"text-align: center; width: 100%;\" colspan=\"2\"><a href=\"https:\/\/portaldogc.gencat.cat\/utilsEADOP\/PDF\/7477\/1639866.pdf\"><img loading=\"lazy\" decoding=\"async\" class=\"alignnone size-full wp-image-18610\" src=\"https:\/\/serveiseducatius.xtec.cat\/altmaresme\/wp-content\/uploads\/usu1140\/2024\/12\/155.png\" alt=\"\" width=\"699\" height=\"97\" srcset=\"https:\/\/serveiseducatius.xtec.cat\/altmaresme\/wp-content\/uploads\/usu1140\/2024\/12\/155.png 699w, https:\/\/serveiseducatius.xtec.cat\/altmaresme\/wp-content\/uploads\/usu1140\/2024\/12\/155-300x42.png 300w\" sizes=\"auto, (max-width: 699px) 100vw, 699px\" \/><\/a><\/p>\n<h4 class=\"NG-menu__title\"><\/h4>\n<\/td>\n<\/tr>\n<tr style=\"height: 291px;\">\n<td style=\"width: 100%; height: 291px;\" colspan=\"2\"><strong><span style=\"text-decoration: underline;\">Llista de validaci\u00f3<\/span><\/strong> per ajudar a reflexionar al voltant del vector de la universalitat del curr\u00edculum en la vida del centre educatiu amb la intenci\u00f3 de provocar millores per a la incorporaci\u00f3 del mateix.<\/p>\n<p>Llista de validaci\u00f3\u00a0<a href=\"https:\/\/projectes.xtec.cat\/nou-curriculum\/wp-content\/uploads\/usu2072\/2023\/11\/Llista-de-validacio_Universalitat-del-curriculum.pdf\"><span style=\"text-decoration: underline;\"><strong>versi\u00f3 .pdf<\/strong><\/span><\/a><strong>:<\/strong><\/p>\n<p><a href=\"https:\/\/docs.google.com\/document\/d\/1Q1D6jx8YApZA6yp4NPB4gAfL37tD7UKh\/edit?usp=share_link&amp;ouid=118388854383005174185&amp;rtpof=true&amp;sd=true\"><img loading=\"lazy\" decoding=\"async\" class=\"wp-image-16940 aligncenter\" src=\"https:\/\/serveiseducatius.xtec.cat\/altmaresme\/wp-content\/uploads\/usu1140\/2022\/12\/Captura-1.png\" alt=\"\" width=\"679\" height=\"155\" srcset=\"https:\/\/serveiseducatius.xtec.cat\/altmaresme\/wp-content\/uploads\/usu1140\/2022\/12\/Captura-1.png 887w, https:\/\/serveiseducatius.xtec.cat\/altmaresme\/wp-content\/uploads\/usu1140\/2022\/12\/Captura-1-300x69.png 300w, https:\/\/serveiseducatius.xtec.cat\/altmaresme\/wp-content\/uploads\/usu1140\/2022\/12\/Captura-1-768x176.png 768w\" sizes=\"auto, (max-width: 679px) 100vw, 679px\" \/><\/a><\/td>\n<\/tr>\n<tr style=\"height: 236px;\">\n<td style=\"height: 236px; width: 100%;\" colspan=\"2\">Llista de validaci\u00f3\u00a0<strong> <span style=\"text-decoration: underline;\"><a href=\"https:\/\/docs.google.com\/forms\/d\/1KJ1JXZ68mHyD1DavC0WSaN5nL4_cTu_0CzV7cSZD0oM\/copy\">versi\u00f3 formulari google<\/a>:<\/span><\/strong><\/p>\n<p><a href=\"https:\/\/forms.gle\/uxAedRM9XTTBv8p78\"><img loading=\"lazy\" decoding=\"async\" class=\"wp-image-16941 aligncenter\" src=\"https:\/\/serveiseducatius.xtec.cat\/altmaresme\/wp-content\/uploads\/usu1140\/2022\/12\/Captura2_2.png\" alt=\"\" width=\"444\" height=\"163\" srcset=\"https:\/\/serveiseducatius.xtec.cat\/altmaresme\/wp-content\/uploads\/usu1140\/2022\/12\/Captura2_2.png 568w, https:\/\/serveiseducatius.xtec.cat\/altmaresme\/wp-content\/uploads\/usu1140\/2022\/12\/Captura2_2-300x110.png 300w\" sizes=\"auto, (max-width: 444px) 100vw, 444px\" \/><\/a><\/td>\n<\/tr>\n<tr style=\"height: 665px;\">\n<td style=\"width: 50%; height: 665px;\"><a href=\"https:\/\/educacio.gencat.cat\/web\/.content\/home\/departament\/publicacions\/colleccions\/inclusio\/mesures-suports-universals-centre-educatiu\/mesures-suports-universals-centre-educatiu.pdf\"><img loading=\"lazy\" decoding=\"async\" class=\"wp-image-18596 aligncenter\" src=\"https:\/\/serveiseducatius.xtec.cat\/altmaresme\/wp-content\/uploads\/usu1140\/2024\/12\/MSU.png\" alt=\"\" width=\"329\" height=\"442\" srcset=\"https:\/\/serveiseducatius.xtec.cat\/altmaresme\/wp-content\/uploads\/usu1140\/2024\/12\/MSU.png 587w, https:\/\/serveiseducatius.xtec.cat\/altmaresme\/wp-content\/uploads\/usu1140\/2024\/12\/MSU-223x300.png 223w\" sizes=\"auto, (max-width: 329px) 100vw, 329px\" \/><\/a><\/td>\n<td style=\"width: 50%; text-align: center; height: 665px;\">&nbsp;<\/p>\n<p><a href=\"https:\/\/drive.google.com\/file\/d\/1qdP8bSLLNThc09l2_quPvD8kruGHLjTp\/view?usp=sharing\"><img loading=\"lazy\" decoding=\"async\" class=\"wp-image-18597 aligncenter\" src=\"https:\/\/serveiseducatius.xtec.cat\/altmaresme\/wp-content\/uploads\/usu1140\/2024\/12\/intro-MISU.png\" alt=\"\" width=\"389\" height=\"551\" srcset=\"https:\/\/serveiseducatius.xtec.cat\/altmaresme\/wp-content\/uploads\/usu1140\/2024\/12\/intro-MISU.png 532w, https:\/\/serveiseducatius.xtec.cat\/altmaresme\/wp-content\/uploads\/usu1140\/2024\/12\/intro-MISU-212x300.png 212w\" sizes=\"auto, (max-width: 389px) 100vw, 389px\" \/><\/a><\/p>\n<p>&nbsp;<\/td>\n<\/tr>\n<tr style=\"height: 245px;\">\n<td style=\"width: 50%; height: 245px;\">\n<p class=\"NG-menu__title\"><a href=\"https:\/\/xtec.gencat.cat\/ca\/curriculum\/diversitat-i-inclusio\/projectes-educatius-inclusius\/disseny-universal-per-a-laprenentatge\/\" target=\"_blank\" rel=\"noopener\">Disseny Universal per a l&#8217;Aprenentatge a l&#8217;xtec: Definci\u00f3, pautes, per qu\u00e8, el qu\u00e8 i com&#8230;\u00a0<\/a><\/p>\n<\/td>\n<td style=\"width: 50%; text-align: center; height: 245px;\"><a href=\"https:\/\/xtec.gencat.cat\/ca\/curriculum\/diversitat-i-inclusio\/projectes-educatius-inclusius\/disseny-universal-per-a-laprenentatge\/\" target=\"_blank\" rel=\"noopener\"><img loading=\"lazy\" decoding=\"async\" class=\"alignnone size-full wp-image-16791\" src=\"https:\/\/serveiseducatius.xtec.cat\/altmaresme\/wp-content\/uploads\/usu1140\/2022\/11\/DUA.png\" alt=\"\" width=\"587\" height=\"307\" srcset=\"https:\/\/serveiseducatius.xtec.cat\/altmaresme\/wp-content\/uploads\/usu1140\/2022\/11\/DUA.png 587w, https:\/\/serveiseducatius.xtec.cat\/altmaresme\/wp-content\/uploads\/usu1140\/2022\/11\/DUA-300x157.png 300w\" sizes=\"auto, (max-width: 587px) 100vw, 587px\" \/><\/a><\/td>\n<\/tr>\n<tr style=\"height: 393px;\">\n<td style=\"width: 50%; height: 393px;\">DE L&#8217;ESCOLA INCLUSIVA AL SISTEMA INCLUSIU<\/p>\n<p>Aquesta publicaci\u00f3 va adre\u00e7ada a tota la comunitat educativa i t\u00e9 com a objectiu compartir els marcs conceptuals i normatius en relaci\u00f3 amb el sistema educatiu inclusiu, aix\u00ed com proporcionar elements per a la presa de decisions en la concreci\u00f3 de mesures i suports cap a la igualtat d&#8217;oportunitats.<\/td>\n<td style=\"width: 50%; height: 393px;\"><a href=\"https:\/\/educacio.gencat.cat\/ca\/departament\/publicacions\/colleccions\/inclusio\/escola-inclusiva\/\"><img loading=\"lazy\" decoding=\"async\" class=\"aligncenter size-full wp-image-15695\" src=\"https:\/\/serveiseducatius.xtec.cat\/altmaresme\/wp-content\/uploads\/usu1140\/2022\/01\/escola-inclusiva.jpg_2026732490.jpg\" alt=\"\" width=\"268\" height=\"377\" srcset=\"https:\/\/serveiseducatius.xtec.cat\/altmaresme\/wp-content\/uploads\/usu1140\/2022\/01\/escola-inclusiva.jpg_2026732490.jpg 268w, https:\/\/serveiseducatius.xtec.cat\/altmaresme\/wp-content\/uploads\/usu1140\/2022\/01\/escola-inclusiva.jpg_2026732490-213x300.jpg 213w\" sizes=\"auto, (max-width: 268px) 100vw, 268px\" \/><\/a><\/td>\n<\/tr>\n<tr>\n<td style=\"width: 50%;\" colspan=\"2\"><a href=\"https:\/\/educacio.gencat.cat\/ca\/departament\/publicacions\/colleccions\/inclusio\/\"><img loading=\"lazy\" decoding=\"async\" class=\" wp-image-18612 aligncenter\" src=\"https:\/\/serveiseducatius.xtec.cat\/altmaresme\/wp-content\/uploads\/usu1140\/2024\/12\/inclum-1024x585.png\" alt=\"\" width=\"1006\" height=\"575\" srcset=\"https:\/\/serveiseducatius.xtec.cat\/altmaresme\/wp-content\/uploads\/usu1140\/2024\/12\/inclum-1024x585.png 1024w, https:\/\/serveiseducatius.xtec.cat\/altmaresme\/wp-content\/uploads\/usu1140\/2024\/12\/inclum-300x171.png 300w, https:\/\/serveiseducatius.xtec.cat\/altmaresme\/wp-content\/uploads\/usu1140\/2024\/12\/inclum-768x439.png 768w, https:\/\/serveiseducatius.xtec.cat\/altmaresme\/wp-content\/uploads\/usu1140\/2024\/12\/inclum.png 1150w\" sizes=\"auto, (max-width: 1006px) 100vw, 1006px\" \/><\/a><\/td>\n<\/tr>\n<tr style=\"height: 371px;\">\n<td style=\"width: 50%; height: 371px;\" colspan=\"2\">&nbsp;<\/p>\n<p><a href=\"https:\/\/documents.espai.educacio.gencat.cat\/IPCNormativa\/DOIGC\/GEST_Educacio_inclusiva.pdf\"><img loading=\"lazy\" decoding=\"async\" class=\" wp-image-18619 aligncenter\" src=\"https:\/\/serveiseducatius.xtec.cat\/altmaresme\/wp-content\/uploads\/usu1140\/2024\/12\/doc-org.png\" alt=\"\" width=\"503\" height=\"233\" srcset=\"https:\/\/serveiseducatius.xtec.cat\/altmaresme\/wp-content\/uploads\/usu1140\/2024\/12\/doc-org.png 637w, https:\/\/serveiseducatius.xtec.cat\/altmaresme\/wp-content\/uploads\/usu1140\/2024\/12\/doc-org-300x139.png 300w\" sizes=\"auto, (max-width: 503px) 100vw, 503px\" \/><\/a><\/td>\n<\/tr>\n<tr style=\"height: 317px;\">\n<td style=\"width: 50%; height: 317px;\">DOCUMENT RESUM DE &#8220;MESURES I SUPORTS UNIVERSALS EN EL CENTRE EDUCATIU&#8221;<\/p>\n<p>&nbsp;<\/p>\n<p>Elaborat per Jesus Ruiz Quiles.<\/td>\n<td style=\"width: 50%; height: 317px;\"><a href=\"https:\/\/drive.google.com\/file\/d\/1szwluPw5YwQFNpHy1r-OftzDDYPzpA6O\/view?usp=sharing\"><img loading=\"lazy\" decoding=\"async\" class=\"aligncenter size-full wp-image-15711\" src=\"https:\/\/serveiseducatius.xtec.cat\/altmaresme\/wp-content\/uploads\/usu1140\/2022\/01\/MESURESISUPORTSresum.png\" alt=\"\" width=\"981\" height=\"685\" srcset=\"https:\/\/serveiseducatius.xtec.cat\/altmaresme\/wp-content\/uploads\/usu1140\/2022\/01\/MESURESISUPORTSresum.png 981w, https:\/\/serveiseducatius.xtec.cat\/altmaresme\/wp-content\/uploads\/usu1140\/2022\/01\/MESURESISUPORTSresum-300x209.png 300w, https:\/\/serveiseducatius.xtec.cat\/altmaresme\/wp-content\/uploads\/usu1140\/2022\/01\/MESURESISUPORTSresum-768x536.png 768w\" sizes=\"auto, (max-width: 981px) 100vw, 981px\" \/><\/a><\/td>\n<\/tr>\n<tr style=\"height: 477px;\">\n<td style=\"width: 50%; height: 477px;\">GUIA DE LLENGUATGE INCLUSIU EN EL TRACTAMENT DE PERSONES AMB DISCAPACITAT<\/p>\n<p>La Direcci\u00f3 General de Pol\u00edtica Ling\u00fc\u00edstica de la Generalitat de Catalunya agraeix a les<br \/>\npersones i associacions seg\u00fcents la revisi\u00f3 acurada que han fet d\u2019aquesta GUIA DE<br \/>\nLLENGUATGE INCLUSIU EN EL TRACTAMENT DE PERSONES AMB DISCAPACITAT:<br \/>\nAPSOCECAT (Associaci\u00f3 Catalana Pro Persones Sordcegues);<br \/>\nDINCAT (Federaci\u00f3 d\u2019Entitats de la Discapacitat Intel\u00b7lectual i del Desenvolupament del<br \/>\nCatalunya);<br \/>\nFESOCA (Federaci\u00f3 de Persones Sordes de Catalunya);<br \/>\nONCE (Organitzaci\u00f3 Nacional de Cecs d\u2019Espanya);<br \/>\nGemma Rigau i Oliver, professora i membre de la Secci\u00f3 Filol\u00f2gica de l\u2019IEC;<br \/>\nSecretaria d\u2019Afers Socials i Fam\u00edlies del Departament de Treball, Afers Socials i Fam\u00edlies;<br \/>\nTERMCAT, Centre de Terminologia.<\/td>\n<td style=\"width: 50%; height: 477px;\"><a href=\"https:\/\/drive.google.com\/file\/d\/1KOkO6BvnWAwf8n-uOHXGIW8-eMYq2D42\/view?usp=sharing\">\u00a0<\/a><\/p>\n<p><a href=\"https:\/\/drive.google.com\/file\/d\/1KOkO6BvnWAwf8n-uOHXGIW8-eMYq2D42\/view?usp=sharing\"><img loading=\"lazy\" decoding=\"async\" class=\"wp-image-15715 aligncenter\" src=\"https:\/\/serveiseducatius.xtec.cat\/altmaresme\/wp-content\/uploads\/usu1140\/2022\/01\/LLENGINCLUSIU.png\" alt=\"\" width=\"279\" height=\"394\" srcset=\"https:\/\/serveiseducatius.xtec.cat\/altmaresme\/wp-content\/uploads\/usu1140\/2022\/01\/LLENGINCLUSIU.png 645w, https:\/\/serveiseducatius.xtec.cat\/altmaresme\/wp-content\/uploads\/usu1140\/2022\/01\/LLENGINCLUSIU-212x300.png 212w\" sizes=\"auto, (max-width: 279px) 100vw, 279px\" \/><\/a><\/td>\n<\/tr>\n<tr>\n<td style=\"width: 50%;\" colspan=\"2\">&nbsp;<\/p>\n<p><a href=\"https:\/\/www.cocarmi.cat\/wp-content\/uploads\/Recomanacions-per-parlar-i-escriure-sobre-la-discapacitat_COCARMI-1.pdf\"><img loading=\"lazy\" decoding=\"async\" class=\"wp-image-18575 aligncenter\" src=\"https:\/\/serveiseducatius.xtec.cat\/altmaresme\/wp-content\/uploads\/usu1140\/2024\/12\/disc-1024x593.png\" alt=\"\" width=\"472\" height=\"274\" srcset=\"https:\/\/serveiseducatius.xtec.cat\/altmaresme\/wp-content\/uploads\/usu1140\/2024\/12\/disc-1024x593.png 1024w, https:\/\/serveiseducatius.xtec.cat\/altmaresme\/wp-content\/uploads\/usu1140\/2024\/12\/disc-300x174.png 300w, https:\/\/serveiseducatius.xtec.cat\/altmaresme\/wp-content\/uploads\/usu1140\/2024\/12\/disc-768x445.png 768w, https:\/\/serveiseducatius.xtec.cat\/altmaresme\/wp-content\/uploads\/usu1140\/2024\/12\/disc.png 1465w\" sizes=\"auto, (max-width: 472px) 100vw, 472px\" \/><\/a><\/td>\n<\/tr>\n<tr style=\"height: 79px;\">\n<td style=\"width: 100%; height: 79px;\" colspan=\"2\">\n<h5><a href=\"https:\/\/natibergada.acblnk.com\/url\/ver\/433679098\/2157581\/917c419bb7bbd4657da986b782c39e29\" target=\"_blank\" rel=\"noopener\" data-saferedirecturl=\"https:\/\/www.google.com\/url?q=https:\/\/natibergada.acblnk.com\/url\/ver\/433679098\/2157581\/917c419bb7bbd4657da986b782c39e29&amp;source=gmail&amp;ust=1685111754587000&amp;usg=AOvVaw39E_cozdAme7HTTu6KYcpA\"><strong><span class=\"il\">28<\/span>\u00a0<span class=\"il\">curts<\/span>\u00a0per treballar el respecte a la diversitat<\/strong><\/a> proposats per la Nati Bergad\u00e0.<\/h5>\n<h5>A partir de la visualitzaci\u00f3 d\u2019aquests\u00a0<span class=\"il\">curts<\/span>, es poden establir di\u00e0legs i converses molt enriquidores amb l&#8217;alumnat.<\/h5>\n<\/td>\n<\/tr>\n<\/tbody>\n<\/table>\n<p>&nbsp;<\/p>\n","protected":false},"excerpt":{"rendered":"<p>&nbsp;<\/p>\n<p>Per consultar els<br \/>\n articles i not\u00edcies relacionats amb el sistema inclusiu i DUA, cliqueu <a href=\"https:\/\/serveiseducatius.xtec.cat\/altmaresme\/categoria\/docencia\/DUA\">aqu\u00ed<\/a>.<\/p>\n<p><a href=\"https:\/\/xtec.gencat.cat\/ca\/formacio\/formaciogeneralprofessorat\/atencio_diversitat_inclusio\/suport-inclusio\/\" target=\"_blank\" rel=\"noopener\" data-saferedirecturl=\"https:\/\/www.google.com\/url?q=https:\/\/xtec.gencat.cat\/ca\/formacio\/formaciogeneralprofessorat\/atencio_diversitat_inclusio\/suport-inclusio\/&amp;source=gmail&amp;ust=1674028270472000&amp;usg=AOvVaw2Y-xhom2yCun7ailvhsE95\">Formaci\u00f3 per al suport a la inclusi\u00f3<\/a><br \/>\n&#8211; A001680512\u00a0\u00a0 <a href=\"https:\/\/aplicacions.gestioeducativa.gencat.cat\/ords\/pls\/soloas\/inscripcionsnp?codi=A001680512&amp;curs=2024-2025\" target=\"_blank\" rel=\"noopener\" data-saferedirecturl=\"https:\/\/www.google.com\/url?q=https:\/\/aplicacions.gestioeducativa.gencat.cat\/ords\/pls\/soloas\/inscripcionsnp?codi%3DA001650512%26curs%3D2024-2025&amp;source=gmail&amp;ust=1736413582749000&amp;usg=AOvVaw27nEaOEfZlxx_O2ikdynhF\">Mesures i suports universals<\/a>\u00a0(En l\u00ednia, taller adre\u00e7at a tots els professionals de l&#8217;\u00e0mbit educatiu)&hellip;  <a href=\"https:\/\/serveiseducatius.xtec.cat\/altmaresme\/dua\/\" title=\"Read Universalitat de l&#8217;aprenentatge\">Llegeix m\u00e9s\u00bb<\/a><\/p>\n","protected":false},"author":1,"featured_media":0,"parent":0,"menu_order":0,"comment_status":"closed","ping_status":"closed","template":"","meta":{"_bbp_topic_count":0,"_bbp_reply_count":0,"_bbp_total_topic_count":0,"_bbp_total_reply_count":0,"_bbp_voice_count":0,"_bbp_anonymous_reply_count":0,"_bbp_topic_count_hidden":0,"_bbp_reply_count_hidden":0,"_bbp_forum_subforum_count":0,"footnotes":""},"class_list":["post-15691","page","type-page","status-publish","hentry"],"post_mailing_queue_ids":[],"_links":{"self":[{"href":"https:\/\/serveiseducatius.xtec.cat\/altmaresme\/wp-json\/wp\/v2\/pages\/15691","targetHints":{"allow":["GET"]}}],"collection":[{"href":"https:\/\/serveiseducatius.xtec.cat\/altmaresme\/wp-json\/wp\/v2\/pages"}],"about":[{"href":"https:\/\/serveiseducatius.xtec.cat\/altmaresme\/wp-json\/wp\/v2\/types\/page"}],"author":[{"embeddable":true,"href":"https:\/\/serveiseducatius.xtec.cat\/altmaresme\/wp-json\/wp\/v2\/users\/1"}],"replies":[{"embeddable":true,"href":"https:\/\/serveiseducatius.xtec.cat\/altmaresme\/wp-json\/wp\/v2\/comments?post=15691"}],"version-history":[{"count":9,"href":"https:\/\/serveiseducatius.xtec.cat\/altmaresme\/wp-json\/wp\/v2\/pages\/15691\/revisions"}],"predecessor-version":[{"id":18771,"href":"https:\/\/serveiseducatius.xtec.cat\/altmaresme\/wp-json\/wp\/v2\/pages\/15691\/revisions\/18771"}],"wp:attachment":[{"href":"https:\/\/serveiseducatius.xtec.cat\/altmaresme\/wp-json\/wp\/v2\/media?parent=15691"}],"curies":[{"name":"wp","href":"https:\/\/api.w.org\/{rel}","templated":true}]}}