{"id":11833,"date":"2020-02-04T00:44:41","date_gmt":"2020-02-03T23:44:41","guid":{"rendered":"http:\/\/serveiseducatius.xtec.cat\/altmaresme\/?page_id=11833"},"modified":"2020-02-04T00:44:41","modified_gmt":"2020-02-03T23:44:41","slug":"modalitats-de-formacio","status":"publish","type":"page","link":"https:\/\/serveiseducatius.xtec.cat\/altmaresme\/formacio-2\/modalitats-de-formacio\/","title":{"rendered":"Modalitats de formaci\u00f3"},"content":{"rendered":"<p>Les diferents modalitats van associades a unes hores i un tipus de metodologia de treball. \u00c9s molt diferent un seminari, d&#8217;un grup de treball o un taller.<\/p>\n<p>Con\u00e8ixer les diferents modalitats us ajudar\u00e0 amb la planificaci\u00f3 de la formaci\u00f3 del vostre centre.<\/p>\n","protected":false},"excerpt":{"rendered":"<p>Les diferents modalitats van associades a unes hores i un tipus de metodologia de treball. \u00c9s molt diferent un seminari, d&#8217;un grup de treball o un taller.<br \/>\nCon\u00e8ixer les diferents modalitats us ajudar\u00e0 amb la planificaci\u00f3 de la formaci\u00f3 del vostre centre.<\/p>\n","protected":false},"author":1,"featured_media":0,"parent":121,"menu_order":0,"comment_status":"closed","ping_status":"closed","template":"page-templates\/side-menu.php","meta":{"_bbp_topic_count":0,"_bbp_reply_count":0,"_bbp_total_topic_count":0,"_bbp_total_reply_count":0,"_bbp_voice_count":0,"_bbp_anonymous_reply_count":0,"_bbp_topic_count_hidden":0,"_bbp_reply_count_hidden":0,"_bbp_forum_subforum_count":0,"footnotes":""},"class_list":["post-11833","page","type-page","status-publish","hentry"],"post_mailing_queue_ids":[],"_links":{"self":[{"href":"https:\/\/serveiseducatius.xtec.cat\/altmaresme\/wp-json\/wp\/v2\/pages\/11833","targetHints":{"allow":["GET"]}}],"collection":[{"href":"https:\/\/serveiseducatius.xtec.cat\/altmaresme\/wp-json\/wp\/v2\/pages"}],"about":[{"href":"https:\/\/serveiseducatius.xtec.cat\/altmaresme\/wp-json\/wp\/v2\/types\/page"}],"author":[{"embeddable":true,"href":"https:\/\/serveiseducatius.xtec.cat\/altmaresme\/wp-json\/wp\/v2\/users\/1"}],"replies":[{"embeddable":true,"href":"https:\/\/serveiseducatius.xtec.cat\/altmaresme\/wp-json\/wp\/v2\/comments?post=11833"}],"version-history":[{"count":1,"href":"https:\/\/serveiseducatius.xtec.cat\/altmaresme\/wp-json\/wp\/v2\/pages\/11833\/revisions"}],"predecessor-version":[{"id":11834,"href":"https:\/\/serveiseducatius.xtec.cat\/altmaresme\/wp-json\/wp\/v2\/pages\/11833\/revisions\/11834"}],"up":[{"embeddable":true,"href":"https:\/\/serveiseducatius.xtec.cat\/altmaresme\/wp-json\/wp\/v2\/pages\/121"}],"wp:attachment":[{"href":"https:\/\/serveiseducatius.xtec.cat\/altmaresme\/wp-json\/wp\/v2\/media?parent=11833"}],"curies":[{"name":"wp","href":"https:\/\/api.w.org\/{rel}","templated":true}]}}