{"id":10422,"date":"2017-12-04T09:28:14","date_gmt":"2017-12-04T08:28:14","guid":{"rendered":"http:\/\/serveiseducatius.xtec.cat\/altmaresme\/?page_id=10422"},"modified":"2017-12-11T09:41:59","modified_gmt":"2017-12-11T08:41:59","slug":"maletes-pedagogiques-dart","status":"publish","type":"page","link":"https:\/\/serveiseducatius.xtec.cat\/altmaresme\/maletes-pedagogiques-dart\/","title":{"rendered":"Maletes pedag\u00f2giques d&#8217;art"},"content":{"rendered":"<table style=\"height: 131px; width: 770px;\">\n<tbody>\n<tr style=\"height: 16px;\">\n<td style=\"height: 16px; width: 267px; text-align: center;\"><strong>Artesans del paper<\/strong><\/p>\n<p><a href=\"http:\/\/serveiseducatius.xtec.cat\/altmaresme\/wp-content\/uploads\/usu1140\/2017\/12\/IMG_20171204_104221.jpg\"><img loading=\"lazy\" decoding=\"async\" class=\"alignnone wp-image-10444\" src=\"http:\/\/serveiseducatius.xtec.cat\/altmaresme\/wp-content\/uploads\/usu1140\/2017\/12\/IMG_20171204_104221-768x1024.jpg\" alt=\"\" width=\"173\" height=\"231\" srcset=\"https:\/\/serveiseducatius.xtec.cat\/altmaresme\/wp-content\/uploads\/usu1140\/2017\/12\/IMG_20171204_104221-768x1024.jpg 768w, https:\/\/serveiseducatius.xtec.cat\/altmaresme\/wp-content\/uploads\/usu1140\/2017\/12\/IMG_20171204_104221-225x300.jpg 225w\" sizes=\"auto, (max-width: 173px) 100vw, 173px\" \/><\/a><\/td>\n<td style=\"height: 16px; width: 495px;\">Taller port\u00e0til que inclou\u00a0tot el necessari per fer paper.<\/p>\n<p>Amb la fabricaci\u00f3 manual del paper a m\u00e9s d&#8217;aconseguir gruixos, textures i volums diferents ens permet reciclar el paper, tot estimulant la creativitat, la sensibilitat i la fantasia.<\/p>\n<p>&nbsp;<\/td>\n<\/tr>\n<tr style=\"height: 16px;\">\n<td style=\"height: 16px; width: 267px; text-align: center;\"><strong>Taller port\u00e0til d&#8217;enquadernaci\u00f3<\/strong><\/p>\n<p><a href=\"http:\/\/serveiseducatius.xtec.cat\/altmaresme\/wp-content\/uploads\/usu1140\/2017\/12\/IMG_20171204_103900.jpg\"><img loading=\"lazy\" decoding=\"async\" class=\"alignnone wp-image-10445\" src=\"http:\/\/serveiseducatius.xtec.cat\/altmaresme\/wp-content\/uploads\/usu1140\/2017\/12\/IMG_20171204_103900-768x1024.jpg\" alt=\"\" width=\"179\" height=\"239\" srcset=\"https:\/\/serveiseducatius.xtec.cat\/altmaresme\/wp-content\/uploads\/usu1140\/2017\/12\/IMG_20171204_103900-768x1024.jpg 768w, https:\/\/serveiseducatius.xtec.cat\/altmaresme\/wp-content\/uploads\/usu1140\/2017\/12\/IMG_20171204_103900-225x300.jpg 225w\" sizes=\"auto, (max-width: 179px) 100vw, 179px\" \/><\/a><\/td>\n<td style=\"height: 16px; width: 495px;\">\u00a0Taller port\u00e0til que inclou tot el necessari per\u00a0fer enquadernacions.<\/td>\n<\/tr>\n<tr style=\"height: 16px;\">\n<td style=\"height: 16px; width: 267px; text-align: center;\"><strong>Expressart<\/strong><\/p>\n<p><a href=\"http:\/\/serveiseducatius.xtec.cat\/altmaresme\/wp-content\/uploads\/usu1140\/2015\/11\/20080315_expressart.jpg\"><img loading=\"lazy\" decoding=\"async\" class=\"alignnone size-full wp-image-581\" src=\"http:\/\/serveiseducatius.xtec.cat\/altmaresme\/wp-content\/uploads\/usu1140\/2015\/11\/20080315_expressart.jpg\" alt=\"\" width=\"434\" height=\"289\" srcset=\"https:\/\/serveiseducatius.xtec.cat\/altmaresme\/wp-content\/uploads\/usu1140\/2015\/11\/20080315_expressart.jpg 434w, https:\/\/serveiseducatius.xtec.cat\/altmaresme\/wp-content\/uploads\/usu1140\/2015\/11\/20080315_expressart-300x200.jpg 300w\" sizes=\"auto, (max-width: 434px) 100vw, 434px\" \/><\/a><\/td>\n<td style=\"height: 16px; width: 495px;\">L&#8217;objectiu \u00e9s treballar amb l&#8217;alumnat la compet\u00e8ncia comunicativa. Els materials estan connectats a obres d&#8217;art contemporani del MACBA. \u00c9s un conjunt de propostes did\u00e0ctiques per realitzar a l&#8217;aula amb diversos materials: objectes tridimensionals, imatges i textos.<\/p>\n<p>S&#8217;aconsella preparar una visita al Macba treballant pr\u00e8viament aquests materials a l&#8217;aula. Les propostes permetran aprofundir en q\u00fcestions com ara: qu\u00e8 expressen els artistes amb les seves obres, quins materials fan servir, quins procediments, etc.<\/p>\n<p><a href=\"https:\/\/serveiseducatius.xtec.cat\/altmaresme\/maletes-pedagogiques\/expressart\/\" target=\"_blank\" rel=\"noopener noreferrer\">Per saber-ne m\u00e9s&#8230;<\/a><\/td>\n<\/tr>\n<\/tbody>\n<\/table>\n","protected":false},"excerpt":{"rendered":"<p>Artesans del paper<br \/>\n<a href=\"http:\/\/serveiseducatius.xtec.cat\/altmaresme\/wp-content\/uploads\/usu1140\/2017\/12\/IMG_20171204_104221.jpg\"><\/a><br \/>\nTaller port\u00e0til que inclou\u00a0tot el necessari per fer paper.<br \/>\nAmb la fabricaci\u00f3 manual del paper a m\u00e9s d&#8217;aconseguir gruixos, textures i volums diferents ens permet reciclar el paper, tot estimulant la creativitat, la sensibilitat i la fantasia.<br \/>\n&nbsp;<\/p>\n<p>Taller port\u00e0til d&#8217;enquadernaci\u00f3<br \/>\n<a href=\"http:\/\/serveiseducatius.xtec.cat\/altmaresme\/wp-content\/uploads\/usu1140\/2017\/12\/IMG_20171204_103900.jpg\"><\/a><br \/>\n\u00a0Taller port\u00e0til que inclou&hellip;  <a href=\"https:\/\/serveiseducatius.xtec.cat\/altmaresme\/maletes-pedagogiques-dart\/\" title=\"Read Maletes pedag\u00f2giques d&#8217;art\">Llegeix m\u00e9s\u00bb<\/a><\/p>\n","protected":false},"author":1,"featured_media":0,"parent":0,"menu_order":0,"comment_status":"closed","ping_status":"closed","template":"","meta":{"_bbp_topic_count":0,"_bbp_reply_count":0,"_bbp_total_topic_count":0,"_bbp_total_reply_count":0,"_bbp_voice_count":0,"_bbp_anonymous_reply_count":0,"_bbp_topic_count_hidden":0,"_bbp_reply_count_hidden":0,"_bbp_forum_subforum_count":0,"footnotes":""},"class_list":["post-10422","page","type-page","status-publish","hentry"],"post_mailing_queue_ids":[],"_links":{"self":[{"href":"https:\/\/serveiseducatius.xtec.cat\/altmaresme\/wp-json\/wp\/v2\/pages\/10422","targetHints":{"allow":["GET"]}}],"collection":[{"href":"https:\/\/serveiseducatius.xtec.cat\/altmaresme\/wp-json\/wp\/v2\/pages"}],"about":[{"href":"https:\/\/serveiseducatius.xtec.cat\/altmaresme\/wp-json\/wp\/v2\/types\/page"}],"author":[{"embeddable":true,"href":"https:\/\/serveiseducatius.xtec.cat\/altmaresme\/wp-json\/wp\/v2\/users\/1"}],"replies":[{"embeddable":true,"href":"https:\/\/serveiseducatius.xtec.cat\/altmaresme\/wp-json\/wp\/v2\/comments?post=10422"}],"version-history":[{"count":4,"href":"https:\/\/serveiseducatius.xtec.cat\/altmaresme\/wp-json\/wp\/v2\/pages\/10422\/revisions"}],"predecessor-version":[{"id":10451,"href":"https:\/\/serveiseducatius.xtec.cat\/altmaresme\/wp-json\/wp\/v2\/pages\/10422\/revisions\/10451"}],"wp:attachment":[{"href":"https:\/\/serveiseducatius.xtec.cat\/altmaresme\/wp-json\/wp\/v2\/media?parent=10422"}],"curies":[{"name":"wp","href":"https:\/\/api.w.org\/{rel}","templated":true}]}}

Maletes pedagògiques d&#8217;art

<table style="height: 131px; width: 770px;">
<tbody>
<tr style="height: 16px;">
<td style="height: 16px; width: 267px; text-align: center;"><strong>Artesans del paper</strong></p>
<p><a href="http://serveiseducatius.xtec.cat/altmaresme/wp-content/uploads/usu1140/2017/12/IMG_20171204_104221.jpg"><img loading="lazy" decoding="async" class="alignnone wp-image-10444" src="http://serveiseducatius.xtec.cat/altmaresme/wp-content/uploads/usu1140/2017/12/IMG_20171204_104221-768x1024.jpg" alt="" width="173" height="231" srcset="https://serveiseducatius.xtec.cat/altmaresme/wp-content/uploads/usu1140/2017/12/IMG_20171204_104221-768x1024.jpg 768w, https://serveiseducatius.xtec.cat/altmaresme/wp-content/uploads/usu1140/2017/12/IMG_20171204_104221-225x300.jpg 225w" sizes="auto, (max-width: 173px) 100vw, 173px" /></a></td>
<td style="height: 16px; width: 495px;">Taller portàtil que inclou tot el necessari per fer paper.</p>
<p>Amb la fabricació manual del paper a més d&#8217;aconseguir gruixos, textures i volums diferents ens permet reciclar el paper, tot estimulant la creativitat, la sensibilitat i la fantasia.</p>
<p>&nbsp;</td>
</tr>
<tr style="height: 16px;">
<td style="height: 16px; width: 267px; text-align: center;"><strong>Taller portàtil d&#8217;enquadernació</strong></p>
<p><a href="http://serveiseducatius.xtec.cat/altmaresme/wp-content/uploads/usu1140/2017/12/IMG_20171204_103900.jpg"><img loading="lazy" decoding="async" class="alignnone wp-image-10445" src="http://serveiseducatius.xtec.cat/altmaresme/wp-content/uploads/usu1140/2017/12/IMG_20171204_103900-768x1024.jpg" alt="" width="179" height="239" srcset="https://serveiseducatius.xtec.cat/altmaresme/wp-content/uploads/usu1140/2017/12/IMG_20171204_103900-768x1024.jpg 768w, https://serveiseducatius.xtec.cat/altmaresme/wp-content/uploads/usu1140/2017/12/IMG_20171204_103900-225x300.jpg 225w" sizes="auto, (max-width: 179px) 100vw, 179px" /></a></td>
<td style="height: 16px; width: 495px;"> Taller portàtil que inclou tot el necessari per fer enquadernacions.</td>
</tr>
<tr style="height: 16px;">
<td style="height: 16px; width: 267px; text-align: center;"><strong>Expressart</strong></p>
<p><a href="http://serveiseducatius.xtec.cat/altmaresme/wp-content/uploads/usu1140/2015/11/20080315_expressart.jpg"><img loading="lazy" decoding="async" class="alignnone size-full wp-image-581" src="http://serveiseducatius.xtec.cat/altmaresme/wp-content/uploads/usu1140/2015/11/20080315_expressart.jpg" alt="" width="434" height="289" srcset="https://serveiseducatius.xtec.cat/altmaresme/wp-content/uploads/usu1140/2015/11/20080315_expressart.jpg 434w, https://serveiseducatius.xtec.cat/altmaresme/wp-content/uploads/usu1140/2015/11/20080315_expressart-300x200.jpg 300w" sizes="auto, (max-width: 434px) 100vw, 434px" /></a></td>
<td style="height: 16px; width: 495px;">L&#8217;objectiu és treballar amb l&#8217;alumnat la competència comunicativa. Els materials estan connectats a obres d&#8217;art contemporani del MACBA. És un conjunt de propostes didàctiques per realitzar a l&#8217;aula amb diversos materials: objectes tridimensionals, imatges i textos.</p>
<p>S&#8217;aconsella preparar una visita al Macba treballant prèviament aquests materials a l&#8217;aula. Les propostes permetran aprofundir en qüestions com ara: què expressen els artistes amb les seves obres, quins materials fan servir, quins procediments, etc.</p>
<p><a href="https://serveiseducatius.xtec.cat/altmaresme/maletes-pedagogiques/expressart/" target="_blank" rel="noopener noreferrer">Per saber-ne més&#8230;</a></td>
</tr>
</tbody>
</table>

<p>Artesans del paper<br />
<a href="http://serveiseducatius.xtec.cat/altmaresme/wp-content/uploads/usu1140/2017/12/IMG_20171204_104221.jpg"></a><br />
Taller portàtil que inclou tot el necessari per fer paper.<br />
Amb la fabricació manual del paper a més d&#8217;aconseguir gruixos, textures i volums diferents ens permet reciclar el paper, tot estimulant la creativitat, la sensibilitat i la fantasia.<br />
&nbsp;</p>
<p>Taller portàtil d&#8217;enquadernació<br />
<a href="http://serveiseducatius.xtec.cat/altmaresme/wp-content/uploads/usu1140/2017/12/IMG_20171204_103900.jpg"></a><br />
 Taller portàtil que inclou&hellip;  <a href="https://serveiseducatius.xtec.cat/altmaresme/maletes-pedagogiques-dart/" title="Read Maletes pedagògiques d&#8217;art">Llegeix més»</a></p>
