{"id":10417,"date":"2017-12-04T09:26:34","date_gmt":"2017-12-04T08:26:34","guid":{"rendered":"http:\/\/serveiseducatius.xtec.cat\/altmaresme\/?page_id=10417"},"modified":"2023-02-02T13:51:29","modified_gmt":"2023-02-02T12:51:29","slug":"maletes-pedagogiques-de-ciencia","status":"publish","type":"page","link":"https:\/\/serveiseducatius.xtec.cat\/altmaresme\/mediateca\/maletes-pedagogiques\/maletes-pedagogiques-de-ciencia\/","title":{"rendered":"Maletes pedag\u00f2giques de ci\u00e8ncia"},"content":{"rendered":"<table style=\"height: 514px; width: 771px;\">\n<tbody>\n<tr>\n<td style=\"width: 273px; text-align: center;\"><strong>Iogurt per a tothom<\/strong><\/p>\n<p><img loading=\"lazy\" decoding=\"async\" class=\"aligncenter size-large wp-image-17118\" src=\"https:\/\/serveiseducatius.xtec.cat\/altmaresme\/wp-content\/uploads\/usu1140\/2023\/02\/iogurt-1024x701.jpg\" alt=\"\" width=\"1024\" height=\"701\" srcset=\"https:\/\/serveiseducatius.xtec.cat\/altmaresme\/wp-content\/uploads\/usu1140\/2023\/02\/iogurt-1024x701.jpg 1024w, https:\/\/serveiseducatius.xtec.cat\/altmaresme\/wp-content\/uploads\/usu1140\/2023\/02\/iogurt-300x205.jpg 300w, https:\/\/serveiseducatius.xtec.cat\/altmaresme\/wp-content\/uploads\/usu1140\/2023\/02\/iogurt-768x526.jpg 768w, https:\/\/serveiseducatius.xtec.cat\/altmaresme\/wp-content\/uploads\/usu1140\/2023\/02\/iogurt-1536x1052.jpg 1536w, https:\/\/serveiseducatius.xtec.cat\/altmaresme\/wp-content\/uploads\/usu1140\/2023\/02\/iogurt-2048x1402.jpg 2048w\" sizes=\"auto, (max-width: 1024px) 100vw, 1024px\" \/><\/td>\n<td style=\"width: 490px;\">En aquest experiment et proposem que demostris que en la fabricaci\u00f3 dels iogurts intervenen microorganismes.<\/p>\n<p>La maleta cont\u00e9 4 iogurteres (28 iogurts), una l\u00e0mina sobre el m\u00e8tode cient\u00edfic i un petit dossier amb idees i conceptes molt b\u00e0sics per ajudar els docents.<\/td>\n<\/tr>\n<tr style=\"height: 16px;\">\n<td style=\"height: 16px; width: 273px; text-align: center;\"><strong>Nanokit 2.0<\/strong><\/p>\n<p><a href=\"http:\/\/serveiseducatius.xtec.cat\/altmaresme\/wp-content\/uploads\/usu1140\/2017\/06\/NanoKit2.jpg\"><img loading=\"lazy\" decoding=\"async\" class=\"alignnone wp-image-9868\" src=\"http:\/\/serveiseducatius.xtec.cat\/altmaresme\/wp-content\/uploads\/usu1140\/2017\/06\/NanoKit2.jpg\" alt=\"\" width=\"242\" height=\"136\" srcset=\"https:\/\/serveiseducatius.xtec.cat\/altmaresme\/wp-content\/uploads\/usu1140\/2017\/06\/NanoKit2.jpg 960w, https:\/\/serveiseducatius.xtec.cat\/altmaresme\/wp-content\/uploads\/usu1140\/2017\/06\/NanoKit2-300x169.jpg 300w, https:\/\/serveiseducatius.xtec.cat\/altmaresme\/wp-content\/uploads\/usu1140\/2017\/06\/NanoKit2-768x432.jpg 768w\" sizes=\"auto, (max-width: 242px) 100vw, 242px\" \/><\/a><\/td>\n<td style=\"height: 16px; width: 490px;\">Kit d\u2019experimentaci\u00f3 a l\u2019aula amb 18 propostes did\u00e0ctiques, agrupades en 4 \u00e0mbits:<\/p>\n<ul>\n<li>Fonaments de nanoci\u00e8ncia i nanotecnologia<\/li>\n<li>Nanoci\u00e8ncia<\/li>\n<li>Nanotecnologia i nanomaterials<\/li>\n<li>Nanobiotecnologia<\/li>\n<\/ul>\n<p><a href=\"https:\/\/serveiseducatius.xtec.cat\/altmaresme\/maletes-pedagogiques\/nanokit-2-0\/\" target=\"_blank\" rel=\"noopener noreferrer\">Per saber-ne m\u00e9s&#8230;<\/a><br \/>\n<iframe loading=\"lazy\" title=\"YouTube video player\" src=\"https:\/\/www.youtube.com\/embed\/videoseries?list=PLLQ9eilh3HgdzQjLWQAOFWVcyVVm7ZAVM\" width=\"560\" height=\"315\" frameborder=\"0\" allowfullscreen=\"allowfullscreen\"><\/iframe><\/td>\n<\/tr>\n<tr style=\"height: 16px;\">\n<td style=\"height: 16px; width: 273px; text-align: center;\"><strong>Jugant a definir la ci\u00e8ncia<\/strong><\/p>\n<p><a href=\"http:\/\/serveiseducatius.xtec.cat\/altmaresme\/wp-content\/uploads\/usu1140\/2017\/12\/IMG_20171220_165328.jpg\"><img loading=\"lazy\" decoding=\"async\" class=\"alignnone wp-image-10606\" src=\"http:\/\/serveiseducatius.xtec.cat\/altmaresme\/wp-content\/uploads\/usu1140\/2017\/12\/IMG_20171220_165328-1024x768.jpg\" alt=\"\" width=\"252\" height=\"189\" srcset=\"https:\/\/serveiseducatius.xtec.cat\/altmaresme\/wp-content\/uploads\/usu1140\/2017\/12\/IMG_20171220_165328-1024x768.jpg 1024w, https:\/\/serveiseducatius.xtec.cat\/altmaresme\/wp-content\/uploads\/usu1140\/2017\/12\/IMG_20171220_165328-300x225.jpg 300w, https:\/\/serveiseducatius.xtec.cat\/altmaresme\/wp-content\/uploads\/usu1140\/2017\/12\/IMG_20171220_165328-768x576.jpg 768w, https:\/\/serveiseducatius.xtec.cat\/altmaresme\/wp-content\/uploads\/usu1140\/2017\/12\/IMG_20171220_165328-200x150.jpg 200w\" sizes=\"auto, (max-width: 252px) 100vw, 252px\" \/><\/a><\/td>\n<td style=\"height: 16px; width: 490px;\">Capsa amb cinc jocs de sobretaula que convida els nens i nenes, i els adults que els acompanyen, a jugar amb paraules, significats i dibuixos dels mots m\u00e9s b\u00e0sics de la ci\u00e8ncia, amb la seva forma i amb la seva representaci\u00f3 gr\u00e0fica. S\u00f3n els seg\u00fcents:<\/p>\n<ul>\n<li>La paci\u00e8ncia \u00e9s la mare de la ci\u00e8ncia (joc de cartes)<\/li>\n<li>Cada ovella amb la seva parella (joc de mem\u00f2ria)<\/li>\n<li>Qui no corre vola (joc de rapidesa)<\/li>\n<li>Fent i desfent es fa l\u2019aprenent (joc de trencaclosques)<\/li>\n<li>On no hi ha cap tot \u00e9s cua (d\u00f2mino)<\/li>\n<\/ul>\n<p>Dirigit a nens i nens d&#8217;infantil i cicle inicial i mitj\u00e0 de prim\u00e0ria.<\/td>\n<\/tr>\n<tr>\n<td style=\"width: 273px; text-align: center;\"><strong>Plena de buit<img loading=\"lazy\" decoding=\"async\" class=\"alignnone size-medium wp-image-16014\" src=\"https:\/\/serveiseducatius.xtec.cat\/altmaresme\/wp-content\/uploads\/usu1140\/2022\/03\/photo_2022-03-11_11-34-46-300x169.jpg\" alt=\"\" width=\"300\" height=\"169\" srcset=\"https:\/\/serveiseducatius.xtec.cat\/altmaresme\/wp-content\/uploads\/usu1140\/2022\/03\/photo_2022-03-11_11-34-46-300x169.jpg 300w, https:\/\/serveiseducatius.xtec.cat\/altmaresme\/wp-content\/uploads\/usu1140\/2022\/03\/photo_2022-03-11_11-34-46-1024x576.jpg 1024w, https:\/\/serveiseducatius.xtec.cat\/altmaresme\/wp-content\/uploads\/usu1140\/2022\/03\/photo_2022-03-11_11-34-46-768x432.jpg 768w, https:\/\/serveiseducatius.xtec.cat\/altmaresme\/wp-content\/uploads\/usu1140\/2022\/03\/photo_2022-03-11_11-34-46.jpg 1280w\" sizes=\"auto, (max-width: 300px) 100vw, 300px\" \/><\/strong><\/td>\n<td style=\"width: 490px;\">Maleta pedag\u00f2gica amb 6 tubs per fer buit. Us permetr\u00e0 treballar conceptes relacionats amb la pressi\u00f3 atmosf\u00e8rica, transmissi\u00f3 del so&#8230;<\/p>\n<p>Un material molt senzill d&#8217;utilitzar acompanyat de propostes que es poden fer des dels cursos m\u00e9s baixos de prim\u00e0ria fins a l&#8217;ESO.<\/p>\n<p>Tamb\u00e9 trobareu un dossier amb els conceptes principals relacionats amb experiments de buit.<\/p>\n<p><iframe loading=\"lazy\" src=\"\/\/www.youtube.com\/embed\/WzdOxvDSfPA\" width=\"560\" height=\"314\" allowfullscreen=\"allowfullscreen\"><\/iframe><\/td>\n<\/tr>\n<\/tbody>\n<\/table>\n","protected":false},"excerpt":{"rendered":"<p>Iogurt per a tothom<\/p>\n<p>En aquest experiment et proposem que demostris que en la fabricaci\u00f3 dels iogurts intervenen microorganismes.<br \/>\nLa maleta cont\u00e9 4 iogurteres (28 iogurts), una l\u00e0mina sobre el m\u00e8tode cient\u00edfic i un petit dossier amb idees i conceptes molt b\u00e0sics per ajudar els docents.<\/p>\n<p>Nanokit 2.0<br \/>\n<a&hellip;  <a href=\"https:\/\/serveiseducatius.xtec.cat\/altmaresme\/mediateca\/maletes-pedagogiques\/maletes-pedagogiques-de-ciencia\/\" title=\"Read Maletes pedag\u00f2giques de ci\u00e8ncia\">Llegeix m\u00e9s\u00bb<\/a><\/p>\n","protected":false},"author":1,"featured_media":0,"parent":541,"menu_order":0,"comment_status":"closed","ping_status":"closed","template":"","meta":{"_bbp_topic_count":0,"_bbp_reply_count":0,"_bbp_total_topic_count":0,"_bbp_total_reply_count":0,"_bbp_voice_count":0,"_bbp_anonymous_reply_count":0,"_bbp_topic_count_hidden":0,"_bbp_reply_count_hidden":0,"_bbp_forum_subforum_count":0,"footnotes":""},"class_list":["post-10417","page","type-page","status-publish","hentry"],"post_mailing_queue_ids":[],"_links":{"self":[{"href":"https:\/\/serveiseducatius.xtec.cat\/altmaresme\/wp-json\/wp\/v2\/pages\/10417","targetHints":{"allow":["GET"]}}],"collection":[{"href":"https:\/\/serveiseducatius.xtec.cat\/altmaresme\/wp-json\/wp\/v2\/pages"}],"about":[{"href":"https:\/\/serveiseducatius.xtec.cat\/altmaresme\/wp-json\/wp\/v2\/types\/page"}],"author":[{"embeddable":true,"href":"https:\/\/serveiseducatius.xtec.cat\/altmaresme\/wp-json\/wp\/v2\/users\/1"}],"replies":[{"embeddable":true,"href":"https:\/\/serveiseducatius.xtec.cat\/altmaresme\/wp-json\/wp\/v2\/comments?post=10417"}],"version-history":[{"count":5,"href":"https:\/\/serveiseducatius.xtec.cat\/altmaresme\/wp-json\/wp\/v2\/pages\/10417\/revisions"}],"predecessor-version":[{"id":17132,"href":"https:\/\/serveiseducatius.xtec.cat\/altmaresme\/wp-json\/wp\/v2\/pages\/10417\/revisions\/17132"}],"up":[{"embeddable":true,"href":"https:\/\/serveiseducatius.xtec.cat\/altmaresme\/wp-json\/wp\/v2\/pages\/541"}],"wp:attachment":[{"href":"https:\/\/serveiseducatius.xtec.cat\/altmaresme\/wp-json\/wp\/v2\/media?parent=10417"}],"curies":[{"name":"wp","href":"https:\/\/api.w.org\/{rel}","templated":true}]}}