{"id":377,"date":"2015-11-25T14:17:51","date_gmt":"2015-11-25T13:17:51","guid":{"rendered":"http:\/\/serveiseducatius.xtec.cat\/altemporda\/?page_id=377"},"modified":"2026-03-19T16:51:05","modified_gmt":"2026-03-19T15:51:05","slug":"escoles-bressol","status":"publish","type":"page","link":"https:\/\/serveiseducatius.xtec.cat\/altemporda\/comunitat\/centres-educatius\/escoles-bressol\/","title":{"rendered":"Escoles bressol"},"content":{"rendered":"\n<div class=\"wp-block-group is-layout-constrained wp-container-core-group-is-layout-1 wp-block-group-is-layout-constrained\" style=\"margin-top:0;margin-bottom:0;padding-top:0;padding-bottom:0\">\n<figure class=\"wp-block-table is-style-stripes has-medium-font-size\" style=\"padding-right:0;padding-left:0\"><table style=\"border-style:none;border-width:0px\"><tbody><tr><td colspan=\"5\"><strong>CENTRES P\u00daBLICS D&#8217;EDUCACI\u00d3 INFANTIL<\/strong><\/td><\/tr><tr><td><strong>Codi Centre<\/strong><\/td><td><strong>Municipi<\/strong><\/td><td><strong>Tel\u00e8fon<\/strong><\/td><td><strong>Nom Centre<\/strong><\/td><td><strong>email<\/strong><\/td><\/tr><tr><td>17008067                               <\/td><td>Agullana<\/td><td>972535580<\/td><td>LLA Ballmanetes<\/td><td>b7008067@xtec.net ajuntament@agullana.cat<\/td><\/tr><tr><td>17008754<\/td><td>Avinyonet de Puigvent\u00f3s                                                                                                                                                      <\/td><td>972546297<\/td><td>LLA d&#8217;Avinyonet de Puigvent\u00f3s                                                                  <\/td><td>b7008754@xtec.cat llarpuigventos@gmail.com<\/td><\/tr><tr><td>17010244<\/td><td>B\u00e0scara<\/td><td>972560055<\/td><td>LLA La Baldufa<\/td><td>&nbsp;<\/td><\/tr><tr><td>17005546<\/td><td>Castell\u00f3 d&#8217;Emp\u00faries<\/td><td>972250388<\/td><td>LLA Passeig de les Oques                                                               <\/td><td>b7005546@xtec.cat<\/td><\/tr><tr><td>17008900<\/td><td>Cabanes<\/td><td>972678071<\/td><td>LLA Picacanya<\/td><td>b7008900@xtec.cat<\/td><\/tr><tr><td>17006009<\/td><td>Cadaqu\u00e9s<\/td><td>972159282<\/td><td>LLA El Papanell<\/td><td>b7006009@xtec.cat<\/td><\/tr><tr><td>17005698<\/td><td>Figueres<\/td><td>972503362<\/td><td>LLA <a href=\"https:\/\/sites.google.com\/a\/xtec.cat\/elspinsfigueres\/\" target=\"_blank\" rel=\"noopener noreferrer\">Els Pins<\/a><\/td><td>b7005698@xtec.cat<\/td><\/tr><tr><td>17008304<\/td><td>Figueres<\/td><td>972502957<\/td><td>LLA Bon Pastor<\/td><td>b7008304@xtec.cat<\/td><\/tr><tr><td>17010271<\/td><td>Figueres<\/td><td>972673003<\/td><td>LLA Lilaina<\/td><td>lilaina@suara.coop<\/td><\/tr><tr><td>17008572<\/td><td>Figueres<\/td><td>972509239<\/td><td>LLA Xuclamel<\/td><td>b7008572@xtec.cat <br>cmei@xuclamel.cat<\/td><\/tr><tr><td>17009141<\/td><td>Garriguella<\/td><td>972552529<\/td><td>LLA Arrels<\/td><td>b7009141@xtec.cat arrels.garriguella@gmail.com<\/td><\/tr><tr><td>17005637<\/td><td>La Jonquera<\/td><td>972554704<\/td><td>LLA Terra de Vents<\/td><td>b7005637@xtec.cat<\/td><\/tr><tr><td>17009931<\/td><td>L&#8217;Armentera<\/td><td>972521826<\/td><td>LLA Passet a Passet<\/td><td>b7009931@xtec.cat llarinfantspasset@gmail.com<\/td><\/tr><tr><td>17006885<\/td><td>L&#8217;Escala<\/td><td>97277774522<\/td><td>LLA Ballmanetes<\/td><td>b7006885@xtec.cat <br>ballmanetes@lescala.cat<\/td><\/tr><tr><td>17010062<\/td><td>Llad\u00f3<\/td><td>972553743<\/td><td>LLA Patuleia<\/td><td>b7010062@xtec.cat<\/td><\/tr><tr><td>17008055<\/td><td>Llan\u00e7\u00e0<\/td><td>972121077<\/td><td>LLA Patinet<\/td><td>b7008055@xtec.cat <br>llarllanca@hotmail.com<\/td><\/tr><tr><td>17009989<\/td><td>Llers<\/td><td>972528965<\/td><td>LLA Xiquets de Llers                                   <\/td><td>b7009989@xtec.cat<\/td><\/tr><tr><td>17009451<\/td><td>Ma\u00e7anet de Cabrenys<\/td><td>972543332<\/td><td>LLA Els Bolets<\/td><td>b7009451@xtec.cat<\/td><\/tr><tr><td>17005561<\/td><td>Navata<\/td><td>972980656<\/td><td>LLA Belluguets<\/td><td>b7005561@xtec.cat<\/td><\/tr><tr><td>17009096<\/td><td>Ordis<\/td><td>972543332<\/td><td>LLA de Ordis<\/td><td>b7009096@xtec.cat<\/td><\/tr><tr><td>17008031<\/td><td>Palau-saverdera<\/td><td>972530268<\/td><td>LLA La Muntanyeta<\/td><td>b7008031@xtec.cat<\/td><\/tr><tr><td>17009412<\/td><td>Peralada<\/td><td>972538980 646851120<\/td><td>LLA Orlina<\/td><td>b7009412@xtec.cat llarinfantsorlina@peralada.cat<\/td><\/tr><tr><td>17005959<\/td><td>Portbou<\/td><td>972125121<\/td><td>LLA Barrufets<\/td><td>b7005959@xtec.cat<\/td><\/tr><tr><td>17009977<\/td><td>Riumors<\/td><td>&nbsp;<\/td><td>LLA El Riuet<\/td><td>b7009977@xtec.cat<\/td><\/tr><tr><td>17005947<\/td><td>Roses<\/td><td>972254980<\/td><td>LLA Cavallet de Mar<\/td><td>b7005947@xtec.cat<\/td><\/tr><tr><td>17009679<\/td><td>Roses<\/td><td>972256317<\/td><td>LLA El Franquet<\/td><td>b7009679@xtec.cat <br>elfranquet@roses.cat<\/td><\/tr><tr><td>17009485<\/td><td>Sant Miquel de Fluvi\u00e0<\/td><td>972568389<\/td><td>LLA Els Miquelets<\/td><td>b7009485@xtec.cat elsmiquelets@hotmail.com<\/td><\/tr><tr><td>17010153<\/td><td>Sant Pere Pescador<\/td><td>972520326<\/td><td>LLA El Petit Llagut<\/td><td>b7010153@xtec.cat<\/td><\/tr><tr><td>17009680<\/td><td>Ventall\u00f3<\/td><td>628894019<\/td><td>LLA de Ventall\u00f3<\/td><td>b7009680@xtec.cat<\/td><\/tr><tr><td>17009461<\/td><td>Saus- Camallera<\/td><td>972795022<\/td><td>LLA de Camallera<\/td><td>b7009461@xtec.cat; petitsterraprims@gmail.com<\/td><\/tr><tr><td>17010232<\/td><td>Vilabertran<\/td><td>972501161<\/td><td>LLA de Vilabertran<\/td><td>escolabressol@vilabertran.cat<\/td><\/tr><tr><td>17007762<\/td><td>Vilafant<\/td><td>972675946<\/td><td>LLA 7 pometes<\/td><td>b7007762@xtec.cat cmei7pometes@hotmail.com<\/td><\/tr><tr><td>17008948<\/td><td>Vilaju\u00efga<\/td><td>972530017<\/td><td>LLA Els Nins<\/td><td>b7008948@xtec.cat elsninsdevilajuiga@hotmail.com<\/td><\/tr><\/tbody><\/table><\/figure>\n<\/div>\n\n\n\n<div class=\"wp-block-group is-layout-constrained wp-block-group-is-layout-constrained\">\n<figure class=\"wp-block-table is-style-stripes\" style=\"padding-top:0;padding-right:0;padding-bottom:0;padding-left:0\"><table style=\"border-style:none;border-width:0px\"><tbody><tr><td colspan=\"5\"><strong>CENTRES PRIVATS D&#8217;EDUCACI\u00d3 INFANTIL<\/strong><\/td><\/tr><tr><td><strong>Codi Centre<\/strong><\/td><td><strong>Municipi<\/strong><\/td><td><strong>Tel\u00e8fon<\/strong><\/td><td><strong>Nom Centre<\/strong><\/td><td><strong>email<\/strong><\/td><\/tr><tr><td>17009588<\/td><td>Castell\u00f3 d&#8217;Emp\u00faries<\/td><td>972456100<\/td><td>LLA La casa dels Nins<\/td><td>&nbsp;<\/td><\/tr><tr><td>17006988<\/td><td>Figueres<\/td><td>972502025<\/td><td>LLA Narc\u00eds Monturiol<\/td><td>b7006988@xtec.cat <br>pere@orenetes.com<\/td><\/tr><tr><td>17007634<\/td><td>Figueres<\/td><td>972510304<\/td><td>LLA Sol Solet<\/td><td>b7007634@xtec.cat<\/td><\/tr><tr><td>17009965<\/td><td>Figueres<\/td><td>972513503<\/td><td>LLA Montessori-Figueres<\/td><td>info@montessori-figueres.com<\/td><\/tr><tr><td>17003124<\/td><td>Roses<\/td><td>972257397<\/td><td>Centre Escolar Empord\u00e0<\/td><td>b7003124@xtec.cat<\/td><\/tr><\/tbody><\/table><\/figure>\n<\/div>\n","protected":false},"excerpt":{"rendered":"<p>CENTRES P\u00daBLICS D&#8217;EDUCACI\u00d3 INFANTIL Codi Centre Municipi Tel\u00e8fon Nom Centre email 17008067 Agullana 972535580 LLA Ballmanetes b7008067@xtec.net ajuntament@agullana.cat 17008754 Avinyonet de Puigvent\u00f3s 972546297 LLA d&#8217;Avinyonet de Puigvent\u00f3s b7008754@xtec.cat llarpuigventos@gmail.com 17010244 B\u00e0scara 972560055 LLA La Baldufa &nbsp; 17005546 Castell\u00f3 d&#8217;Emp\u00faries 972250388 LLA Passeig de les Oques b7005546@xtec.cat 17008900 Cabanes 972678071 LLA Picacanya b7008900@xtec.cat 17006009 Cadaqu\u00e9s 972159282 [&hellip;]<\/p>\n","protected":false},"author":1,"featured_media":0,"parent":338,"menu_order":1,"comment_status":"closed","ping_status":"closed","template":"","meta":{"_bbp_topic_count":0,"_bbp_reply_count":0,"_bbp_total_topic_count":0,"_bbp_total_reply_count":0,"_bbp_voice_count":0,"_bbp_anonymous_reply_count":0,"_bbp_topic_count_hidden":0,"_bbp_reply_count_hidden":0,"_bbp_forum_subforum_count":0,"site-sidebar-layout":"default","site-content-layout":"","ast-site-content-layout":"default","site-content-style":"default","site-sidebar-style":"default","ast-global-header-display":"","ast-banner-title-visibility":"","ast-main-header-display":"","ast-hfb-above-header-display":"","ast-hfb-below-header-display":"","ast-hfb-mobile-header-display":"","site-post-title":"","ast-breadcrumbs-content":"","ast-featured-img":"","footer-sml-layout":"","theme-transparent-header-meta":"","adv-header-id-meta":"","stick-header-meta":"","header-above-stick-meta":"","header-main-stick-meta":"","header-below-stick-meta":"","astra-migrate-meta-layouts":"set","ast-page-background-enabled":"default","ast-page-background-meta":{"desktop":{"background-color":"var(--ast-global-color-4)","background-image":"","background-repeat":"repeat","background-position":"center center","background-size":"auto","background-attachment":"scroll","background-type":"","background-media":"","overlay-type":"","overlay-color":"","overlay-opacity":"","overlay-gradient":""},"tablet":{"background-color":"","background-image":"","background-repeat":"repeat","background-position":"center center","background-size":"auto","background-attachment":"scroll","background-type":"","background-media":"","overlay-type":"","overlay-color":"","overlay-opacity":"","overlay-gradient":""},"mobile":{"background-color":"","background-image":"","background-repeat":"repeat","background-position":"center center","background-size":"auto","background-attachment":"scroll","background-type":"","background-media":"","overlay-type":"","overlay-color":"","overlay-opacity":"","overlay-gradient":""}},"ast-content-background-meta":{"desktop":{"background-color":"var(--ast-global-color-5)","background-image":"","background-repeat":"repeat","background-position":"center center","background-size":"auto","background-attachment":"scroll","background-type":"","background-media":"","overlay-type":"","overlay-color":"","overlay-opacity":"","overlay-gradient":""},"tablet":{"background-color":"var(--ast-global-color-5)","background-image":"","background-repeat":"repeat","background-position":"center center","background-size":"auto","background-attachment":"scroll","background-type":"","background-media":"","overlay-type":"","overlay-color":"","overlay-opacity":"","overlay-gradient":""},"mobile":{"background-color":"var(--ast-global-color-5)","background-image":"","background-repeat":"repeat","background-position":"center center","background-size":"auto","background-attachment":"scroll","background-type":"","background-media":"","overlay-type":"","overlay-color":"","overlay-opacity":"","overlay-gradient":""}},"footnotes":""},"class_list":["post-377","page","type-page","status-publish","hentry"],"post_mailing_queue_ids":[],"_links":{"self":[{"href":"https:\/\/serveiseducatius.xtec.cat\/altemporda\/wp-json\/wp\/v2\/pages\/377","targetHints":{"allow":["GET"]}}],"collection":[{"href":"https:\/\/serveiseducatius.xtec.cat\/altemporda\/wp-json\/wp\/v2\/pages"}],"about":[{"href":"https:\/\/serveiseducatius.xtec.cat\/altemporda\/wp-json\/wp\/v2\/types\/page"}],"author":[{"embeddable":true,"href":"https:\/\/serveiseducatius.xtec.cat\/altemporda\/wp-json\/wp\/v2\/users\/1"}],"replies":[{"embeddable":true,"href":"https:\/\/serveiseducatius.xtec.cat\/altemporda\/wp-json\/wp\/v2\/comments?post=377"}],"version-history":[{"count":6,"href":"https:\/\/serveiseducatius.xtec.cat\/altemporda\/wp-json\/wp\/v2\/pages\/377\/revisions"}],"predecessor-version":[{"id":27393,"href":"https:\/\/serveiseducatius.xtec.cat\/altemporda\/wp-json\/wp\/v2\/pages\/377\/revisions\/27393"}],"up":[{"embeddable":true,"href":"https:\/\/serveiseducatius.xtec.cat\/altemporda\/wp-json\/wp\/v2\/pages\/338"}],"wp:attachment":[{"href":"https:\/\/serveiseducatius.xtec.cat\/altemporda\/wp-json\/wp\/v2\/media?parent=377"}],"curies":[{"name":"wp","href":"https:\/\/api.w.org\/{rel}","templated":true}]}}