{"id":338,"date":"2015-11-24T18:40:49","date_gmt":"2015-11-24T17:40:49","guid":{"rendered":"http:\/\/serveiseducatius.xtec.cat\/altemporda\/?page_id=338"},"modified":"2026-03-19T16:01:39","modified_gmt":"2026-03-19T15:01:39","slug":"centres-educatius","status":"publish","type":"page","link":"https:\/\/serveiseducatius.xtec.cat\/altemporda\/comunitat\/centres-educatius\/","title":{"rendered":"Centres educatius"},"content":{"rendered":"\n<hr class=\"wp-block-separator has-alpha-channel-opacity\"\/>\n\n\n\n<p>A l&#8217;Alt Empord\u00e0 hi ha 65 centres p\u00fablics d\u2019educaci\u00f3 infantil i prim\u00e0ria (escoles), 2 institut-escola, 13 centres p\u00fablics d\u2019educaci\u00f3 secund\u00e0ria, batxillerat i formaci\u00f3 professional (instituts), 3 centres privats-concertats d\u2019educaci\u00f3 prim\u00e0ria i secund\u00e0ria, 1 centre p\u00fablic d\u2019educaci\u00f3 especial, 31 escoles bressol autoritzades, 2 escoles d&#8217;adults i 1 escola oficial d&#8217;idiomes.<\/p>\n\n\n\n<ul class=\"wp-block-list\">\n<li><a href=\"http:\/\/serveiseducatius.xtec.cat\/altemporda\/comunitat\/centres-educatius\/escoles-bressol\/\" target=\"_blank\" rel=\"noreferrer noopener\">Escoles Bressol<\/a><\/li>\n\n\n\n<li><a href=\"http:\/\/serveiseducatius.xtec.cat\/altemporda\/comunitat\/centres-educatius\/educacio-infantil-i-primaria\/\" target=\"_blank\" rel=\"noreferrer noopener\">Educaci\u00f3 infantil i prim\u00e0ria<\/a><\/li>\n\n\n\n<li><a href=\"http:\/\/serveiseducatius.xtec.cat\/altemporda\/comunitat\/centres-educatius\/institut-escola\/\">Instituts-Escola<\/a><\/li>\n\n\n\n<li><a href=\"http:\/\/serveiseducatius.xtec.cat\/altemporda\/comunitat\/centres-educatius\/ensenyament-secundari-batxillerat-i-formacio-professional\/\" target=\"_blank\" rel=\"noreferrer noopener\">Ensenyament secundari, Batxillerat i Formaci\u00f3 professional<\/a><\/li>\n\n\n\n<li><a href=\"https:\/\/serveiseducatius.xtec.cat\/altemporda\/comunitat\/centres-educatius\/centres-concertats\/\" target=\"_blank\" rel=\"noreferrer noopener\">Centres concertats<\/a><\/li>\n\n\n\n<li><a href=\"https:\/\/serveiseducatius.xtec.cat\/altemporda\/comunitat\/centres-educatius\/centre-educacio-especial\/\" target=\"_blank\" rel=\"noreferrer noopener\">Educaci\u00f3 Especial<\/a><\/li>\n\n\n\n<li><a href=\"https:\/\/serveiseducatius.xtec.cat\/altemporda\/comunitat\/centres-educatius\/escola-oficial-didiomes-eoi\/\" target=\"_blank\" rel=\"noreferrer noopener\">Escola Oficial d&#8217;Idiomes<\/a><\/li>\n\n\n\n<li><a href=\"https:\/\/serveiseducatius.xtec.cat\/altemporda\/comunitat\/centres-educatius\/adults\/\" target=\"_blank\" rel=\"noreferrer noopener\">Centres Formaci\u00f3 d&#8217;Adults<\/a><\/li>\n<\/ul>\n\n\n\n<hr class=\"wp-block-separator has-alpha-channel-opacity is-style-wide\"\/>\n\n\n\n<h4 class=\"wp-block-heading\">Els centres de la comarca<\/h4>\n\n\n\n<figure class=\"wp-block-image aligncenter is-resized\"><a href=\"http:\/\/mapaescolar.gencat.cat\/\" target=\"_blank\" rel=\"noreferrer noopener\"><img loading=\"lazy\" decoding=\"async\" width=\"835\" height=\"486\" src=\"https:\/\/serveiseducatius.xtec.cat\/altemporda\/wp-content\/uploads\/usu1156\/2021\/07\/Centres-AE.png\" alt=\"\" class=\"wp-image-13520\" style=\"width:485px;height:auto\" srcset=\"https:\/\/serveiseducatius.xtec.cat\/altemporda\/wp-content\/uploads\/usu1156\/2021\/07\/Centres-AE.png 835w, https:\/\/serveiseducatius.xtec.cat\/altemporda\/wp-content\/uploads\/usu1156\/2021\/07\/Centres-AE-300x175.png 300w, https:\/\/serveiseducatius.xtec.cat\/altemporda\/wp-content\/uploads\/usu1156\/2021\/07\/Centres-AE-768x447.png 768w\" sizes=\"auto, (max-width: 835px) 100vw, 835px\" \/><\/a><\/figure>\n\n\n\n<hr class=\"wp-block-separator has-alpha-channel-opacity is-style-wide\"\/>\n\n\n\n<h4 class=\"wp-block-heading\"><a href=\"https:\/\/www.canva.com\/design\/DAE9MBAaEYE\/view?utm_content=DAE9MBAaEYE&amp;utm_campaign=designshare&amp;utm_medium=embeds&amp;utm_source=link\" target=\"_blank\" rel=\"noreferrer noopener\">Centres de la comarca del CRP Alt Empord\u00e0<\/a><\/h4>\n\n\n\n<p style=\"text-align: center;\"><iframe loading=\"lazy\" style=\"border: 0px #ffffff none;\" src=\"https:\/\/drive.google.com\/file\/d\/1jiEf8vE_YMULRArMvukHcxJolhdS-f_w\/preview\" name=\"myiFrame\" width=\"700px\" height=\"980px\" frameborder=\"1\" marginwidth=\"0px\" marginheight=\"0px\" scrolling=\"no\" allowfullscreen=\"allowfullscreen\"><\/iframe><\/p>\n\n\n\n<hr class=\"wp-block-separator has-alpha-channel-opacity is-style-wide\"\/>\n\n\n\n<h4 class=\"wp-block-heading\">Localitats ateses pel Servei Educatiu de l&#8217;Alt empord\u00e0.<\/h4>\n\n\n\n<p>Agullana; Armentera, l&#8217;; Avinyonet de Puigvent\u00f3s; Biure; Boadella i les Escaules; Borrass\u00e0; B\u00e0scara; Cabanelles; Cabanes; Cadaqu\u00e9s; Cantallops; Capmany; Castell\u00f3 d&#8217;Emp\u00faries; Cistella; Colera; Darnius; Escala, l&#8217;; Espolla; Far d&#8217;Empord\u00e0, el; Figueres; Forti\u00e0; Garriguella; ; Garrig\u00e0s; Jonquera, la; Llad\u00f3; Llan\u00e7\u00e0; Llers; Masarac; Ma\u00e7anet de Cabrenys; Mollet de Peralada; Navata; Ordis; Palau de Santa Eul\u00e0lia; Palau-saverdera; Pau; Pedret i Marz\u00e0; Peralada; Pont de Molins; Pont\u00f3s; Port de la Selva, el; Portbou; Rab\u00f3s; Riumors; Roses; Sant Climent Sescebes; ; Sant Lloren\u00e7 de la Muga; Sant Miquel de Fluvi\u00e0; Sant Mori; Sant Pere Pescador; Santa Llogaia d&#8217;\u00c0lguema; Saus, Camallera i Llampaies; Selva de Mar, la; Siurana; Terrades; Torroella de Fluvi\u00e0; Vajol, la; Ventall\u00f3; Vila-sacra; Vilabertran; Viladamat; Vilafant; Vilaju\u00efga; Vilamacolum; Vilamalla; Vilamaniscle; Vilanant; Vila\u00fcr.<\/p>\n","protected":false},"excerpt":{"rendered":"<p>A l&#8217;Alt Empord\u00e0 hi ha 65 centres p\u00fablics d\u2019educaci\u00f3 infantil i prim\u00e0ria (escoles), 2 institut-escola, 13 centres p\u00fablics d\u2019educaci\u00f3 secund\u00e0ria, batxillerat i formaci\u00f3 professional (instituts), 3 centres privats-concertats d\u2019educaci\u00f3 prim\u00e0ria i secund\u00e0ria, 1 centre p\u00fablic d\u2019educaci\u00f3 especial, 31 escoles bressol autoritzades, 2 escoles d&#8217;adults i 1 escola oficial d&#8217;idiomes. Els centres de la comarca Centres [&hellip;]<\/p>\n","protected":false},"author":1,"featured_media":0,"parent":341,"menu_order":1,"comment_status":"closed","ping_status":"closed","template":"","meta":{"_bbp_topic_count":0,"_bbp_reply_count":0,"_bbp_total_topic_count":0,"_bbp_total_reply_count":0,"_bbp_voice_count":0,"_bbp_anonymous_reply_count":0,"_bbp_topic_count_hidden":0,"_bbp_reply_count_hidden":0,"_bbp_forum_subforum_count":0,"site-sidebar-layout":"default","site-content-layout":"","ast-site-content-layout":"default","site-content-style":"default","site-sidebar-style":"default","ast-global-header-display":"","ast-banner-title-visibility":"","ast-main-header-display":"","ast-hfb-above-header-display":"","ast-hfb-below-header-display":"","ast-hfb-mobile-header-display":"","site-post-title":"","ast-breadcrumbs-content":"","ast-featured-img":"","footer-sml-layout":"","theme-transparent-header-meta":"","adv-header-id-meta":"","stick-header-meta":"","header-above-stick-meta":"","header-main-stick-meta":"","header-below-stick-meta":"","astra-migrate-meta-layouts":"set","ast-page-background-enabled":"default","ast-page-background-meta":{"desktop":{"background-color":"var(--ast-global-color-4)","background-image":"","background-repeat":"repeat","background-position":"center center","background-size":"auto","background-attachment":"scroll","background-type":"","background-media":"","overlay-type":"","overlay-color":"","overlay-opacity":"","overlay-gradient":""},"tablet":{"background-color":"","background-image":"","background-repeat":"repeat","background-position":"center center","background-size":"auto","background-attachment":"scroll","background-type":"","background-media":"","overlay-type":"","overlay-color":"","overlay-opacity":"","overlay-gradient":""},"mobile":{"background-color":"","background-image":"","background-repeat":"repeat","background-position":"center center","background-size":"auto","background-attachment":"scroll","background-type":"","background-media":"","overlay-type":"","overlay-color":"","overlay-opacity":"","overlay-gradient":""}},"ast-content-background-meta":{"desktop":{"background-color":"var(--ast-global-color-5)","background-image":"","background-repeat":"repeat","background-position":"center center","background-size":"auto","background-attachment":"scroll","background-type":"","background-media":"","overlay-type":"","overlay-color":"","overlay-opacity":"","overlay-gradient":""},"tablet":{"background-color":"var(--ast-global-color-5)","background-image":"","background-repeat":"repeat","background-position":"center center","background-size":"auto","background-attachment":"scroll","background-type":"","background-media":"","overlay-type":"","overlay-color":"","overlay-opacity":"","overlay-gradient":""},"mobile":{"background-color":"var(--ast-global-color-5)","background-image":"","background-repeat":"repeat","background-position":"center center","background-size":"auto","background-attachment":"scroll","background-type":"","background-media":"","overlay-type":"","overlay-color":"","overlay-opacity":"","overlay-gradient":""}},"footnotes":""},"class_list":["post-338","page","type-page","status-publish","hentry"],"post_mailing_queue_ids":[],"_links":{"self":[{"href":"https:\/\/serveiseducatius.xtec.cat\/altemporda\/wp-json\/wp\/v2\/pages\/338","targetHints":{"allow":["GET"]}}],"collection":[{"href":"https:\/\/serveiseducatius.xtec.cat\/altemporda\/wp-json\/wp\/v2\/pages"}],"about":[{"href":"https:\/\/serveiseducatius.xtec.cat\/altemporda\/wp-json\/wp\/v2\/types\/page"}],"author":[{"embeddable":true,"href":"https:\/\/serveiseducatius.xtec.cat\/altemporda\/wp-json\/wp\/v2\/users\/1"}],"replies":[{"embeddable":true,"href":"https:\/\/serveiseducatius.xtec.cat\/altemporda\/wp-json\/wp\/v2\/comments?post=338"}],"version-history":[{"count":6,"href":"https:\/\/serveiseducatius.xtec.cat\/altemporda\/wp-json\/wp\/v2\/pages\/338\/revisions"}],"predecessor-version":[{"id":27365,"href":"https:\/\/serveiseducatius.xtec.cat\/altemporda\/wp-json\/wp\/v2\/pages\/338\/revisions\/27365"}],"up":[{"embeddable":true,"href":"https:\/\/serveiseducatius.xtec.cat\/altemporda\/wp-json\/wp\/v2\/pages\/341"}],"wp:attachment":[{"href":"https:\/\/serveiseducatius.xtec.cat\/altemporda\/wp-json\/wp\/v2\/media?parent=338"}],"curies":[{"name":"wp","href":"https:\/\/api.w.org\/{rel}","templated":true}]}}