{"id":26245,"date":"2025-09-24T10:39:47","date_gmt":"2025-09-24T08:39:47","guid":{"rendered":"https:\/\/serveiseducatius.xtec.cat\/altemporda\/?page_id=26245"},"modified":"2025-09-29T10:14:22","modified_gmt":"2025-09-29T08:14:22","slug":"agenda-xepnae-2025-2026","status":"publish","type":"page","link":"https:\/\/serveiseducatius.xtec.cat\/altemporda\/xarxa-descoles-dels-aiguamolls-de-lemporda\/agenda\/agenda-xepnae-2025-2026\/","title":{"rendered":"Agenda XEPNAE 2025-2026"},"content":{"rendered":"<div style=\"display: flex; align-items: center; justify-content: center;\"><\/div>\n<p style=\"text-align: left;\"><a href=\"https:\/\/serveiseducatius.xtec.cat\/altemporda\/wp-content\/uploads\/usu1156\/2025\/09\/PNAE-coberta-736x1024.jpg\"><img loading=\"lazy\" decoding=\"async\" class=\"wp-image-26000 alignleft\" src=\"https:\/\/serveiseducatius.xtec.cat\/altemporda\/wp-content\/uploads\/usu1156\/2025\/09\/PNAE-coberta-736x1024.jpg\" alt=\"\" width=\"189\" height=\"263\" \/><\/a><\/p>\n<p data-start=\"97\" data-end=\"312\">L\u2019Agenda escolar dels Aiguamolls de l\u2019Empord\u00e0 \u00e9s fruit de la col\u00b7laboraci\u00f3 entre la Xarxa d\u2019Escoles dels Aiguamolls de l\u2019Empord\u00e0, el Servei Educatiu de l\u2019Alt Empord\u00e0 i el Parc Natural dels Aiguamolls de l\u2019Empord\u00e0.<\/p>\n<p data-start=\"314\" data-end=\"792\">Aquest recurs vol esdevenir una guia per acompanyar l\u2019alumnat en la descoberta i el coneixement dels valors naturals del nostre entorn. A trav\u00e9s de reptes i experi\u00e8ncies de natura, ofereix la possibilitat de treballar i aprendre tant dins de l\u2019escola com des de casa. El Parc Natural dels Aiguamolls de l\u2019Empord\u00e0 \u00e9s un indret <strong data-start=\"640\" data-end=\"666\">ric, \u00fanic i inspirador<\/strong>, per\u00f2 al mateix temps <strong data-start=\"689\" data-end=\"711\">delicat i sensible<\/strong>; nom\u00e9s coneixent-lo i valorant-lo serem capa\u00e7os de garantir-ne la preservaci\u00f3.<\/p>\n<p data-start=\"794\" data-end=\"898\">Us animem a participar de les propostes que ofereix l\u2019Agenda, del Correcull i de les sortides i activitats del Parc.<\/p>\n<p style=\"background-color: #0eb1ff; color: white; font-size: 1em; text-align: center;\"><span style=\"font-size: 1.5em;\">Reptes<\/span><\/p>\n<div class=\"fila; style=\">\n<div class=\"columna\" style=\"width: 10%; text-align: center;\"><\/div>\n<div class=\"columna\" style=\"width: 20%; text-align: center;\"><a class=\"boto_taula\" href=\"https:\/\/serveiseducatius.xtec.cat\/altemporda\/xarxa-descoles-dels-aiguamolls-de-lemporda\/agenda\/agenda-xepnae-2025-2026\/repte-1\/\" target=\"_blank\" rel=\"noopener noreferrer\"><strong>Repte 1<\/strong><\/a><\/div>\n<div class=\"columna\" style=\"width: 20%; text-align: center;\"><a class=\"boto_taula\" href=\"https:\/\/serveiseducatius.xtec.cat\/altemporda\/xarxa-descoles-dels-aiguamolls-de-lemporda\/agenda\/agenda-xepnae-2025-2026\/repte-2\/\" target=\"_blank\" rel=\"noopener noreferrer\"><strong>Repte 2<\/strong><\/a><\/div>\n<div class=\"columna\" style=\"width: 20%; text-align: center;\"><a class=\"boto_taula\" href=\"https:\/\/serveiseducatius.xtec.cat\/altemporda\/xarxa-descoles-dels-aiguamolls-de-lemporda\/agenda\/agenda-xepnae-2025-2026\/repte-3\/\" target=\"_blank\" rel=\"noopener noreferrer\"><strong>Repte 3<\/strong><\/a><\/div>\n<div class=\"columna\" style=\"width: 20%; text-align: center;\"><a class=\"boto_taula\" href=\"https:\/\/serveiseducatius.xtec.cat\/altemporda\/xarxa-descoles-dels-aiguamolls-de-lemporda\/agenda\/agenda-xepnae-2025-2026\/repte-4\/\" target=\"_blank\" rel=\"noopener noreferrer\"><strong>Repte 4<\/strong><\/a><\/div>\n<div class=\"columna\" style=\"width: 10%; text-align: center;\"><\/div>\n<\/div>\n<hr width=\"1px\" \/>\n<p style=\"background-color: #0eb1ff; color: white; font-size: 1em; text-align: center;\"><span style=\"font-size: 1.5em;\">Retalls de natura<\/span><\/p>\n<div style=\"display: flex; align-items: center; justify-content: center;\"><iframe loading=\"lazy\" src=\"https:\/\/drive.google.com\/file\/d\/1a27FSjc88kal5fqt4J-4Y1Fx7NODmHHz\/preview\" width=\"400\" height=\"550\"><span data-mce-type=\"bookmark\" style=\"display: inline-block; width: 0px; overflow: hidden; line-height: 0;\" class=\"mce_SELRES_start\">\ufeff<\/span><span data-mce-type=\"bookmark\" style=\"display: inline-block; width: 0px; overflow: hidden; line-height: 0;\" class=\"mce_SELRES_start\">\ufeff<\/span><span data-mce-type=\"bookmark\" style=\"display: inline-block; width: 0px; overflow: hidden; line-height: 0;\" class=\"mce_SELRES_start\">\ufeff<\/span><span data-mce-type=\"bookmark\" style=\"display: inline-block; width: 0px; overflow: hidden; line-height: 0;\" class=\"mce_SELRES_start\">\ufeff<\/span><\/iframe><\/div>\n<hr \/>\n<p style=\"background-color: #0eb1ff; color: white; font-size: 1em; text-align: center;\"><span style=\"font-size: 1.5em;\">Joc i solucionari<\/span><\/p>\n<p><strong>Jocs de lletres, jocs de natura,<\/strong><\/p>\n<p data-start=\"158\" data-end=\"722\">Propiciar entorns plens d\u2019est\u00edmuls que afavoreixin la creativitat dels infants, alhora que siguin saludables i sostenibles, \u00e9s una prioritat creixent per a tota la comunitat educativa (pares, mares i docents). Cada cop m\u00e9s centres escolars reconeixen la import\u00e0ncia de la natura en el desenvolupament integral dels infants, ja que proporciona un escenari ideal per aprendre a trav\u00e9s de l\u2019exploraci\u00f3 i el joc. Com recordava Maria Montessori, <em data-start=\"601\" data-end=\"719\">\u201cl\u2019infant apr\u00e8n millor a trav\u00e9s del joc actiu i de l\u2019exploraci\u00f3 de la natura, on descobreix la vida i el seu entorn\u201d<\/em>.<\/p>\n<p data-start=\"724\" data-end=\"1151\">Les metodologies que integren el joc com a element central faciliten la interioritzaci\u00f3 dels coneixements de manera m\u00e9s significativa i divertida, generant experi\u00e8ncies positives, memorables i \u00faniques. Aquest enfocament permet als infants comprendre millor el m\u00f3n que els envolta, desenvolupar habilitats creatives i cr\u00edtiques, i establir un vincle profund amb la natura que els acompanya en el seu aprenentatge i creixement.<\/p>\n<p align=\"center\"><iframe loading=\"lazy\" src=\"https:\/\/drive.google.com\/file\/d\/1E8xL89rGdKm1a-7Fx9QRDR3ruu4tNbhZ\/preview\" width=\"600\" height=\"800\"><span data-mce-type=\"bookmark\" style=\"display: inline-block; width: 0px; overflow: hidden; line-height: 0;\" class=\"mce_SELRES_start\">\ufeff<\/span><\/iframe><\/p>\n<hr \/>\n<p style=\"display: flex; align-items: center; justify-content: center;\"><strong>\u00a0<\/strong><\/p>\n","protected":false},"excerpt":{"rendered":"<p>L\u2019Agenda escolar dels Aiguamolls de l\u2019Empord\u00e0 \u00e9s fruit de la col\u00b7laboraci\u00f3 entre la Xarxa d\u2019Escoles dels Aiguamolls de l\u2019Empord\u00e0, el Servei Educatiu de l\u2019Alt Empord\u00e0 i el Parc Natural dels Aiguamolls de l\u2019Empord\u00e0. Aquest recurs vol esdevenir una guia per acompanyar l\u2019alumnat en la descoberta i el coneixement dels valors naturals del nostre entorn. A [&hellip;]<\/p>\n","protected":false},"author":4,"featured_media":0,"parent":25871,"menu_order":0,"comment_status":"closed","ping_status":"closed","template":"","meta":{"_bbp_topic_count":0,"_bbp_reply_count":0,"_bbp_total_topic_count":0,"_bbp_total_reply_count":0,"_bbp_voice_count":0,"_bbp_anonymous_reply_count":0,"_bbp_topic_count_hidden":0,"_bbp_reply_count_hidden":0,"_bbp_forum_subforum_count":0,"site-sidebar-layout":"default","site-content-layout":"","ast-site-content-layout":"","site-content-style":"default","site-sidebar-style":"default","ast-global-header-display":"","ast-banner-title-visibility":"","ast-main-header-display":"","ast-hfb-above-header-display":"","ast-hfb-below-header-display":"","ast-hfb-mobile-header-display":"","site-post-title":"","ast-breadcrumbs-content":"","ast-featured-img":"","footer-sml-layout":"","theme-transparent-header-meta":"","adv-header-id-meta":"","stick-header-meta":"","header-above-stick-meta":"","header-main-stick-meta":"","header-below-stick-meta":"","astra-migrate-meta-layouts":"default","ast-page-background-enabled":"default","ast-page-background-meta":{"desktop":{"background-color":"var(--ast-global-color-4)","background-image":"","background-repeat":"repeat","background-position":"center center","background-size":"auto","background-attachment":"scroll","background-type":"","background-media":"","overlay-type":"","overlay-color":"","overlay-opacity":"","overlay-gradient":""},"tablet":{"background-color":"","background-image":"","background-repeat":"repeat","background-position":"center center","background-size":"auto","background-attachment":"scroll","background-type":"","background-media":"","overlay-type":"","overlay-color":"","overlay-opacity":"","overlay-gradient":""},"mobile":{"background-color":"","background-image":"","background-repeat":"repeat","background-position":"center center","background-size":"auto","background-attachment":"scroll","background-type":"","background-media":"","overlay-type":"","overlay-color":"","overlay-opacity":"","overlay-gradient":""}},"ast-content-background-meta":{"desktop":{"background-color":"var(--ast-global-color-5)","background-image":"","background-repeat":"repeat","background-position":"center center","background-size":"auto","background-attachment":"scroll","background-type":"","background-media":"","overlay-type":"","overlay-color":"","overlay-opacity":"","overlay-gradient":""},"tablet":{"background-color":"var(--ast-global-color-5)","background-image":"","background-repeat":"repeat","background-position":"center center","background-size":"auto","background-attachment":"scroll","background-type":"","background-media":"","overlay-type":"","overlay-color":"","overlay-opacity":"","overlay-gradient":""},"mobile":{"background-color":"var(--ast-global-color-5)","background-image":"","background-repeat":"repeat","background-position":"center center","background-size":"auto","background-attachment":"scroll","background-type":"","background-media":"","overlay-type":"","overlay-color":"","overlay-opacity":"","overlay-gradient":""}},"footnotes":""},"class_list":["post-26245","page","type-page","status-publish","hentry"],"post_mailing_queue_ids":[],"_links":{"self":[{"href":"https:\/\/serveiseducatius.xtec.cat\/altemporda\/wp-json\/wp\/v2\/pages\/26245","targetHints":{"allow":["GET"]}}],"collection":[{"href":"https:\/\/serveiseducatius.xtec.cat\/altemporda\/wp-json\/wp\/v2\/pages"}],"about":[{"href":"https:\/\/serveiseducatius.xtec.cat\/altemporda\/wp-json\/wp\/v2\/types\/page"}],"author":[{"embeddable":true,"href":"https:\/\/serveiseducatius.xtec.cat\/altemporda\/wp-json\/wp\/v2\/users\/4"}],"replies":[{"embeddable":true,"href":"https:\/\/serveiseducatius.xtec.cat\/altemporda\/wp-json\/wp\/v2\/comments?post=26245"}],"version-history":[{"count":7,"href":"https:\/\/serveiseducatius.xtec.cat\/altemporda\/wp-json\/wp\/v2\/pages\/26245\/revisions"}],"predecessor-version":[{"id":26318,"href":"https:\/\/serveiseducatius.xtec.cat\/altemporda\/wp-json\/wp\/v2\/pages\/26245\/revisions\/26318"}],"up":[{"embeddable":true,"href":"https:\/\/serveiseducatius.xtec.cat\/altemporda\/wp-json\/wp\/v2\/pages\/25871"}],"wp:attachment":[{"href":"https:\/\/serveiseducatius.xtec.cat\/altemporda\/wp-json\/wp\/v2\/media?parent=26245"}],"curies":[{"name":"wp","href":"https:\/\/api.w.org\/{rel}","templated":true}]}}