{"id":24095,"date":"2024-11-06T10:24:40","date_gmt":"2024-11-06T09:24:40","guid":{"rendered":"https:\/\/serveiseducatius.xtec.cat\/altemporda\/?page_id=24095"},"modified":"2025-01-20T12:43:25","modified_gmt":"2025-01-20T11:43:25","slug":"womens-day-2023","status":"publish","type":"page","link":"https:\/\/serveiseducatius.xtec.cat\/altemporda\/english-time\/woman-day\/womens-day-2023\/","title":{"rendered":"Women&#8217;s day 2023"},"content":{"rendered":"<p dir=\"ltr\">Us heu fixat mai que la nomenclatura dels carrers no \u00e9s gens parit\u00e0ria? A Figueres hi ha 145 carrers amb nom d\u2019home i 25 amb nom de dona, a Roses 131 versus 20, a Peralada no n\u2019hi ha cap amb nom de dona, a Castell\u00f3\/Empuriabrava nom\u00e9s un i a Vilafant nom\u00e9s 6 amb nom de dona i 20 amb nom d\u2019home. Amb tot l\u2019alumnat de 3r ESO s&#8217;ha treballat quines dones tenen un carrer dedicat i s&#8217;han fet uns p\u00f2sters que es poden trobar exposats a la biblioteca Fages de Climent de Figueres.<\/p>\n<hr \/>\n<div style=\"display: flex; align-items: center; justify-content: center;\">\n<div id=\"2340F\" style=\"width: 100%; max-width: 843px; height: 562px; display: none;\"><img decoding=\"async\" src=\"https:\/\/lh3.googleusercontent.com\/d\/1JTK_0PO-hVJGwa5sif3-N8qBqWRBpon5=w500\" \/><br \/>\n<img decoding=\"async\" src=\"https:\/\/lh3.googleusercontent.com\/d\/1VBXy6VmvI8w4cThNOicZbIAzcxKNYJDK=w500\" \/><br \/>\n<img decoding=\"async\" src=\"https:\/\/lh3.googleusercontent.com\/d\/1rXxigIQKjdXNAbYJLGqH1u64A7zRn0M3=w500\" \/><br \/>\n<img decoding=\"async\" src=\"https:\/\/lh3.googleusercontent.com\/d\/1iUHQIBt4R4nvKjj97lbWUt-1g-t9f1R3=w500\" \/><br \/>\n<img decoding=\"async\" src=\"https:\/\/lh3.googleusercontent.com\/d\/1kyWFKkW0sIN5W4Ao09nKuMJ-U0moOVXB=w500\" \/><br \/>\n<img decoding=\"async\" src=\"https:\/\/lh3.googleusercontent.com\/d\/1OOBBCv91JotXkagIQu-kJfj-qiQZTx_J=w500\" \/><br \/>\n<img decoding=\"async\" src=\"https:\/\/lh3.googleusercontent.com\/d\/1BWTCZNoGcN8U8uqKQTK322ACaepFd4pW=w500\" \/><br \/>\n<img decoding=\"async\" src=\"https:\/\/lh3.googleusercontent.com\/d\/1HUyel2TSN_N0vSz-PnJbQOySgPjVE7wR=w500\" \/><\/div>\n<p><script type=\"text\/javascript\" src=\"https:\/\/cdnjs.cloudflare.com\/ajax\/libs\/jquery\/3.6.1\/jquery.min.js\"><\/script><br \/>\n<script>\n  (MyGalleries=(typeof MyGalleries === 'undefined' ? [] : MyGalleries)).push({gallId:'#2340F',autoplay:true,lightbox:true,debug:false,popupLinks:true});\n  if(typeof GalleryLoaded === 'undefined'){\n    GalleryLoaded = jQuery(function(){\n      jQuery.ajax({url:'https:\/\/cdnjs.cloudflare.com\/ajax\/libs\/galleria\/1.6.1\/galleria.min.js',dataType:'script',cache:true}).done(function(){\n        Galleria.loadTheme('https:\/\/cdnjs.cloudflare.com\/ajax\/libs\/galleria\/1.6.1\/themes\/classic\/galleria.classic.js');\n        for(var n in MyGalleries){\n          Galleria.run(MyGalleries[n].gallId, MyGalleries[n]);\n          jQuery(MyGalleries[n].gallId).css('display','block');\n        }\n      });\n    });\n  }\n<\/script><\/p>\n<\/div>\n<hr \/>\n<p dir=\"ltr\">L&#8217;exposici\u00f3 <em>She deserves a street (Ella es mereix un carrer)<\/em> a la <strong>Biblioteca Fages de Climent de Figueres<\/strong> amb motiu del 8M restar\u00e0 oberta a tothom fins a finals del mes de mar\u00e7. El projecte t\u00e9 com a objectius:<\/p>\n<ul>\n<li dir=\"ltr\" aria-level=\"1\">\n<p dir=\"ltr\" role=\"presentation\">Descriure qui s\u00f3n les dones que tenen un carrer amb el seu nom i ubicar-lo a la poblaci\u00f3<\/p>\n<\/li>\n<li dir=\"ltr\" aria-level=\"1\">\n<p dir=\"ltr\" role=\"presentation\">Reduir la disparitat en el nombre de carrers que tenen nom de dones i d\u2019homes en el nomencl\u00e0tor de Figueres i pobles ve\u00efns.<\/p>\n<\/li>\n<\/ul>\n<p dir=\"ltr\">Aquest projecte s\u2019ha realitzat en llengua anglesa amb l\u2019alumnat de 3r d\u2019ESO dels seg\u00fcents instituts: Cendrassos, Narc\u00eds Monturiol, Peralada, Vilafant, La Salle, Centre Escolar Empord\u00e0 i l\u2019I-E El Bruel d\u2019Empuriabrava, amb el suport del servei educatiu de l\u2019Alt Empord\u00e0.<\/p>\n<hr \/>\n<p>&nbsp;<\/p>\n","protected":false},"excerpt":{"rendered":"<p>Us heu fixat mai que la nomenclatura dels carrers no \u00e9s gens parit\u00e0ria? A Figueres hi ha 145 carrers amb nom d\u2019home i 25 amb nom de dona, a Roses 131 versus 20, a Peralada no n\u2019hi ha cap amb nom de dona, a Castell\u00f3\/Empuriabrava nom\u00e9s un i a Vilafant nom\u00e9s 6 amb nom de [&hellip;]<\/p>\n","protected":false},"author":4,"featured_media":0,"parent":18746,"menu_order":0,"comment_status":"closed","ping_status":"closed","template":"","meta":{"_bbp_topic_count":0,"_bbp_reply_count":0,"_bbp_total_topic_count":0,"_bbp_total_reply_count":0,"_bbp_voice_count":0,"_bbp_anonymous_reply_count":0,"_bbp_topic_count_hidden":0,"_bbp_reply_count_hidden":0,"_bbp_forum_subforum_count":0,"site-sidebar-layout":"default","site-content-layout":"","ast-site-content-layout":"","site-content-style":"default","site-sidebar-style":"default","ast-global-header-display":"","ast-banner-title-visibility":"","ast-main-header-display":"","ast-hfb-above-header-display":"","ast-hfb-below-header-display":"","ast-hfb-mobile-header-display":"","site-post-title":"","ast-breadcrumbs-content":"","ast-featured-img":"","footer-sml-layout":"","theme-transparent-header-meta":"","adv-header-id-meta":"","stick-header-meta":"","header-above-stick-meta":"","header-main-stick-meta":"","header-below-stick-meta":"","astra-migrate-meta-layouts":"default","ast-page-background-enabled":"default","ast-page-background-meta":{"desktop":{"background-color":"var(--ast-global-color-4)","background-image":"","background-repeat":"repeat","background-position":"center center","background-size":"auto","background-attachment":"scroll","background-type":"","background-media":"","overlay-type":"","overlay-color":"","overlay-opacity":"","overlay-gradient":""},"tablet":{"background-color":"","background-image":"","background-repeat":"repeat","background-position":"center center","background-size":"auto","background-attachment":"scroll","background-type":"","background-media":"","overlay-type":"","overlay-color":"","overlay-opacity":"","overlay-gradient":""},"mobile":{"background-color":"","background-image":"","background-repeat":"repeat","background-position":"center center","background-size":"auto","background-attachment":"scroll","background-type":"","background-media":"","overlay-type":"","overlay-color":"","overlay-opacity":"","overlay-gradient":""}},"ast-content-background-meta":{"desktop":{"background-color":"var(--ast-global-color-5)","background-image":"","background-repeat":"repeat","background-position":"center center","background-size":"auto","background-attachment":"scroll","background-type":"","background-media":"","overlay-type":"","overlay-color":"","overlay-opacity":"","overlay-gradient":""},"tablet":{"background-color":"var(--ast-global-color-5)","background-image":"","background-repeat":"repeat","background-position":"center center","background-size":"auto","background-attachment":"scroll","background-type":"","background-media":"","overlay-type":"","overlay-color":"","overlay-opacity":"","overlay-gradient":""},"mobile":{"background-color":"var(--ast-global-color-5)","background-image":"","background-repeat":"repeat","background-position":"center center","background-size":"auto","background-attachment":"scroll","background-type":"","background-media":"","overlay-type":"","overlay-color":"","overlay-opacity":"","overlay-gradient":""}},"footnotes":""},"class_list":["post-24095","page","type-page","status-publish","hentry"],"post_mailing_queue_ids":[],"_links":{"self":[{"href":"https:\/\/serveiseducatius.xtec.cat\/altemporda\/wp-json\/wp\/v2\/pages\/24095","targetHints":{"allow":["GET"]}}],"collection":[{"href":"https:\/\/serveiseducatius.xtec.cat\/altemporda\/wp-json\/wp\/v2\/pages"}],"about":[{"href":"https:\/\/serveiseducatius.xtec.cat\/altemporda\/wp-json\/wp\/v2\/types\/page"}],"author":[{"embeddable":true,"href":"https:\/\/serveiseducatius.xtec.cat\/altemporda\/wp-json\/wp\/v2\/users\/4"}],"replies":[{"embeddable":true,"href":"https:\/\/serveiseducatius.xtec.cat\/altemporda\/wp-json\/wp\/v2\/comments?post=24095"}],"version-history":[{"count":4,"href":"https:\/\/serveiseducatius.xtec.cat\/altemporda\/wp-json\/wp\/v2\/pages\/24095\/revisions"}],"predecessor-version":[{"id":24706,"href":"https:\/\/serveiseducatius.xtec.cat\/altemporda\/wp-json\/wp\/v2\/pages\/24095\/revisions\/24706"}],"up":[{"embeddable":true,"href":"https:\/\/serveiseducatius.xtec.cat\/altemporda\/wp-json\/wp\/v2\/pages\/18746"}],"wp:attachment":[{"href":"https:\/\/serveiseducatius.xtec.cat\/altemporda\/wp-json\/wp\/v2\/media?parent=24095"}],"curies":[{"name":"wp","href":"https:\/\/api.w.org\/{rel}","templated":true}]}}

<p dir="ltr">Us heu fixat mai que la nomenclatura dels carrers no és gens paritària? A Figueres hi ha 145 carrers amb nom d’home i 25 amb nom de dona, a Roses 131 versus 20, a Peralada no n’hi ha cap amb nom de dona, a Castelló/Empuriabrava només un i a Vilafant només 6 amb nom de dona i 20 amb nom d’home. Amb tot l’alumnat de 3r ESO s&#8217;ha treballat quines dones tenen un carrer dedicat i s&#8217;han fet uns pòsters que es poden trobar exposats a la biblioteca Fages de Climent de Figueres.</p>
<hr />
<div style="display: flex; align-items: center; justify-content: center;">
<div id="2340F" style="width: 100%; max-width: 843px; height: 562px; display: none;"><img decoding="async" src="https://lh3.googleusercontent.com/d/1JTK_0PO-hVJGwa5sif3-N8qBqWRBpon5=w500" /><br />
<img decoding="async" src="https://lh3.googleusercontent.com/d/1VBXy6VmvI8w4cThNOicZbIAzcxKNYJDK=w500" /><br />
<img decoding="async" src="https://lh3.googleusercontent.com/d/1rXxigIQKjdXNAbYJLGqH1u64A7zRn0M3=w500" /><br />
<img decoding="async" src="https://lh3.googleusercontent.com/d/1iUHQIBt4R4nvKjj97lbWUt-1g-t9f1R3=w500" /><br />
<img decoding="async" src="https://lh3.googleusercontent.com/d/1kyWFKkW0sIN5W4Ao09nKuMJ-U0moOVXB=w500" /><br />
<img decoding="async" src="https://lh3.googleusercontent.com/d/1OOBBCv91JotXkagIQu-kJfj-qiQZTx_J=w500" /><br />
<img decoding="async" src="https://lh3.googleusercontent.com/d/1BWTCZNoGcN8U8uqKQTK322ACaepFd4pW=w500" /><br />
<img decoding="async" src="https://lh3.googleusercontent.com/d/1HUyel2TSN_N0vSz-PnJbQOySgPjVE7wR=w500" /></div>
<p><script type="text/javascript" src="https://cdnjs.cloudflare.com/ajax/libs/jquery/3.6.1/jquery.min.js"></script><br />
<script>
  (MyGalleries=(typeof MyGalleries === 'undefined' ? [] : MyGalleries)).push({gallId:'#2340F',autoplay:true,lightbox:true,debug:false,popupLinks:true});
  if(typeof GalleryLoaded === 'undefined'){
    GalleryLoaded = jQuery(function(){
      jQuery.ajax({url:'https://cdnjs.cloudflare.com/ajax/libs/galleria/1.6.1/galleria.min.js',dataType:'script',cache:true}).done(function(){
        Galleria.loadTheme('https://cdnjs.cloudflare.com/ajax/libs/galleria/1.6.1/themes/classic/galleria.classic.js');
        for(var n in MyGalleries){
          Galleria.run(MyGalleries[n].gallId, MyGalleries[n]);
          jQuery(MyGalleries[n].gallId).css('display','block');
        }
      });
    });
  }
</script></p>
</div>
<hr />
<p dir="ltr">L&#8217;exposició <em>She deserves a street (Ella es mereix un carrer)</em> a la <strong>Biblioteca Fages de Climent de Figueres</strong> amb motiu del 8M restarà oberta a tothom fins a finals del mes de març. El projecte té com a objectius:</p>
<ul>
<li dir="ltr" aria-level="1">
<p dir="ltr" role="presentation">Descriure qui són les dones que tenen un carrer amb el seu nom i ubicar-lo a la població</p>
</li>
<li dir="ltr" aria-level="1">
<p dir="ltr" role="presentation">Reduir la disparitat en el nombre de carrers que tenen nom de dones i d’homes en el nomenclàtor de Figueres i pobles veïns.</p>
</li>
</ul>
<p dir="ltr">Aquest projecte s’ha realitzat en llengua anglesa amb l’alumnat de 3r d’ESO dels següents instituts: Cendrassos, Narcís Monturiol, Peralada, Vilafant, La Salle, Centre Escolar Empordà i l’I-E El Bruel d’Empuriabrava, amb el suport del servei educatiu de l’Alt Empordà.</p>
<hr />
<p>&nbsp;</p>

<p>Us heu fixat mai que la nomenclatura dels carrers no és gens paritària? A Figueres hi ha 145 carrers amb nom d’home i 25 amb nom de dona, a Roses 131 versus 20, a Peralada no n’hi ha cap amb nom de dona, a Castelló/Empuriabrava només un i a Vilafant només 6 amb nom de [&hellip;]</p>
