{"id":21872,"date":"2024-01-09T12:03:00","date_gmt":"2024-01-09T11:03:00","guid":{"rendered":"https:\/\/serveiseducatius.xtec.cat\/altemporda\/?page_id=21872"},"modified":"2025-01-24T09:48:01","modified_gmt":"2025-01-24T08:48:01","slug":"premi-dexperiencies-educatives-josep-pallach","status":"publish","type":"page","link":"https:\/\/serveiseducatius.xtec.cat\/altemporda\/premi-dexperiencies-educatives-josep-pallach\/","title":{"rendered":"Premi d&#8217;Experi\u00e8ncies Educatives Josep Pallach"},"content":{"rendered":"<p>Sota la denominaci\u00f3 gen\u00e8rica de PREMIS D&#8217;EDUCACI\u00d3 JOSEP PALLACH, hi ha tres premis de caracter\u00ed\u00adstiques diferents, tot i que complement\u00e0ries:<\/p>\n<p>a) El ja existent\u00a0<b>PREMI D&#8217;EXPERI\u00c8NCIES EDUCATIVES<\/b> del qual n&#8217;\u00e9s impulsor, patrocinador i responsable l&#8217;<b>Ajuntament de Figueres<\/b>.<\/p>\n<p>b)\u00a0<b>PREMI DE D&#8217;ARTICLES PERIOD\u00cdSTICS<\/b> de caire educatiu transversal que en ser\u00e0\u00a0 patrocinador i responsable l&#8217;<b>Ajuntament de Palafrugell<\/b>.<\/p>\n<p><a href=\"https:\/\/www.figueres.cat\/temes\/educacio\/premispallach\" target=\"_blank\" rel=\"noopener\">+INFO<\/a><br \/>\n<a href=\"https:\/\/serveiseducatius.xtec.cat\/altemporda\/wp-content\/uploads\/usu1156\/2024\/01\/logos-pallch.jpg\"><img loading=\"lazy\" decoding=\"async\" class=\"wp-image-21874 alignleft\" src=\"https:\/\/serveiseducatius.xtec.cat\/altemporda\/wp-content\/uploads\/usu1156\/2024\/01\/logos-pallch-1024x235.jpg\" alt=\"\" width=\"510\" height=\"117\" srcset=\"https:\/\/serveiseducatius.xtec.cat\/altemporda\/wp-content\/uploads\/usu1156\/2024\/01\/logos-pallch-1024x235.jpg 1024w, https:\/\/serveiseducatius.xtec.cat\/altemporda\/wp-content\/uploads\/usu1156\/2024\/01\/logos-pallch-300x69.jpg 300w, https:\/\/serveiseducatius.xtec.cat\/altemporda\/wp-content\/uploads\/usu1156\/2024\/01\/logos-pallch-768x176.jpg 768w, https:\/\/serveiseducatius.xtec.cat\/altemporda\/wp-content\/uploads\/usu1156\/2024\/01\/logos-pallch.jpg 1187w\" sizes=\"auto, (max-width: 510px) 100vw, 510px\" \/><\/a><\/p>\n<p><a href=\"https:\/\/serveiseducatius.xtec.cat\/altemporda\/wp-content\/uploads\/usu1156\/2023\/10\/Logo-SEAE-i-Departament-Educacio.jpg\"><img loading=\"lazy\" decoding=\"async\" class=\"wp-image-21291 alignnone\" src=\"https:\/\/serveiseducatius.xtec.cat\/altemporda\/wp-content\/uploads\/usu1156\/2024\/09\/SEAE-Dept_FP-Transparent-1500x260-1.png\" alt=\"\" width=\"307\" height=\"53\" \/><\/a><\/p>\n<p>&nbsp;<\/p>\n<div style=\"display: flex; align-items: center; justify-content: center;\"><iframe loading=\"lazy\" style=\"border: 0px #ffffff none;\" src=\"https:\/\/docs.google.com\/spreadsheets\/d\/1ORfrlmVvGd0jsVqiJSUR8ZqrmOr7qv5TXM_6qjmVYTE\/preview\" name=\"myiFrame\" width=\"77%\" height=\"800px\" frameborder=\"1\" marginwidth=\"0px\" marginheight=\"0px\" scrolling=\"no\" allowfullscreen=\"allowfullscreen\"><span data-mce-type=\"bookmark\" style=\"display: inline-block; width: 0px; overflow: hidden; line-height: 0;\" class=\"mce_SELRES_start\">\ufeff<\/span><\/iframe><\/div>\n<p>&nbsp;<\/p>\n<p>&nbsp;<\/p>\n<p>&nbsp;<\/p>\n","protected":false},"excerpt":{"rendered":"<p>Sota la denominaci\u00f3 gen\u00e8rica de PREMIS D&#8217;EDUCACI\u00d3 JOSEP PALLACH, hi ha tres premis de caracter\u00ed\u00adstiques diferents, tot i que complement\u00e0ries: a) El ja existent\u00a0PREMI D&#8217;EXPERI\u00c8NCIES EDUCATIVES del qual n&#8217;\u00e9s impulsor, patrocinador i responsable l&#8217;Ajuntament de Figueres. b)\u00a0PREMI DE D&#8217;ARTICLES PERIOD\u00cdSTICS de caire educatiu transversal que en ser\u00e0\u00a0 patrocinador i responsable l&#8217;Ajuntament de Palafrugell. +INFO &nbsp; [&hellip;]<\/p>\n","protected":false},"author":14,"featured_media":0,"parent":0,"menu_order":0,"comment_status":"closed","ping_status":"closed","template":"page-templates\/side-menu.php","meta":{"_bbp_topic_count":0,"_bbp_reply_count":0,"_bbp_total_topic_count":0,"_bbp_total_reply_count":0,"_bbp_voice_count":0,"_bbp_anonymous_reply_count":0,"_bbp_topic_count_hidden":0,"_bbp_reply_count_hidden":0,"_bbp_forum_subforum_count":0,"site-sidebar-layout":"default","site-content-layout":"","ast-site-content-layout":"","site-content-style":"default","site-sidebar-style":"default","ast-global-header-display":"","ast-banner-title-visibility":"","ast-main-header-display":"","ast-hfb-above-header-display":"","ast-hfb-below-header-display":"","ast-hfb-mobile-header-display":"","site-post-title":"","ast-breadcrumbs-content":"","ast-featured-img":"","footer-sml-layout":"","theme-transparent-header-meta":"","adv-header-id-meta":"","stick-header-meta":"","header-above-stick-meta":"","header-main-stick-meta":"","header-below-stick-meta":"","astra-migrate-meta-layouts":"default","ast-page-background-enabled":"default","ast-page-background-meta":{"desktop":{"background-color":"var(--ast-global-color-4)","background-image":"","background-repeat":"repeat","background-position":"center center","background-size":"auto","background-attachment":"scroll","background-type":"","background-media":"","overlay-type":"","overlay-color":"","overlay-opacity":"","overlay-gradient":""},"tablet":{"background-color":"","background-image":"","background-repeat":"repeat","background-position":"center center","background-size":"auto","background-attachment":"scroll","background-type":"","background-media":"","overlay-type":"","overlay-color":"","overlay-opacity":"","overlay-gradient":""},"mobile":{"background-color":"","background-image":"","background-repeat":"repeat","background-position":"center center","background-size":"auto","background-attachment":"scroll","background-type":"","background-media":"","overlay-type":"","overlay-color":"","overlay-opacity":"","overlay-gradient":""}},"ast-content-background-meta":{"desktop":{"background-color":"var(--ast-global-color-5)","background-image":"","background-repeat":"repeat","background-position":"center center","background-size":"auto","background-attachment":"scroll","background-type":"","background-media":"","overlay-type":"","overlay-color":"","overlay-opacity":"","overlay-gradient":""},"tablet":{"background-color":"var(--ast-global-color-5)","background-image":"","background-repeat":"repeat","background-position":"center center","background-size":"auto","background-attachment":"scroll","background-type":"","background-media":"","overlay-type":"","overlay-color":"","overlay-opacity":"","overlay-gradient":""},"mobile":{"background-color":"var(--ast-global-color-5)","background-image":"","background-repeat":"repeat","background-position":"center center","background-size":"auto","background-attachment":"scroll","background-type":"","background-media":"","overlay-type":"","overlay-color":"","overlay-opacity":"","overlay-gradient":""}},"footnotes":""},"class_list":["post-21872","page","type-page","status-publish","hentry"],"post_mailing_queue_ids":[],"_links":{"self":[{"href":"https:\/\/serveiseducatius.xtec.cat\/altemporda\/wp-json\/wp\/v2\/pages\/21872","targetHints":{"allow":["GET"]}}],"collection":[{"href":"https:\/\/serveiseducatius.xtec.cat\/altemporda\/wp-json\/wp\/v2\/pages"}],"about":[{"href":"https:\/\/serveiseducatius.xtec.cat\/altemporda\/wp-json\/wp\/v2\/types\/page"}],"author":[{"embeddable":true,"href":"https:\/\/serveiseducatius.xtec.cat\/altemporda\/wp-json\/wp\/v2\/users\/14"}],"replies":[{"embeddable":true,"href":"https:\/\/serveiseducatius.xtec.cat\/altemporda\/wp-json\/wp\/v2\/comments?post=21872"}],"version-history":[{"count":6,"href":"https:\/\/serveiseducatius.xtec.cat\/altemporda\/wp-json\/wp\/v2\/pages\/21872\/revisions"}],"predecessor-version":[{"id":24761,"href":"https:\/\/serveiseducatius.xtec.cat\/altemporda\/wp-json\/wp\/v2\/pages\/21872\/revisions\/24761"}],"wp:attachment":[{"href":"https:\/\/serveiseducatius.xtec.cat\/altemporda\/wp-json\/wp\/v2\/media?parent=21872"}],"curies":[{"name":"wp","href":"https:\/\/api.w.org\/{rel}","templated":true}]}}