{"id":20883,"date":"2023-06-05T12:59:18","date_gmt":"2023-06-05T10:59:18","guid":{"rendered":"https:\/\/serveiseducatius.xtec.cat\/altemporda\/?page_id=20883"},"modified":"2023-06-22T14:19:17","modified_gmt":"2023-06-22T12:19:17","slug":"ins-de-peralada","status":"publish","type":"page","link":"https:\/\/serveiseducatius.xtec.cat\/altemporda\/clubs-de-lectura\/centres-participants\/ins-de-peralada\/","title":{"rendered":"INS de Peralada"},"content":{"rendered":"<p><img loading=\"lazy\" decoding=\"async\" class=\"alignleft\" src=\"http:\/\/drive.google.com\/uc?export=view&amp;id=1ffyB49sHhaXCWnWVK3Uwb52Cj8l31QeX\" width=\"200\" height=\"200\" border=\"0\" \/><\/p>\n<h4><span style=\"font-family: verdana, sans-serif; font-size: 14pt;\"><b><span style=\"color: #fe0103; background-color: #fe0103;\">\u00a0\u00a0<\/span>\u00a0Web de refer\u00e8ncia:<\/b><\/span><\/h4>\n<div><button spellcheck=\"false\" data-lt-tmp-id=\"lt-877892\" data-gramm=\"false\"><a style=\"font-color: #ffffff; font-size: 12pt;\" href=\"https:\/\/agora.xtec.cat\/insperalada\/\" target=\"_blank\" rel=\"noopener\"><span style=\"color: #ffffff;\">INS de Peralada<\/span><\/a><\/button><\/div>\n<div>\n<h4><span style=\"font-family: verdana, sans-serif; font-size: 14pt;\"><b><span style=\"color: #ff0000; background-color: #ffff00;\">\u00a0\u00a0<\/span> \u00a0Referents de centre:<\/b><\/span><\/h4>\n<ul>\n<li style=\"list-style-type: none;\">\n<ul>\n<li><span style=\"background-color: transparent; font-size: medium; font-family: verdana,sans-serif;\">Curs 2022-2023: Marta Fons<\/span><\/li>\n<\/ul>\n<\/li>\n<\/ul>\n<p>&nbsp;<\/p>\n<h4><span style=\"font-family: verdana, sans-serif; font-size: 14pt;\"><b> <span style=\"background-color: #e69138;\">\u00a0\u00a0<\/span> Professorat acompanyant dins del centre:<\/b><\/span><\/h4>\n<p>Curs 2022-23: Sheila Gonz\u00e1lez, Eloi Teixidor i Ariane Chac\u00f3n.<\/p>\n<h4><span style=\"font-family: verdana, sans-serif; font-size: 14pt;\"><b><span style=\"color: #0b5394;\"><span style=\"background-color: #0b5394; color: #0b5394;\">\u00a0\u00a0<\/span> <\/span>Introducci\u00f3:<\/b><\/span><\/h4>\n<p>Aquest curs 2022-2023 l\u2019INS Peralada hem posat en marxa el Club de lectura els professors i les professores de l\u2019\u00e0mbit ling\u00fc\u00edstic: Marta Fons, Sheila Gonz\u00e1lez, Eloi Teixidor i Ariane Chac\u00f3n.<\/p>\n<p>Vam iniciar el projecte durant el segon trimestre i s\u2019han apuntat a l\u2019activitat 43 alumnes de 1r, 2n i 3r d\u2019ESO. L\u2019any vinent ja tindrem 4t d\u2019ESO i podrem estendre el projecte a tot l\u2019alumnat de secund\u00e0ria.<\/p>\n<p>Vam presentar el Club de lectura des de les mat\u00e8ries de llengua i des d\u2019all\u00e0 vam explicar algunes idees sobre l\u2019\u00c0ngel Burgas, autor que s\u2019ha treballat des dels diferents clubs de lectura dels instituts de l\u2019Alt Empord\u00e0 i que va fer la xerrada al Teatre Cinema El Jard\u00ed, el dia 26 de maig.<\/p>\n<p>L\u2019alumnat de 1r i 2n d\u2019ESO ha llegit <em>L\u2019anticlub<\/em> i els de 3r <em>Noel et busca<\/em>. Despr\u00e9s d\u2019haver llegit aquestes dues obres d\u2019\u00c0ngel Burgas i dins del marc de les activitats de Sant Jordi, vam trobar-nos, alumnat i professorat, al Claustre de Sant Dom\u00e8nec per tal de poder compartir l\u2019experi\u00e8ncia viscuda a trav\u00e9s de la lectura d\u2019aquests dos llibres.<\/p>\n<p>Aquest mateix curs hem engegat tamb\u00e9 el Club de lectura per a fam\u00edlies. L\u2019ha organitzat la Valentina Planas, de La incorrecta, i ha comptat amb la participaci\u00f3 d\u2019una desena de fam\u00edlies.<\/p>\n<p>S\u2019han llegit i comentat <em>Benvolguda<\/em>, d\u2019Empar Moliner, i <em>La possibilitat de dir-ne casa<\/em>, de Marta Orriols.<\/p>\n<div>\n<h4><b style=\"font-family: verdana, sans-serif; font-size: medium;\"><span style=\"font-size: 14pt;\"><span style=\"background-color: #ffff00;\">\u00a0\u00a0<\/span> Projecte marc:<\/span><\/b><\/h4>\n<p>El Club de Lectura \u00e9s una iniciativa que est\u00e0 relacionada amb el projecte de dinamitzaci\u00f3 de la biblioteca escolar i amb l&#8217;assessorament del Seminari de Clubs de Lectura de l&#8217;Alt Empord\u00e0, que dep\u00e8n del SEAE.<\/p>\n<h4><span style=\"font-family: verdana, sans-serif; font-size: 14pt;\"><b><span style=\"background-color: #e69138;\">\u00a0\u00a0<\/span> Calendari de sessions:<\/b><\/span><\/h4>\n<p>Per determinar<\/p>\n<h4><span style=\"font-family: verdana, sans-serif; font-size: medium;\"><b><span style=\"font-size: 14pt;\"><span style=\"background-color: #0b5394;\">\u00a0\u00a0<\/span> Galeria d&#8217;imatges:<\/span><\/b><\/span><\/h4>\n<\/div>\n<div>\n<p><img loading=\"lazy\" decoding=\"async\" class=\"aligncenter wp-image-20914\" src=\"https:\/\/serveiseducatius.xtec.cat\/altemporda\/wp-content\/uploads\/usu1156\/2023\/06\/Peralada.png\" alt=\"\" width=\"691\" height=\"387\" srcset=\"https:\/\/serveiseducatius.xtec.cat\/altemporda\/wp-content\/uploads\/usu1156\/2023\/06\/Peralada.png 1000w, https:\/\/serveiseducatius.xtec.cat\/altemporda\/wp-content\/uploads\/usu1156\/2023\/06\/Peralada-300x168.png 300w, https:\/\/serveiseducatius.xtec.cat\/altemporda\/wp-content\/uploads\/usu1156\/2023\/06\/Peralada-768x430.png 768w\" sizes=\"auto, (max-width: 691px) 100vw, 691px\" \/><\/p>\n<\/div>\n<\/div>\n","protected":false},"excerpt":{"rendered":"<p>\u00a0\u00a0\u00a0Web de refer\u00e8ncia: INS de Peralada \u00a0\u00a0 \u00a0Referents de centre: Curs 2022-2023: Marta Fons &nbsp; \u00a0\u00a0 Professorat acompanyant dins del centre: Curs 2022-23: Sheila Gonz\u00e1lez, Eloi Teixidor i Ariane Chac\u00f3n. \u00a0\u00a0 Introducci\u00f3: Aquest curs 2022-2023 l\u2019INS Peralada hem posat en marxa el Club de lectura els professors i les professores de l\u2019\u00e0mbit ling\u00fc\u00edstic: Marta Fons, [&hellip;]<\/p>\n","protected":false},"author":4,"featured_media":0,"parent":16187,"menu_order":0,"comment_status":"closed","ping_status":"closed","template":"","meta":{"_bbp_topic_count":0,"_bbp_reply_count":0,"_bbp_total_topic_count":0,"_bbp_total_reply_count":0,"_bbp_voice_count":0,"_bbp_anonymous_reply_count":0,"_bbp_topic_count_hidden":0,"_bbp_reply_count_hidden":0,"_bbp_forum_subforum_count":0,"site-sidebar-layout":"default","site-content-layout":"","ast-site-content-layout":"","site-content-style":"default","site-sidebar-style":"default","ast-global-header-display":"","ast-banner-title-visibility":"","ast-main-header-display":"","ast-hfb-above-header-display":"","ast-hfb-below-header-display":"","ast-hfb-mobile-header-display":"","site-post-title":"","ast-breadcrumbs-content":"","ast-featured-img":"","footer-sml-layout":"","theme-transparent-header-meta":"","adv-header-id-meta":"","stick-header-meta":"","header-above-stick-meta":"","header-main-stick-meta":"","header-below-stick-meta":"","astra-migrate-meta-layouts":"default","ast-page-background-enabled":"default","ast-page-background-meta":{"desktop":{"background-color":"var(--ast-global-color-4)","background-image":"","background-repeat":"repeat","background-position":"center center","background-size":"auto","background-attachment":"scroll","background-type":"","background-media":"","overlay-type":"","overlay-color":"","overlay-opacity":"","overlay-gradient":""},"tablet":{"background-color":"","background-image":"","background-repeat":"repeat","background-position":"center center","background-size":"auto","background-attachment":"scroll","background-type":"","background-media":"","overlay-type":"","overlay-color":"","overlay-opacity":"","overlay-gradient":""},"mobile":{"background-color":"","background-image":"","background-repeat":"repeat","background-position":"center center","background-size":"auto","background-attachment":"scroll","background-type":"","background-media":"","overlay-type":"","overlay-color":"","overlay-opacity":"","overlay-gradient":""}},"ast-content-background-meta":{"desktop":{"background-color":"var(--ast-global-color-5)","background-image":"","background-repeat":"repeat","background-position":"center center","background-size":"auto","background-attachment":"scroll","background-type":"","background-media":"","overlay-type":"","overlay-color":"","overlay-opacity":"","overlay-gradient":""},"tablet":{"background-color":"var(--ast-global-color-5)","background-image":"","background-repeat":"repeat","background-position":"center center","background-size":"auto","background-attachment":"scroll","background-type":"","background-media":"","overlay-type":"","overlay-color":"","overlay-opacity":"","overlay-gradient":""},"mobile":{"background-color":"var(--ast-global-color-5)","background-image":"","background-repeat":"repeat","background-position":"center center","background-size":"auto","background-attachment":"scroll","background-type":"","background-media":"","overlay-type":"","overlay-color":"","overlay-opacity":"","overlay-gradient":""}},"footnotes":""},"class_list":["post-20883","page","type-page","status-publish","hentry"],"post_mailing_queue_ids":[],"_links":{"self":[{"href":"https:\/\/serveiseducatius.xtec.cat\/altemporda\/wp-json\/wp\/v2\/pages\/20883","targetHints":{"allow":["GET"]}}],"collection":[{"href":"https:\/\/serveiseducatius.xtec.cat\/altemporda\/wp-json\/wp\/v2\/pages"}],"about":[{"href":"https:\/\/serveiseducatius.xtec.cat\/altemporda\/wp-json\/wp\/v2\/types\/page"}],"author":[{"embeddable":true,"href":"https:\/\/serveiseducatius.xtec.cat\/altemporda\/wp-json\/wp\/v2\/users\/4"}],"replies":[{"embeddable":true,"href":"https:\/\/serveiseducatius.xtec.cat\/altemporda\/wp-json\/wp\/v2\/comments?post=20883"}],"version-history":[{"count":4,"href":"https:\/\/serveiseducatius.xtec.cat\/altemporda\/wp-json\/wp\/v2\/pages\/20883\/revisions"}],"predecessor-version":[{"id":21025,"href":"https:\/\/serveiseducatius.xtec.cat\/altemporda\/wp-json\/wp\/v2\/pages\/20883\/revisions\/21025"}],"up":[{"embeddable":true,"href":"https:\/\/serveiseducatius.xtec.cat\/altemporda\/wp-json\/wp\/v2\/pages\/16187"}],"wp:attachment":[{"href":"https:\/\/serveiseducatius.xtec.cat\/altemporda\/wp-json\/wp\/v2\/media?parent=20883"}],"curies":[{"name":"wp","href":"https:\/\/api.w.org\/{rel}","templated":true}]}}