{"id":19762,"date":"2023-02-09T13:56:22","date_gmt":"2023-02-09T12:56:22","guid":{"rendered":"https:\/\/serveiseducatius.xtec.cat\/altemporda\/?page_id=19762"},"modified":"2025-04-29T13:26:41","modified_gmt":"2025-04-29T11:26:41","slug":"2022-ix-jocs-florals-escolars-de-catalunya","status":"publish","type":"page","link":"https:\/\/serveiseducatius.xtec.cat\/altemporda\/jocs-florals-escolars-de-catalunya\/2022-ix-jocs-florals-escolars-de-catalunya\/","title":{"rendered":"2022 \u2013 IX Jocs Florals Escolars de Catalunya"},"content":{"rendered":"<p><span style=\"color: #000000;\">El Departament d\u2019Educaci\u00f3 convoca els <strong>IX Jocs Florals Escolars de Cataluny<\/strong><strong>a<\/strong>\u00a0amb l\u2019objectiu de\u00a0promoure l\u2019escriptura tant en prosa com en poesia en infants i joves de sis a divuit anys.<\/span><\/p>\n<p><span style=\"font-weight: 400; color: #000000;\">Us passem els enlla\u00e7os informatius i de participaci\u00f3:<\/span><\/p>\n<ul>\n<li style=\"font-weight: 400;\" aria-level=\"1\"><span style=\"color: #000000;\"><a style=\"color: #000000;\" href=\"https:\/\/xtec.gencat.cat\/ca\/centres\/premis-i-concursos\/jocsflorals\/\" target=\"_blank\" rel=\"noopener noreferrer\"><span style=\"font-weight: 400;\">Web informativa<\/span><\/a><\/span><\/li>\n<\/ul>\n<p><b style=\"font-family: inherit; font-size: 1em;\">Per participar <\/b><b style=\"font-family: inherit; font-size: 1em;\">cal omplir <\/b><b style=\"font-family: inherit; font-size: 1em;\">els seg\u00fcents formularis (centres Alt Empord\u00e0). T<\/b><b style=\"font-family: inherit; font-size: 1em;\">ermini: 26 d&#8217;abril del 2022<\/b><\/p>\n<ul>\n<li style=\"list-style-type: none;\">\n<ul>\n<li style=\"font-weight: 400;\" aria-level=\"2\"><span style=\"font-weight: 400;\"><strong>Formulari <\/strong><\/span><strong>1<\/strong><span style=\"font-weight: 400;\"><strong>:<\/strong> Participaci\u00f3 alumnat (<\/span>Recull de <i>participaci\u00f3 general<\/i>. S\u00f3n dades estad\u00edstiques d&#8217;abast nacional).<\/li>\n<li aria-level=\"2\"><b>Formulari 2:<\/b> <span style=\"font-weight: 400;\">Alumnat finalista<\/span> <span style=\"font-weight: 400;\">(<\/span><span style=\"font-weight: 400;\">exclusiu per relacionar l\u2019alumnat finalista, adjuntant el seu treball). Cal que ompliu un formulari per cada categoria on us presenteu.<\/span><\/li>\n<\/ul>\n<\/li>\n<\/ul>\n<hr \/>\n<h4>Alumnat finalista Alt Empord\u00e0 per a participar en les semifinals<\/h4>\n<p>El jurat de la fase territorial dels IX Jocs Florals Escolars de Catalunya, format per<\/p>\n<ul>\n<li aria-level=\"1\">Pilar Cort\u00e9s (representant de la xarxa de biblioteques de l\u2019Alt Empord\u00e0)<\/li>\n<li aria-level=\"1\">J\u00falia Dan\u00e9s (assessora LIC)<\/li>\n<li aria-level=\"1\">Pilar Arn\u00e1iz P\u00e9rez (assessora CRP)<\/li>\n<\/ul>\n<p>Decideixen per unanimitat la seg\u00fcent classificaci\u00f3:<\/p>\n<p><iframe style=\"width: 90%; height: 500px; display: block; margin: 0 auto; border: none;\" src=\"https:\/\/docs.google.com\/spreadsheets\/d\/1c_MoRTzkj0CPponz3pzAHkzVoHik9Pmz_fzswcnlvdY\/pubhtml?gid=0&amp;single=true\"><br \/>\n<\/iframe><\/p>\n<h4>Alumnat guanyador de la Semifinal al ST de Girona<\/h4>\n<p><iframe style=\"width: 90%; height: 810px; display: block; margin: 0 auto; border: none;\" src=\"https:\/\/docs.google.com\/document\/d\/e\/2PACX-1vSq4O4n0rqLUNWcNZR6Yf9LRmIja5xOZeeb66_lM-QJodbpWbRqZ7Uz4KBEMi5dVw\/pub?embedded=true\"><span data-mce-type=\"bookmark\" style=\"display: inline-block; width: 0px; overflow: hidden; line-height: 0;\" class=\"mce_SELRES_start\">\ufeff<\/span><br \/>\n<\/iframe><\/p>\n<p>&nbsp;<\/p>\n<h4>Alumnat guanyador Catalunya<\/h4>\n<p><iframe style=\"width: 90%; height: 620px; display: block; margin: 0 auto; border: none;\" src=\"https:\/\/docs.google.com\/document\/d\/e\/2PACX-1vS7-S5a8NMFFK0ucnbq7JrKNEMUkm4y96yvTX8vP-BTxCrMiGS1W770oHmRM0XO6w\/pub?embedded=true\"><span data-mce-type=\"bookmark\" style=\"display: inline-block; width: 0px; overflow: hidden; line-height: 0;\" class=\"mce_SELRES_start\">\ufeff<\/span><span data-mce-type=\"bookmark\" style=\"display: inline-block; width: 0px; overflow: hidden; line-height: 0;\" class=\"mce_SELRES_start\">\ufeff<\/span><br \/>\n<\/iframe><\/p>\n<p><center><\/center><center><\/center><center><a href=\"https:\/\/www.ccma.cat\/tv3\/sx3\/escoles-musics-i-artistes-junts-als-jocs-florals\/noticia\/3199165\/\">Imatges del proc\u00e9s creatiu<\/a> dels episodis d&#8217;<em>Una m\u00e0 de contes<\/em> elaborats a partir dels 3 contes audiovisuals guanyadors dels Jocs Florals Escolars de Catalunya.<\/center><\/p>\n","protected":false},"excerpt":{"rendered":"<p>El Departament d\u2019Educaci\u00f3 convoca els IX Jocs Florals Escolars de Catalunya\u00a0amb l\u2019objectiu de\u00a0promoure l\u2019escriptura tant en prosa com en poesia en infants i joves de sis a divuit anys. Us passem els enlla\u00e7os informatius i de participaci\u00f3: Web informativa Per participar cal omplir els seg\u00fcents formularis (centres Alt Empord\u00e0). Termini: 26 d&#8217;abril del 2022 Formulari [&hellip;]<\/p>\n","protected":false},"author":71,"featured_media":0,"parent":13086,"menu_order":4,"comment_status":"closed","ping_status":"closed","template":"page-templates\/side-menu.php","meta":{"_bbp_topic_count":0,"_bbp_reply_count":0,"_bbp_total_topic_count":0,"_bbp_total_reply_count":0,"_bbp_voice_count":0,"_bbp_anonymous_reply_count":0,"_bbp_topic_count_hidden":0,"_bbp_reply_count_hidden":0,"_bbp_forum_subforum_count":0,"site-sidebar-layout":"default","site-content-layout":"","ast-site-content-layout":"","site-content-style":"default","site-sidebar-style":"default","ast-global-header-display":"","ast-banner-title-visibility":"","ast-main-header-display":"","ast-hfb-above-header-display":"","ast-hfb-below-header-display":"","ast-hfb-mobile-header-display":"","site-post-title":"","ast-breadcrumbs-content":"","ast-featured-img":"","footer-sml-layout":"","theme-transparent-header-meta":"","adv-header-id-meta":"","stick-header-meta":"","header-above-stick-meta":"","header-main-stick-meta":"","header-below-stick-meta":"","astra-migrate-meta-layouts":"default","ast-page-background-enabled":"default","ast-page-background-meta":{"desktop":{"background-color":"var(--ast-global-color-4)","background-image":"","background-repeat":"repeat","background-position":"center center","background-size":"auto","background-attachment":"scroll","background-type":"","background-media":"","overlay-type":"","overlay-color":"","overlay-opacity":"","overlay-gradient":""},"tablet":{"background-color":"","background-image":"","background-repeat":"repeat","background-position":"center center","background-size":"auto","background-attachment":"scroll","background-type":"","background-media":"","overlay-type":"","overlay-color":"","overlay-opacity":"","overlay-gradient":""},"mobile":{"background-color":"","background-image":"","background-repeat":"repeat","background-position":"center center","background-size":"auto","background-attachment":"scroll","background-type":"","background-media":"","overlay-type":"","overlay-color":"","overlay-opacity":"","overlay-gradient":""}},"ast-content-background-meta":{"desktop":{"background-color":"var(--ast-global-color-5)","background-image":"","background-repeat":"repeat","background-position":"center center","background-size":"auto","background-attachment":"scroll","background-type":"","background-media":"","overlay-type":"","overlay-color":"","overlay-opacity":"","overlay-gradient":""},"tablet":{"background-color":"var(--ast-global-color-5)","background-image":"","background-repeat":"repeat","background-position":"center center","background-size":"auto","background-attachment":"scroll","background-type":"","background-media":"","overlay-type":"","overlay-color":"","overlay-opacity":"","overlay-gradient":""},"mobile":{"background-color":"var(--ast-global-color-5)","background-image":"","background-repeat":"repeat","background-position":"center center","background-size":"auto","background-attachment":"scroll","background-type":"","background-media":"","overlay-type":"","overlay-color":"","overlay-opacity":"","overlay-gradient":""}},"footnotes":""},"class_list":["post-19762","page","type-page","status-publish","hentry"],"post_mailing_queue_ids":[],"_links":{"self":[{"href":"https:\/\/serveiseducatius.xtec.cat\/altemporda\/wp-json\/wp\/v2\/pages\/19762","targetHints":{"allow":["GET"]}}],"collection":[{"href":"https:\/\/serveiseducatius.xtec.cat\/altemporda\/wp-json\/wp\/v2\/pages"}],"about":[{"href":"https:\/\/serveiseducatius.xtec.cat\/altemporda\/wp-json\/wp\/v2\/types\/page"}],"author":[{"embeddable":true,"href":"https:\/\/serveiseducatius.xtec.cat\/altemporda\/wp-json\/wp\/v2\/users\/71"}],"replies":[{"embeddable":true,"href":"https:\/\/serveiseducatius.xtec.cat\/altemporda\/wp-json\/wp\/v2\/comments?post=19762"}],"version-history":[{"count":6,"href":"https:\/\/serveiseducatius.xtec.cat\/altemporda\/wp-json\/wp\/v2\/pages\/19762\/revisions"}],"predecessor-version":[{"id":25457,"href":"https:\/\/serveiseducatius.xtec.cat\/altemporda\/wp-json\/wp\/v2\/pages\/19762\/revisions\/25457"}],"up":[{"embeddable":true,"href":"https:\/\/serveiseducatius.xtec.cat\/altemporda\/wp-json\/wp\/v2\/pages\/13086"}],"wp:attachment":[{"href":"https:\/\/serveiseducatius.xtec.cat\/altemporda\/wp-json\/wp\/v2\/media?parent=19762"}],"curies":[{"name":"wp","href":"https:\/\/api.w.org\/{rel}","templated":true}]}}

<p><span style="color: #000000;">El Departament d’Educació convoca els <strong>IX Jocs Florals Escolars de Cataluny</strong><strong>a</strong> amb l’objectiu de promoure l’escriptura tant en prosa com en poesia en infants i joves de sis a divuit anys.</span></p>
<p><span style="font-weight: 400; color: #000000;">Us passem els enllaços informatius i de participació:</span></p>
<ul>
<li style="font-weight: 400;" aria-level="1"><span style="color: #000000;"><a style="color: #000000;" href="https://xtec.gencat.cat/ca/centres/premis-i-concursos/jocsflorals/" target="_blank" rel="noopener noreferrer"><span style="font-weight: 400;">Web informativa</span></a></span></li>
</ul>
<p><b style="font-family: inherit; font-size: 1em;">Per participar </b><b style="font-family: inherit; font-size: 1em;">cal omplir </b><b style="font-family: inherit; font-size: 1em;">els següents formularis (centres Alt Empordà). T</b><b style="font-family: inherit; font-size: 1em;">ermini: 26 d&#8217;abril del 2022</b></p>
<ul>
<li style="list-style-type: none;">
<ul>
<li style="font-weight: 400;" aria-level="2"><span style="font-weight: 400;"><strong>Formulari </strong></span><strong>1</strong><span style="font-weight: 400;"><strong>:</strong> Participació alumnat (</span>Recull de <i>participació general</i>. Són dades estadístiques d&#8217;abast nacional).</li>
<li aria-level="2"><b>Formulari 2:</b> <span style="font-weight: 400;">Alumnat finalista</span> <span style="font-weight: 400;">(</span><span style="font-weight: 400;">exclusiu per relacionar l’alumnat finalista, adjuntant el seu treball). Cal que ompliu un formulari per cada categoria on us presenteu.</span></li>
</ul>
</li>
</ul>
<hr />
<h4>Alumnat finalista Alt Empordà per a participar en les semifinals</h4>
<p>El jurat de la fase territorial dels IX Jocs Florals Escolars de Catalunya, format per</p>
<ul>
<li aria-level="1">Pilar Cortés (representant de la xarxa de biblioteques de l’Alt Empordà)</li>
<li aria-level="1">Júlia Danés (assessora LIC)</li>
<li aria-level="1">Pilar Arnáiz Pérez (assessora CRP)</li>
</ul>
<p>Decideixen per unanimitat la següent classificació:</p>
<p><iframe style="width: 90%; height: 500px; display: block; margin: 0 auto; border: none;" src="https://docs.google.com/spreadsheets/d/1c_MoRTzkj0CPponz3pzAHkzVoHik9Pmz_fzswcnlvdY/pubhtml?gid=0&amp;single=true"><br />
</iframe></p>
<h4>Alumnat guanyador de la Semifinal al ST de Girona</h4>
<p><iframe style="width: 90%; height: 810px; display: block; margin: 0 auto; border: none;" src="https://docs.google.com/document/d/e/2PACX-1vSq4O4n0rqLUNWcNZR6Yf9LRmIja5xOZeeb66_lM-QJodbpWbRqZ7Uz4KBEMi5dVw/pub?embedded=true"><span data-mce-type="bookmark" style="display: inline-block; width: 0px; overflow: hidden; line-height: 0;" class="mce_SELRES_start">﻿</span><br />
</iframe></p>
<p>&nbsp;</p>
<h4>Alumnat guanyador Catalunya</h4>
<p><iframe style="width: 90%; height: 620px; display: block; margin: 0 auto; border: none;" src="https://docs.google.com/document/d/e/2PACX-1vS7-S5a8NMFFK0ucnbq7JrKNEMUkm4y96yvTX8vP-BTxCrMiGS1W770oHmRM0XO6w/pub?embedded=true"><span data-mce-type="bookmark" style="display: inline-block; width: 0px; overflow: hidden; line-height: 0;" class="mce_SELRES_start">﻿</span><span data-mce-type="bookmark" style="display: inline-block; width: 0px; overflow: hidden; line-height: 0;" class="mce_SELRES_start">﻿</span><br />
</iframe></p>
<p><center></center><center></center><center><a href="https://www.ccma.cat/tv3/sx3/escoles-musics-i-artistes-junts-als-jocs-florals/noticia/3199165/">Imatges del procés creatiu</a> dels episodis d&#8217;<em>Una mà de contes</em> elaborats a partir dels 3 contes audiovisuals guanyadors dels Jocs Florals Escolars de Catalunya.</center></p>

<p>El Departament d’Educació convoca els IX Jocs Florals Escolars de Catalunya amb l’objectiu de promoure l’escriptura tant en prosa com en poesia en infants i joves de sis a divuit anys. Us passem els enllaços informatius i de participació: Web informativa Per participar cal omplir els següents formularis (centres Alt Empordà). Termini: 26 d&#8217;abril del 2022 Formulari [&hellip;]</p>
