{"id":19749,"date":"2023-02-09T10:59:17","date_gmt":"2023-02-09T09:59:17","guid":{"rendered":"https:\/\/serveiseducatius.xtec.cat\/altemporda\/?page_id=19749"},"modified":"2023-09-11T23:35:42","modified_gmt":"2023-09-11T21:35:42","slug":"a-laula","status":"publish","type":"page","link":"https:\/\/serveiseducatius.xtec.cat\/altemporda\/xarxa-descoles-del-pn-cap-de-creus\/jornada-intercentres\/a-laula\/","title":{"rendered":"El Parc a l&#8217;aula"},"content":{"rendered":"<p style=\"text-align: justify;\"><span style=\"color: #ff0000;\"><img loading=\"lazy\" decoding=\"async\" class=\"wp-image-19876 alignleft\" src=\"https:\/\/serveiseducatius.xtec.cat\/altemporda\/wp-content\/uploads\/usu1156\/2023\/02\/cambra.jpeg\" alt=\"\" width=\"307\" height=\"226\" srcset=\"https:\/\/serveiseducatius.xtec.cat\/altemporda\/wp-content\/uploads\/usu1156\/2023\/02\/cambra.jpeg 1024w, https:\/\/serveiseducatius.xtec.cat\/altemporda\/wp-content\/uploads\/usu1156\/2023\/02\/cambra-300x221.jpeg 300w, https:\/\/serveiseducatius.xtec.cat\/altemporda\/wp-content\/uploads\/usu1156\/2023\/02\/cambra-768x566.jpeg 768w\" sizes=\"auto, (max-width: 307px) 100vw, 307px\" \/><\/span><strong>El Parc a l\u2019aula <\/strong>intenta posar en relleu les produccions i objectes que les escoles de la xarxa van elaborant i localitzant en la seva descoberta del parc natural de Cap de Creus.<\/p>\n<p style=\"text-align: justify;\"><span style=\"font-weight: 400;\">Aquesta secci\u00f3 s\u2019inspira en el concepte dels<strong> museus a l\u2019aula<\/strong>.<\/span><span style=\"font-weight: 400;\"> Per\u00f2&#8230; en aquest cas, ens resulta interessant destacar un paral\u00b7lelisme, digne de ser conegut, originat al segle XVI amb el nom de <\/span><b>Cambra de les meravelles. <\/b>Aquestes &#8220;habitacions&#8221;<span style=\"font-weight: 400;\">, tamb\u00e9 anomenats <em>gabinets de curiositats<\/em>, eren mobles, armaris, que tots els arist\u00f2crates, nobles i burgesos europeus dels <strong>segles XVI, XVII i XVIII<\/strong> volien tenir en les seves resid\u00e8ncies com a s\u00edmbol d&#8217;estatus social. En elles col\u00b7leccionaven i exposaven objectes ex\u00f2tics arribats de tots els racons del m\u00f3n conegut, com: f\u00f2ssils, petxines, plantes, insectes, roques&#8230; Aquestes vitrines van esdevenir aut\u00e8ntiques enciclop\u00e8dies en tres dimensions pels objectes que contenien. Antecessors directes dels museus moderns, en particular dels museus d&#8217;hist\u00f2ria natural. <\/span><\/p>\n<p style=\"text-align: justify;\"><span style=\"font-weight: 400;\">Una de les seves funcions era &#8220;fer descobrir el m\u00f3n&#8221; per comprendre&#8217;l millor. L&#8217;an\u00e0lisi i publicaci\u00f3 de tot el que es trobava en forma d&#8217;inventaris, cat\u00e0legs, generalment il\u00b7lustrats, va permetre difondre els continguts als cient\u00edfics europeus, sent de gran import\u00e0ncia en el desenvolupament de la ci\u00e8ncia moderna, de la que despr\u00e9s naixerien disciplines com la biologia o geologia.<\/span><\/p>\n<p style=\"text-align: justify;\"><strong><span style=\"font-size: 14pt;\">En aquesta particular hist\u00f2ria del m\u00f3n, explicada a partir dels objectes, u<\/span>s proposem endinsar-vos amb el vostre alumnat en les aventures de l&#8217;home que va batejar animals i plantes. <\/strong><strong style=\"font-family: inherit; font-size: 1em;\">Donant resposta a posteriors recerques i esdevenint font de noves preguntes.<\/strong><\/p>\n<p style=\"text-align: justify;\">Estem parlant del suec <em>Carl Linn\u00e9, cient\u00edfic i naturalista que<\/em> va viure entre els anys 1707 i 1778. Les vitrines del seu despatx, que ara es poden visitar al museu que porta el seu nom, contenen alguns dels milers d&#8217;esp\u00e8cies vegetals i animals que aquest cient\u00edfic va estudiar, establint un <strong>sistema universal de classificaci\u00f3 dels \u00e9ssers vius<\/strong>, utilitzant les categories de g\u00e8nere i esp\u00e8cie com a base de tota classificaci\u00f3. La seva obra va ser immensa i al segle XVIII va ser considerat un dels m\u00e9s grans savis del m\u00f3n.<\/p>\n<p style=\"text-align: justify;\"><strong>Algunes preguntes clau que ens haur\u00edem de fer&#8230; <\/strong>Com un home que no va inventar res i que &#8220;nom\u00e9s&#8221; va classificar els \u00e9ssers vius \u00e9s considerat com un dels grans savis del m\u00f3n? Per a qu\u00e8 servia tot el que ell va estudiar?<\/p>\n<p style=\"text-align: justify;\">La veritat \u00e9s que no \u00e9s exagerat dir que el m\u00f3n i la ci\u00e8ncia no hagu\u00e9s estat igual sense ell. Quan estudiem ci\u00e8ncies naturals, sigui zoologia o bot\u00e0nica, i busquem el nom i les caracter\u00edstiques de qualsevol esp\u00e8cie, ens remetem inevitablement a la seva classificaci\u00f3. Tots els aven\u00e7os en ci\u00e8ncies depenen que tinguem ordenats els \u00e9ssers vius i aix\u00f2 \u00e9s el que ell va fer.<\/p>\n<div>\n<div style=\"float: left; margin: 0px 25px 20px 0px; text-align: justify;\"><iframe loading=\"lazy\" src=\"https:\/\/docs.google.com\/presentation\/d\/e\/2PACX-1vS6ziodOqpN5KWDXZwe2axTiFJCFCMVLgjU-qM_l2b0Wwpg1Zvz1jGEs2kmHQSIA2X7iqQz-SLjBGfb\/embed?start=true&amp;loop=true&amp;delayms=5000\" width=\"600\" height=\"375\"><\/iframe><\/div>\n<p style=\"text-align: justify;\">Linn\u00e9 va viure en un segle, el XVIII, que va ser anomenat el\u00a0<strong>\u201cSegle de les Llums\u201d<\/strong>\u00a0o el\u00a0<strong>\u201cSegle de la Il\u00b7lustraci\u00f3\u201d<\/strong>, perqu\u00e8 es considera que en aquell temps, a Europa, va sorgir un corrent de pensament basat en\u00a0<strong>l&#8217;\u00fas de la ra\u00f3 com a instrument per con\u00e8ixer i aprendre<\/strong>, per il\u00b7luminar, donar llum, mentre que el\u00a0<strong>m\u00e8tode cient\u00edfic<\/strong>, que en el fons <b>consisteix<\/b> a <strong>observar<\/strong>,\u00a0<strong>analitzar<\/strong>,\u00a0<strong>classificar<\/strong>\u00a0i\u00a0<strong>deduir<\/strong> va ser la base de la majoria d&#8217;estudis. El racionalisme \u00e9s el que va permetre al m\u00f3n avan\u00e7ar, combatent malalties, modificant formes de vida i lleis absurdes i fent la vida humana m\u00e9s c\u00f2moda i plaent. Linn\u00e9 va ser un pioner en aquesta Europa Il\u00b7lustrada.<\/p>\n<p style=\"text-align: justify;\">Per comprendre qu\u00e8 va significar el racionalisme il\u00b7lustrat per a la ci\u00e8ncia al segle XVIII agafarem un exemple dels seus treballs. Linn\u00e9, en un llibre titulat <em>Systema naurae<\/em>, se li va acudir, analitzant els \u00e9ssers vius, estudiar l&#8217;home com qualsevol altre animal. Durant una estada a Hartecamp, va tenir l&#8217;oportunitat d&#8217;examinar algunes mones i va descobrir moltes semblances entre elles i l&#8217;home. Es va adonar que homes i micos tenen fonamentalment la mateixa anatomia, nom\u00e9s va trobar una difer\u00e8ncia: la parla.<\/p>\n<\/div>\n<p style=\"text-align: justify;\">Per tant, va <strong>pensar<\/strong> <strong>raonablement<\/strong> que l&#8217;home i els micos eren al mateix grup, que va anomenar <strong>Antropoides<\/strong>, terme que significa \u00abde forma humana\u00bb. Va descriure els humans tal com descrivia qualsevol altra planta o animal. Linn\u00e9 va ser, per tant, el primer a col\u00b7locar els humans en un sistema de classificaci\u00f3 biol\u00f2gica. Ubicava els humans sota Homo sapiens, entre els primats.<\/p>\n<p style=\"text-align: justify;\">Aquesta <strong>classificaci\u00f3 va escandalitzar<\/strong> a molt\u00edssima gent del seu temps, ja que Linn\u00e9 considerava l&#8217;\u00e9sser hum\u00e0 simplement com un animal m\u00e9s. Era com si s&#8217;hagu\u00e9s degradat el \u201crei de la Creaci\u00f3\u201d. La B\u00edblia deia que els \u00e9ssers humans havien estat creats directament per D\u00e9u, al marge dels altres \u00e9ssers vius. No obstant aix\u00f2, Linn\u00e9 creia, basant-se en la ra\u00f3 cient\u00edfica, que els humans biol\u00f2gicament pertanyem al regne animal. I aix\u00ed \u00e9s des de llavors. <strong>Quins altres grans savis, cient\u00edfics i aventurers van viure en aquest per\u00edode tan interessant?<\/strong><\/p>\n<p><span style=\"color: #008080; font-size: 18pt;\"><strong>Quins s\u00f3n els objectes de la vostra petita gran hist\u00f2ria de descoberta del parc natural de Cap de Creus, us han cridat m\u00e9s l&#8217;atenci\u00f3?<\/strong><\/span><\/p>\n<p><iframe loading=\"lazy\" src=\"https:\/\/docs.google.com\/presentation\/d\/e\/2PACX-1vToyA1pfeEQ-E-KB6gkcaq1OobR2hUS4tBMTyenRx2yQsGBJ0RSeMzQ7jHettncDd49Mo6kywhbuhC4\/embed?start=true&amp;loop=true&amp;delayms=3000\" width=\"960\" height=\"749\" frameborder=\"0\" allowfullscreen=\"allowfullscreen\"><\/iframe><\/p>\n<p>&nbsp;<\/p>\n<p>En curs: Lleixes d&#8217;aprenentatge<\/p>\n<table style=\"border-collapse: collapse; width: 100%;\">\n<tbody>\n<tr>\n<td style=\"width: 6.96893%; text-align: center;\"><span style=\"font-size: 12pt;\"><strong>QR<\/strong><\/span><\/td>\n<td style=\"width: 59.6977%; text-align: center;\"><span style=\"font-size: 12pt;\"><strong>Repte<\/strong><\/span><\/td>\n<\/tr>\n<tr>\n<td style=\"width: 6.96893%;\"><\/td>\n<td style=\"width: 59.6977%;\"><\/td>\n<\/tr>\n<tr>\n<td style=\"width: 6.96893%;\"><\/td>\n<td style=\"width: 59.6977%;\"><\/td>\n<\/tr>\n<tr>\n<td style=\"width: 6.96893%;\"><\/td>\n<td style=\"width: 59.6977%;\"><\/td>\n<\/tr>\n<\/tbody>\n<\/table>\n<p>&nbsp;<\/p>\n","protected":false},"excerpt":{"rendered":"<p>El Parc a l\u2019aula intenta posar en relleu les produccions i objectes que les escoles de la xarxa van elaborant i localitzant en la seva descoberta del parc natural de Cap de Creus. Aquesta secci\u00f3 s\u2019inspira en el concepte dels museus a l\u2019aula. Per\u00f2&#8230; en aquest cas, ens resulta interessant destacar un paral\u00b7lelisme, digne de [&hellip;]<\/p>\n","protected":false},"author":1,"featured_media":0,"parent":15859,"menu_order":0,"comment_status":"closed","ping_status":"closed","template":"","meta":{"_bbp_topic_count":0,"_bbp_reply_count":0,"_bbp_total_topic_count":0,"_bbp_total_reply_count":0,"_bbp_voice_count":0,"_bbp_anonymous_reply_count":0,"_bbp_topic_count_hidden":0,"_bbp_reply_count_hidden":0,"_bbp_forum_subforum_count":0,"site-sidebar-layout":"default","site-content-layout":"","ast-site-content-layout":"","site-content-style":"default","site-sidebar-style":"default","ast-global-header-display":"","ast-banner-title-visibility":"","ast-main-header-display":"","ast-hfb-above-header-display":"","ast-hfb-below-header-display":"","ast-hfb-mobile-header-display":"","site-post-title":"","ast-breadcrumbs-content":"","ast-featured-img":"","footer-sml-layout":"","theme-transparent-header-meta":"","adv-header-id-meta":"","stick-header-meta":"","header-above-stick-meta":"","header-main-stick-meta":"","header-below-stick-meta":"","astra-migrate-meta-layouts":"default","ast-page-background-enabled":"default","ast-page-background-meta":{"desktop":{"background-color":"var(--ast-global-color-4)","background-image":"","background-repeat":"repeat","background-position":"center center","background-size":"auto","background-attachment":"scroll","background-type":"","background-media":"","overlay-type":"","overlay-color":"","overlay-opacity":"","overlay-gradient":""},"tablet":{"background-color":"","background-image":"","background-repeat":"repeat","background-position":"center center","background-size":"auto","background-attachment":"scroll","background-type":"","background-media":"","overlay-type":"","overlay-color":"","overlay-opacity":"","overlay-gradient":""},"mobile":{"background-color":"","background-image":"","background-repeat":"repeat","background-position":"center center","background-size":"auto","background-attachment":"scroll","background-type":"","background-media":"","overlay-type":"","overlay-color":"","overlay-opacity":"","overlay-gradient":""}},"ast-content-background-meta":{"desktop":{"background-color":"var(--ast-global-color-5)","background-image":"","background-repeat":"repeat","background-position":"center center","background-size":"auto","background-attachment":"scroll","background-type":"","background-media":"","overlay-type":"","overlay-color":"","overlay-opacity":"","overlay-gradient":""},"tablet":{"background-color":"var(--ast-global-color-5)","background-image":"","background-repeat":"repeat","background-position":"center center","background-size":"auto","background-attachment":"scroll","background-type":"","background-media":"","overlay-type":"","overlay-color":"","overlay-opacity":"","overlay-gradient":""},"mobile":{"background-color":"var(--ast-global-color-5)","background-image":"","background-repeat":"repeat","background-position":"center center","background-size":"auto","background-attachment":"scroll","background-type":"","background-media":"","overlay-type":"","overlay-color":"","overlay-opacity":"","overlay-gradient":""}},"footnotes":""},"class_list":["post-19749","page","type-page","status-publish","hentry"],"post_mailing_queue_ids":[],"_links":{"self":[{"href":"https:\/\/serveiseducatius.xtec.cat\/altemporda\/wp-json\/wp\/v2\/pages\/19749","targetHints":{"allow":["GET"]}}],"collection":[{"href":"https:\/\/serveiseducatius.xtec.cat\/altemporda\/wp-json\/wp\/v2\/pages"}],"about":[{"href":"https:\/\/serveiseducatius.xtec.cat\/altemporda\/wp-json\/wp\/v2\/types\/page"}],"author":[{"embeddable":true,"href":"https:\/\/serveiseducatius.xtec.cat\/altemporda\/wp-json\/wp\/v2\/users\/1"}],"replies":[{"embeddable":true,"href":"https:\/\/serveiseducatius.xtec.cat\/altemporda\/wp-json\/wp\/v2\/comments?post=19749"}],"version-history":[{"count":5,"href":"https:\/\/serveiseducatius.xtec.cat\/altemporda\/wp-json\/wp\/v2\/pages\/19749\/revisions"}],"predecessor-version":[{"id":21168,"href":"https:\/\/serveiseducatius.xtec.cat\/altemporda\/wp-json\/wp\/v2\/pages\/19749\/revisions\/21168"}],"up":[{"embeddable":true,"href":"https:\/\/serveiseducatius.xtec.cat\/altemporda\/wp-json\/wp\/v2\/pages\/15859"}],"wp:attachment":[{"href":"https:\/\/serveiseducatius.xtec.cat\/altemporda\/wp-json\/wp\/v2\/media?parent=19749"}],"curies":[{"name":"wp","href":"https:\/\/api.w.org\/{rel}","templated":true}]}}