{"id":19314,"date":"2023-01-30T17:05:32","date_gmt":"2023-01-30T16:05:32","guid":{"rendered":"https:\/\/serveiseducatius.xtec.cat\/altemporda\/?page_id=19314"},"modified":"2023-01-30T17:44:06","modified_gmt":"2023-01-30T16:44:06","slug":"05-dol-covid-19","status":"publish","type":"page","link":"https:\/\/serveiseducatius.xtec.cat\/altemporda\/diversitats\/covid-19\/05-dol-covid-19\/","title":{"rendered":"05. Dol \/ COVID-19"},"content":{"rendered":"<p><em>Compartim amb vosaltres un recull de documents on trobareu orientacions, recomanacions i una guia de com afrontar el dol en una situaci\u00f3 de confinament, davant la situaci\u00f3 actual del Covid-19. La dist\u00e0ncia, la dificultat d&#8217;expressar-nos emocionalment fa que sigui m\u00e9s dif\u00edcil la gesti\u00f3 de la mort i el dol.<\/em><\/p>\n<p><a href=\"https:\/\/drive.google.com\/file\/d\/1oWw_7GyUz96A4J1jnT6YaQ9tgfXbUqay\/preview\" target=\"_blank\" rel=\"noopener\"><strong>Gesti\u00f3 dol infants-adolescents<\/strong><\/a><\/p>\n<p><a class=\"XqQF9c\" href=\"https:\/\/drive.google.com\/file\/d\/1UnmngkeqARTBL0GVC62cltLmWl7_Cf_K\/preview\" target=\"_blank\" rel=\"noopener\"><strong>Treballar el dol a dist\u00e0ncia &#8211; EAP Girona<\/strong><\/a><\/p>\n<div style=\"text-align: center;\"><a href=\"https:\/\/drive.google.com\/file\/d\/15F_ecOm8JGSfDINasEgayxZBtUn3RbXO\/preview\" target=\"_blank\" rel=\"noopener\"><img loading=\"lazy\" decoding=\"async\" class=\"alignnone\" src=\"https:\/\/lh6.googleusercontent.com\/c9W5cbmP9qYGJtz5_uz9YV5Ab-TJoAN6IW4qFAPtt4XqPY0dCAlCryB-aCFv1XVbheBHQqlwmbZYi5PYfdLiEcY-GQJ3C-ZA3rRRwS81GkmXAbN5o8ApcQiMznUq-neN=w1280\" alt=\"\" width=\"164\" height=\"229\" \/><\/a>\u00a0 \u00a0 <a href=\"https:\/\/drive.google.com\/file\/d\/1dHgTm1bgbhsOs6Cmb35X50_bV-BPvIkE\/preview\" target=\"_blank\" rel=\"noopener\"><img loading=\"lazy\" decoding=\"async\" class=\"alignnone\" src=\"https:\/\/lh6.googleusercontent.com\/YYTUUbSXPJmcoA3pS04r1JtLZNkU4HcXMMEgx-kbnsZbhc_bRBGC4AjZyu6NJ2rQz7EKnZ4dzt6VCiDgP55v9D9nL2v-Vd0kwAr563TQLW5t4DbwAgXULbvYnDA9iMONyQ=w1280\" alt=\"\" width=\"197\" height=\"241\" \/><\/a>\u00a0 \u00a0 <a href=\"https:\/\/drive.google.com\/file\/d\/1rXFHAVviSUr2LI2BXC1ZmY3VsFC5hWXl\/preview\" target=\"_blank\" rel=\"noopener\"><img loading=\"lazy\" decoding=\"async\" class=\"alignnone\" src=\"https:\/\/lh4.googleusercontent.com\/p5ZWjiBeGNsy7L4xr0rJbOuOfZ8eE6CBSw9Rzb93VNMkSEG1YpxXnLGKzKkSnvOt4TzebZLto_f4xLvRu7FMUZOQAPP9Pp-UzYz9jhDZtmrdhP_0awGOjA44PgCfm6Ourw=w1280\" alt=\"\" width=\"164\" height=\"249\" \/><\/a>\u00a0 \u00a0 <a href=\"https:\/\/drive.google.com\/file\/d\/1nRAkw3zemq2fD_B9hydhNvzyep4g8LgA\/preview\" target=\"_blank\" rel=\"noopener\"><img loading=\"lazy\" decoding=\"async\" class=\"alignnone\" src=\"https:\/\/lh5.googleusercontent.com\/jyF6Y6vumsVT-1WXmAiGPlqImvHeiUZMtaVC1-uD1gDh6ocZt4dK2hXYszSbRfcSL73surfZ4NRtDEm8zgvh3uM-OSyzcwpMZl_s6I_-ay2NIwF4LeAH4UuJc4tXhfqixw=w1280\" alt=\"\" width=\"179\" height=\"253\" \/><\/a><\/div>\n<div><\/div>\n<div>\n<hr \/>\n<div style=\"text-align: center;\"><iframe loading=\"lazy\" src=\"https:\/\/drive.google.com\/file\/d\/1JbrgpWh0jjCPvj1mbbPpMSqDLiwrLJkd\/preview\" width=\"50%;\" height=\"750;\"><\/iframe><\/div>\n<hr \/>\n<p><strong>Proposta de contes espec\u00edfics en situaci\u00f3 de confinament.<\/strong><\/p>\n<\/div>\n<div><img decoding=\"async\" src=\"https:\/\/lh4.googleusercontent.com\/7y3zvn44OHOth0iTK03mi6j3CvRTdF8R8EITX1LsuO34anjNxoMRjCuVfljNNcJpEy2QGQYG7SCows7nu62Bo1xhebnCrYf1ew13pz2BWxg5hTsp7iMvLwZ7eSDHFnVbQg=w1280\" \/><\/div>\n<div>\n<p><a href=\"https:\/\/drive.google.com\/file\/d\/1IU4UtdPAMrUSN9XRat0ivevq5JlidIJp\/preview\" target=\"_blank\" rel=\"noopener\"><img loading=\"lazy\" decoding=\"async\" class=\"aligncenter\" src=\"https:\/\/lh3.googleusercontent.com\/doAnWxSRlFaLBPmz4PxzjGY17rvd9t0nBzGnnJIlpHCRweN-ZgIpTIOSf6aVFwbzXr6c3rD4F6PiZiEsUnaSGATnEVcX27MnXB0CLylkHmOpvBGVl8k1CGSE4Hz85UB8ng=w1280\" alt=\"\" width=\"531\" height=\"419\" \/><\/a><\/p>\n<hr \/>\n<\/div>\n<div><img loading=\"lazy\" decoding=\"async\" class=\"aligncenter\" src=\"https:\/\/lh6.googleusercontent.com\/SnAfguXlnfnGGoEuAgBAk_lg7aayIvzHAKaMbWHUBRqIY460MCM05jst-BramvZxcC1VMMjgwHuyIb683gqfQjZZNg55l4iO17R-pTaT9ZFVas0wNwUGHqrzW9w-Yam4Xg=w1280\" width=\"600\" height=\"76\" \/><\/div>\n<div><\/div>\n<div><a href=\"https:\/\/drive.google.com\/file\/d\/1lXCpjxVTftg-SE0usvQlv4x_tGss2Xs5\/preview\" target=\"_blank\" rel=\"noopener\"><img loading=\"lazy\" decoding=\"async\" class=\"aligncenter\" src=\"https:\/\/lh4.googleusercontent.com\/Qoo3ueScnqlUYGGKenxRXoY04C_2Sd_btfMaxOSXVARmNt2b-itFrQK6TEcdGm836ubw0sRcyQFugSAIpN6eSMKO7DSnEuYHHToUwCuHoqZ3h-xczJw48ByUrdePxCYDBQ=w1280\" alt=\"\" width=\"535\" height=\"113\" \/><\/a><\/div>\n<div><\/div>\n<div>\n<hr \/>\n<\/div>\n<div><img loading=\"lazy\" decoding=\"async\" class=\"aligncenter\" src=\"https:\/\/lh5.googleusercontent.com\/0QaRFE8zrzsGGsdPWgOuxZUCUwRI23Waaxax6l8DH2VFfKCHGs69SC9YkQ2hKg5l0obqZdyC-fKEr5cuhQpPiw3yKcb7RbSqXcvnCAI1wZXlcv0542e-KSMRpEG383W2Ow=w1280\" width=\"386\" height=\"98\" \/><\/div>\n<h4><a href=\"https:\/\/www.google.com\/url?q=https%3A%2F%2Fwww.rosasensat.org%2Fel-dol-i-la-perdua-seleccio-de-llibres-per-llegir-mirar-i-parlar-a-educacio-infantil-i-primaria%2F%3Futm_medium%3Dsocial%26utm_source%3Dwhatsapp%26utm_campaign%3Drosasensat&amp;sa=D&amp;sntz=1&amp;usg=AOvVaw2BUFHlJyYHTRh2JuAho3Gv\" target=\"_blank\" rel=\"noopener\"><strong>El dol i la p\u00e8rdua: selecci\u00f3 de llibres per llegir, mirar i parlar a educaci\u00f3 infantil i prim\u00e0ria.<\/strong><\/a><\/h4>\n<p>&nbsp;<\/p>\n<hr \/>\n<div><a href=\"https:\/\/drive.google.com\/file\/d\/1HSBn-fmKDWjgnts9xCveN6cLMZMlu5uS\/preview\" target=\"_blank\" rel=\"noopener\"><img loading=\"lazy\" decoding=\"async\" class=\"aligncenter\" src=\"https:\/\/lh4.googleusercontent.com\/q3jeVA_cnYMLXwG0w0IhKO6d5wsL6_TiyBec_SDx4hSGh-jDEdaYREAouNEy0Yi8jZrSzs1SxlShfw6c8f4_8m3_WWiI3aJVZ92xi4AjWbUguf_-J-TMjzVswNt9_Niz1w=w1280\" alt=\"\" width=\"486\" height=\"160\" \/><\/a><\/div>\n<div><a href=\"https:\/\/drive.google.com\/file\/d\/1b6iBDPl9AUlAMQAUJ9l8WMOBPa3V4nZD\/preview\" target=\"_blank\" rel=\"noopener\"><img loading=\"lazy\" decoding=\"async\" class=\"aligncenter\" src=\"https:\/\/lh3.googleusercontent.com\/SEdZLY0M33szp8ZjSw3oItDn6_MbXSI44HPzGBzzO18s_ZIv6xhHe27wzR-ytJUjj0ydBOzl1grcZIA-39SO0MQBu7Q-vIRkx1IJ41ntERTis_w_s6qIyRY1FVhbCM1e=w1280\" alt=\"\" width=\"265\" height=\"350\" \/><\/a><\/div>\n","protected":false},"excerpt":{"rendered":"<p>Compartim amb vosaltres un recull de documents on trobareu orientacions, recomanacions i una guia de com afrontar el dol en una situaci\u00f3 de confinament, davant la situaci\u00f3 actual del Covid-19. La dist\u00e0ncia, la dificultat d&#8217;expressar-nos emocionalment fa que sigui m\u00e9s dif\u00edcil la gesti\u00f3 de la mort i el dol. Gesti\u00f3 dol infants-adolescents Treballar el dol [&hellip;]<\/p>\n","protected":false},"author":4,"featured_media":0,"parent":19265,"menu_order":5,"comment_status":"closed","ping_status":"closed","template":"","meta":{"_bbp_topic_count":0,"_bbp_reply_count":0,"_bbp_total_topic_count":0,"_bbp_total_reply_count":0,"_bbp_voice_count":0,"_bbp_anonymous_reply_count":0,"_bbp_topic_count_hidden":0,"_bbp_reply_count_hidden":0,"_bbp_forum_subforum_count":0,"site-sidebar-layout":"default","site-content-layout":"","ast-site-content-layout":"","site-content-style":"default","site-sidebar-style":"default","ast-global-header-display":"","ast-banner-title-visibility":"","ast-main-header-display":"","ast-hfb-above-header-display":"","ast-hfb-below-header-display":"","ast-hfb-mobile-header-display":"","site-post-title":"","ast-breadcrumbs-content":"","ast-featured-img":"","footer-sml-layout":"","theme-transparent-header-meta":"","adv-header-id-meta":"","stick-header-meta":"","header-above-stick-meta":"","header-main-stick-meta":"","header-below-stick-meta":"","astra-migrate-meta-layouts":"default","ast-page-background-enabled":"default","ast-page-background-meta":{"desktop":{"background-color":"var(--ast-global-color-4)","background-image":"","background-repeat":"repeat","background-position":"center center","background-size":"auto","background-attachment":"scroll","background-type":"","background-media":"","overlay-type":"","overlay-color":"","overlay-opacity":"","overlay-gradient":""},"tablet":{"background-color":"","background-image":"","background-repeat":"repeat","background-position":"center center","background-size":"auto","background-attachment":"scroll","background-type":"","background-media":"","overlay-type":"","overlay-color":"","overlay-opacity":"","overlay-gradient":""},"mobile":{"background-color":"","background-image":"","background-repeat":"repeat","background-position":"center center","background-size":"auto","background-attachment":"scroll","background-type":"","background-media":"","overlay-type":"","overlay-color":"","overlay-opacity":"","overlay-gradient":""}},"ast-content-background-meta":{"desktop":{"background-color":"var(--ast-global-color-5)","background-image":"","background-repeat":"repeat","background-position":"center center","background-size":"auto","background-attachment":"scroll","background-type":"","background-media":"","overlay-type":"","overlay-color":"","overlay-opacity":"","overlay-gradient":""},"tablet":{"background-color":"var(--ast-global-color-5)","background-image":"","background-repeat":"repeat","background-position":"center center","background-size":"auto","background-attachment":"scroll","background-type":"","background-media":"","overlay-type":"","overlay-color":"","overlay-opacity":"","overlay-gradient":""},"mobile":{"background-color":"var(--ast-global-color-5)","background-image":"","background-repeat":"repeat","background-position":"center center","background-size":"auto","background-attachment":"scroll","background-type":"","background-media":"","overlay-type":"","overlay-color":"","overlay-opacity":"","overlay-gradient":""}},"footnotes":""},"class_list":["post-19314","page","type-page","status-publish","hentry"],"post_mailing_queue_ids":[],"_links":{"self":[{"href":"https:\/\/serveiseducatius.xtec.cat\/altemporda\/wp-json\/wp\/v2\/pages\/19314","targetHints":{"allow":["GET"]}}],"collection":[{"href":"https:\/\/serveiseducatius.xtec.cat\/altemporda\/wp-json\/wp\/v2\/pages"}],"about":[{"href":"https:\/\/serveiseducatius.xtec.cat\/altemporda\/wp-json\/wp\/v2\/types\/page"}],"author":[{"embeddable":true,"href":"https:\/\/serveiseducatius.xtec.cat\/altemporda\/wp-json\/wp\/v2\/users\/4"}],"replies":[{"embeddable":true,"href":"https:\/\/serveiseducatius.xtec.cat\/altemporda\/wp-json\/wp\/v2\/comments?post=19314"}],"version-history":[{"count":3,"href":"https:\/\/serveiseducatius.xtec.cat\/altemporda\/wp-json\/wp\/v2\/pages\/19314\/revisions"}],"predecessor-version":[{"id":19323,"href":"https:\/\/serveiseducatius.xtec.cat\/altemporda\/wp-json\/wp\/v2\/pages\/19314\/revisions\/19323"}],"up":[{"embeddable":true,"href":"https:\/\/serveiseducatius.xtec.cat\/altemporda\/wp-json\/wp\/v2\/pages\/19265"}],"wp:attachment":[{"href":"https:\/\/serveiseducatius.xtec.cat\/altemporda\/wp-json\/wp\/v2\/media?parent=19314"}],"curies":[{"name":"wp","href":"https:\/\/api.w.org\/{rel}","templated":true}]}}