{"id":19209,"date":"2023-01-30T10:05:14","date_gmt":"2023-01-30T09:05:14","guid":{"rendered":"https:\/\/serveiseducatius.xtec.cat\/altemporda\/?page_id=19209"},"modified":"2025-05-07T08:46:57","modified_gmt":"2025-05-07T06:46:57","slug":"ambit-motriu","status":"publish","type":"page","link":"https:\/\/serveiseducatius.xtec.cat\/altemporda\/diversitats\/ambit-motriu\/","title":{"rendered":"\u00c0mbit motriu"},"content":{"rendered":"<div class=\"fila;\" style=\"display: flex; align-items: center; justify-content: center;\">\n<div class=\"columna\" style=\"width: 20%; text-align: center;\"><a class=\"boto_taula\" style=\"color: #000000; height: 55px; display: flex; align-items: center; justify-content: center;\" href=\"https:\/\/serveiseducatius.xtec.cat\/altemporda\/diversitats\/ambit-psicopedagogic\/\" target=\"_blank\" rel=\"noopener noreferrer\"><span style=\"font-size: 1em; font-family: opendyslexic;\"><strong>\u00c0mbit psicopedag\u00f2gic<\/strong><\/span><\/a><\/div>\n<div class=\"columna\" style=\"width: 20%; text-align: center;\"><a class=\"boto_taula\" style=\"color: #000000; height: 55px; display: flex; align-items: center; justify-content: center;\" href=\"https:\/\/serveiseducatius.xtec.cat\/altemporda\/diversitats\/ambit-social\/\" target=\"_blank\" rel=\"noopener noreferrer\"><span style=\"font-size: 1em; font-family: opendyslexic;\"><strong>\u00c0mbit social<\/strong><\/span><\/a><\/div>\n<div class=\"columna\" style=\"width: 40%; text-align: center;\"><a class=\"boto_taula\" style=\"color: #000000; height: 110px; display: flex; align-items: center; justify-content: center;\" href=\"https:\/\/serveiseducatius.xtec.cat\/altemporda\/diversitats\/ambit-motriu\/\" target=\"_blank\" rel=\"noopener noreferrer\"><span style=\"font-size: 2em; font-family: opendyslexic;\"><strong>\u00c0mbit motriu<\/strong><\/span><\/a><\/div>\n<\/div>\n<hr \/>\n<h3>Les nostres funcions:<\/h3>\n<h4><b><span lang=\"CA\">FISIOTERAPEUTES:<\/span><\/b><\/h4>\n<ul>\n<li><span lang=\"CA\">Realitzar, tenint en compte el diagn\u00f2stic m\u00e8dic, la valoraci\u00f3 motriu de l\u2019alumnat amb necessitats en aquest sentit. Estableix el grau d\u2019afectaci\u00f3 i elabora programes per a una millor adaptaci\u00f3 de l\u2019alumnat dins el context escolar.<\/span><\/li>\n<li>Informar i assessorar les fam\u00edlies dels alumnes afectats sobre les necessitats i evoluci\u00f3 dels seus fills\/es.<\/li>\n<li>Coordinar-se amb altres professionals, especialistes o altres serveis.<\/li>\n<\/ul>\n<h4><b><span lang=\"CA\">HORARI DEL SERVEI<\/span><\/b><span lang=\"CA\">:<\/span><\/h4>\n<p><b><span lang=\"CA\">Atenci\u00f3 directa als centres educatius<\/span><\/b><span lang=\"CA\">:\u00a0<\/span>de 9.00 h a 14.00 h de dilluns a divendres<br \/>\n<b><span lang=\"CA\">Atenci\u00f3 al p\u00fablic al Servei Educatiu<\/span><\/b><span lang=\"CA\">:\u00a0<\/span>dimarts i dimecres de 15.00 h a 18.00 h.<br \/>\n<span lang=\"CA\"><strong>Tel\u00e8fon:<\/strong>\u00a0972511814<\/span><br \/>\n<b><span lang=\"CA\">Correu\u00a0electr\u00f2nic\u00a0EAP<\/span><\/b><b><span lang=\"CA\">:\u00a0<\/span><\/b><a href=\"https:\/\/mail.google.com\/mail\/?view=cm&amp;fs=1&amp;tf=1&amp;to=eap-altemporda@xtec.cat\" target=\"_blank\" rel=\"noopener\">eap-altemporda@xtec.cat<\/a><\/p>\n<h4><b><span lang=\"CA\">QUI SOM:<\/span><\/b><\/h4>\n<p>Anna Garcia Oriol:\u00a0<a href=\"https:\/\/mail.google.com\/mail\/?view=cm&amp;fs=1&amp;tf=1&amp;to=agarc346@xtec.cat\" target=\"_blank\" rel=\"noopener\">agarc346@xtec.cat<\/a><br \/>\nAnna Cat:\u00a0<a href=\"https:\/\/mail.google.com\/mail\/?view=cm&amp;fs=1&amp;tf=1&amp;to=acat@xtec.cat\" target=\"_blank\" rel=\"noopener\">acat@xtec.cat<\/a><br \/>\nCarme Pujol:\u00a0<a href=\"https:\/\/mail.google.com\/mail\/?view=cm&amp;fs=1&amp;tf=1&amp;to=cpujol23@xtec.cat\" target=\"_blank\" rel=\"noopener\">cpujol23@xtec.cat<\/a><\/p>\n","protected":false},"excerpt":{"rendered":"<p>\u00c0mbit psicopedag\u00f2gic \u00c0mbit social \u00c0mbit motriu Les nostres funcions: FISIOTERAPEUTES: Realitzar, tenint en compte el diagn\u00f2stic m\u00e8dic, la valoraci\u00f3 motriu de l\u2019alumnat amb necessitats en aquest sentit. Estableix el grau d\u2019afectaci\u00f3 i elabora programes per a una millor adaptaci\u00f3 de l\u2019alumnat dins el context escolar. Informar i assessorar les fam\u00edlies dels alumnes afectats sobre les [&hellip;]<\/p>\n","protected":false},"author":4,"featured_media":0,"parent":19078,"menu_order":6,"comment_status":"closed","ping_status":"closed","template":"","meta":{"_bbp_topic_count":0,"_bbp_reply_count":0,"_bbp_total_topic_count":0,"_bbp_total_reply_count":0,"_bbp_voice_count":0,"_bbp_anonymous_reply_count":0,"_bbp_topic_count_hidden":0,"_bbp_reply_count_hidden":0,"_bbp_forum_subforum_count":0,"site-sidebar-layout":"default","site-content-layout":"","ast-site-content-layout":"","site-content-style":"default","site-sidebar-style":"default","ast-global-header-display":"","ast-banner-title-visibility":"","ast-main-header-display":"","ast-hfb-above-header-display":"","ast-hfb-below-header-display":"","ast-hfb-mobile-header-display":"","site-post-title":"","ast-breadcrumbs-content":"","ast-featured-img":"","footer-sml-layout":"","theme-transparent-header-meta":"","adv-header-id-meta":"","stick-header-meta":"","header-above-stick-meta":"","header-main-stick-meta":"","header-below-stick-meta":"","astra-migrate-meta-layouts":"default","ast-page-background-enabled":"default","ast-page-background-meta":{"desktop":{"background-color":"var(--ast-global-color-4)","background-image":"","background-repeat":"repeat","background-position":"center center","background-size":"auto","background-attachment":"scroll","background-type":"","background-media":"","overlay-type":"","overlay-color":"","overlay-opacity":"","overlay-gradient":""},"tablet":{"background-color":"","background-image":"","background-repeat":"repeat","background-position":"center center","background-size":"auto","background-attachment":"scroll","background-type":"","background-media":"","overlay-type":"","overlay-color":"","overlay-opacity":"","overlay-gradient":""},"mobile":{"background-color":"","background-image":"","background-repeat":"repeat","background-position":"center center","background-size":"auto","background-attachment":"scroll","background-type":"","background-media":"","overlay-type":"","overlay-color":"","overlay-opacity":"","overlay-gradient":""}},"ast-content-background-meta":{"desktop":{"background-color":"var(--ast-global-color-5)","background-image":"","background-repeat":"repeat","background-position":"center center","background-size":"auto","background-attachment":"scroll","background-type":"","background-media":"","overlay-type":"","overlay-color":"","overlay-opacity":"","overlay-gradient":""},"tablet":{"background-color":"var(--ast-global-color-5)","background-image":"","background-repeat":"repeat","background-position":"center center","background-size":"auto","background-attachment":"scroll","background-type":"","background-media":"","overlay-type":"","overlay-color":"","overlay-opacity":"","overlay-gradient":""},"mobile":{"background-color":"var(--ast-global-color-5)","background-image":"","background-repeat":"repeat","background-position":"center center","background-size":"auto","background-attachment":"scroll","background-type":"","background-media":"","overlay-type":"","overlay-color":"","overlay-opacity":"","overlay-gradient":""}},"footnotes":""},"class_list":["post-19209","page","type-page","status-publish","hentry"],"post_mailing_queue_ids":[],"_links":{"self":[{"href":"https:\/\/serveiseducatius.xtec.cat\/altemporda\/wp-json\/wp\/v2\/pages\/19209","targetHints":{"allow":["GET"]}}],"collection":[{"href":"https:\/\/serveiseducatius.xtec.cat\/altemporda\/wp-json\/wp\/v2\/pages"}],"about":[{"href":"https:\/\/serveiseducatius.xtec.cat\/altemporda\/wp-json\/wp\/v2\/types\/page"}],"author":[{"embeddable":true,"href":"https:\/\/serveiseducatius.xtec.cat\/altemporda\/wp-json\/wp\/v2\/users\/4"}],"replies":[{"embeddable":true,"href":"https:\/\/serveiseducatius.xtec.cat\/altemporda\/wp-json\/wp\/v2\/comments?post=19209"}],"version-history":[{"count":5,"href":"https:\/\/serveiseducatius.xtec.cat\/altemporda\/wp-json\/wp\/v2\/pages\/19209\/revisions"}],"predecessor-version":[{"id":25600,"href":"https:\/\/serveiseducatius.xtec.cat\/altemporda\/wp-json\/wp\/v2\/pages\/19209\/revisions\/25600"}],"up":[{"embeddable":true,"href":"https:\/\/serveiseducatius.xtec.cat\/altemporda\/wp-json\/wp\/v2\/pages\/19078"}],"wp:attachment":[{"href":"https:\/\/serveiseducatius.xtec.cat\/altemporda\/wp-json\/wp\/v2\/media?parent=19209"}],"curies":[{"name":"wp","href":"https:\/\/api.w.org\/{rel}","templated":true}]}}