{"id":19207,"date":"2023-01-30T10:04:52","date_gmt":"2023-01-30T09:04:52","guid":{"rendered":"https:\/\/serveiseducatius.xtec.cat\/altemporda\/?page_id=19207"},"modified":"2025-05-07T08:46:25","modified_gmt":"2025-05-07T06:46:25","slug":"ambit-social","status":"publish","type":"page","link":"https:\/\/serveiseducatius.xtec.cat\/altemporda\/diversitats\/ambit-social\/","title":{"rendered":"\u00c0mbit social"},"content":{"rendered":"<div class=\"entry-content\">\n<div class=\"fila;\" style=\"display: flex; align-items: center; justify-content: center;\">\n<div class=\"columna\" style=\"width: 20%; text-align: center;\"><a class=\"boto_taula\" style=\"color: #000000; height: 55px; display: flex; align-items: center; justify-content: center;\" href=\"https:\/\/serveiseducatius.xtec.cat\/altemporda\/diversitats\/ambit-psicopedagogic\/\" target=\"_blank\" rel=\"noopener noreferrer\"><span style=\"font-size: 1em; font-family: opendyslexic;\"><strong>\u00c0mbit psicopedag\u00f2gic<\/strong><\/span><\/a><\/div>\n<div class=\"columna\" style=\"width: 40%; text-align: center;\"><a class=\"boto_taula\" style=\"color: #000000; height: 110px; display: flex; align-items: center; justify-content: center;\" href=\"https:\/\/serveiseducatius.xtec.cat\/altemporda\/diversitats\/ambit-social\/\" target=\"_blank\" rel=\"noopener noreferrer\"><span style=\"font-size: 2em; font-family: opendyslexic;\"><strong>\u00c0mbit social<\/strong><\/span><\/a><\/div>\n<div class=\"columna\" style=\"width: 20%; text-align: center;\"><a class=\"boto_taula\" style=\"color: #000000; height: 55px; display: flex; align-items: center; justify-content: center;\" href=\"https:\/\/serveiseducatius.xtec.cat\/altemporda\/diversitats\/ambit-motriu\/\" target=\"_blank\" rel=\"noopener noreferrer\"><span style=\"font-size: 1; font-family: opendyslexic;\"><strong>\u00c0mbit motriu<\/strong><\/span><\/a><\/div>\n<\/div>\n<hr \/>\n<h4><b><span lang=\"CA\">TREBALLADORES SOCIALS:<\/span><\/b><\/h4>\n<p><span lang=\"CA\">\u00a0<\/span><span lang=\"CA\">Identificaci\u00f3, avaluaci\u00f3 i seguiment de les necessitats educatives de l\u2019alumnat vinculades a l\u2019entorn social i familiar<\/span><\/p>\n<p><span lang=\"CA\">Assessorament i informaci\u00f3 als centres educatius sobre la identificaci\u00f3 d\u2019alumnat amb necessitats educatives amb risc social i col\u00b7laboraci\u00f3 en la planificaci\u00f3 d\u2019actuacions que afavoreixin en aquests un correcte desenvolupament i aprenentatge en els contextos escolar i social.<\/span><\/p>\n<p><span lang=\"CA\">\u00a0<\/span><span lang=\"CA\">Informaci\u00f3 i assessorament a les fam\u00edlies en relaci\u00f3 amb l\u2019atenci\u00f3 dels seus fills\/es i sobre serveis i recursos existents en els diferents moments de l\u2019escolaritzaci\u00f3.\u00a0<\/span><\/p>\n<p><span lang=\"CA\">\u00a0<\/span><span lang=\"CA\">Coordinaci\u00f3 i col\u00b7laboraci\u00f3 amb els serveis institucions de la zona per donar resposta coherent a les necessitats educatives de l\u2019alumnat des d\u2019un punt de vista integral.<\/span><\/p>\n<h4><b><span lang=\"CA\">HORARI DEL SERVEI<\/span><\/b><span lang=\"CA\">:<\/span><\/h4>\n<h5><b><span lang=\"CA\">Atenci\u00f3 directa als centres educatius<\/span><\/b><span lang=\"CA\">:<\/span><\/h5>\n<p>de 9.00 h a 14.00\u202fh de dilluns a divendres<\/p>\n<h5><b><span lang=\"CA\">Atenci\u00f3 al p\u00fablic al Servei Educatiu<\/span><\/b><span lang=\"CA\">:<\/span><\/h5>\n<p>dimarts i dimecres de 15.00 h a 18.00 h.<\/p>\n<h5><span lang=\"CA\">Tel\u00e8fon: 972511814<\/span><\/h5>\n<h5><b><span lang=\"CA\">Correu\u00a0electr\u00f2nic\u00a0EAP<\/span><\/b><b><span lang=\"CA\">:<\/span><\/b><\/h5>\n<p><b><\/b><b><a href=\"https:\/\/mail.google.com\/mail\/?view=cm&amp;fs=1&amp;tf=1&amp;to=eap-altemporda@xtec.cat\" target=\"_blank\" rel=\"noopener\">eap-altemporda@xtec.cat<\/a><\/b><\/p>\n<h4><b><span lang=\"CA\">QUI SOM:<\/span><\/b><\/h4>\n<div>Marta Delcl\u00f3s Ribera:\u00a0<a href=\"https:\/\/mail.google.com\/mail\/?view=cm&amp;fs=1&amp;tf=1&amp;to=mdelclo2@xtec.cat\" target=\"_blank\" rel=\"noopener\">mdelclo2@xtec.cat<\/a><\/div>\n<div><\/div>\n<div>Carme S\u00e1nchez P\u00e9rez:\u00a0<a href=\"https:\/\/mail.google.com\/mail\/?view=cm&amp;fs=1&amp;tf=1&amp;to=csanch86@xtec.cat\" target=\"_blank\" rel=\"noopener\">csanch86@xtec.cat<\/a><\/div>\n<\/div>\n<hr width=\"1px\" \/>\n","protected":false},"excerpt":{"rendered":"<p>\u00c0mbit psicopedag\u00f2gic \u00c0mbit social \u00c0mbit motriu TREBALLADORES SOCIALS: \u00a0Identificaci\u00f3, avaluaci\u00f3 i seguiment de les necessitats educatives de l\u2019alumnat vinculades a l\u2019entorn social i familiar Assessorament i informaci\u00f3 als centres educatius sobre la identificaci\u00f3 d\u2019alumnat amb necessitats educatives amb risc social i col\u00b7laboraci\u00f3 en la planificaci\u00f3 d\u2019actuacions que afavoreixin en aquests un correcte desenvolupament i aprenentatge [&hellip;]<\/p>\n","protected":false},"author":4,"featured_media":0,"parent":19078,"menu_order":5,"comment_status":"closed","ping_status":"closed","template":"","meta":{"_bbp_topic_count":0,"_bbp_reply_count":0,"_bbp_total_topic_count":0,"_bbp_total_reply_count":0,"_bbp_voice_count":0,"_bbp_anonymous_reply_count":0,"_bbp_topic_count_hidden":0,"_bbp_reply_count_hidden":0,"_bbp_forum_subforum_count":0,"site-sidebar-layout":"default","site-content-layout":"","ast-site-content-layout":"","site-content-style":"default","site-sidebar-style":"default","ast-global-header-display":"","ast-banner-title-visibility":"","ast-main-header-display":"","ast-hfb-above-header-display":"","ast-hfb-below-header-display":"","ast-hfb-mobile-header-display":"","site-post-title":"","ast-breadcrumbs-content":"","ast-featured-img":"","footer-sml-layout":"","theme-transparent-header-meta":"","adv-header-id-meta":"","stick-header-meta":"","header-above-stick-meta":"","header-main-stick-meta":"","header-below-stick-meta":"","astra-migrate-meta-layouts":"default","ast-page-background-enabled":"default","ast-page-background-meta":{"desktop":{"background-color":"var(--ast-global-color-4)","background-image":"","background-repeat":"repeat","background-position":"center center","background-size":"auto","background-attachment":"scroll","background-type":"","background-media":"","overlay-type":"","overlay-color":"","overlay-opacity":"","overlay-gradient":""},"tablet":{"background-color":"","background-image":"","background-repeat":"repeat","background-position":"center center","background-size":"auto","background-attachment":"scroll","background-type":"","background-media":"","overlay-type":"","overlay-color":"","overlay-opacity":"","overlay-gradient":""},"mobile":{"background-color":"","background-image":"","background-repeat":"repeat","background-position":"center center","background-size":"auto","background-attachment":"scroll","background-type":"","background-media":"","overlay-type":"","overlay-color":"","overlay-opacity":"","overlay-gradient":""}},"ast-content-background-meta":{"desktop":{"background-color":"var(--ast-global-color-5)","background-image":"","background-repeat":"repeat","background-position":"center center","background-size":"auto","background-attachment":"scroll","background-type":"","background-media":"","overlay-type":"","overlay-color":"","overlay-opacity":"","overlay-gradient":""},"tablet":{"background-color":"var(--ast-global-color-5)","background-image":"","background-repeat":"repeat","background-position":"center center","background-size":"auto","background-attachment":"scroll","background-type":"","background-media":"","overlay-type":"","overlay-color":"","overlay-opacity":"","overlay-gradient":""},"mobile":{"background-color":"var(--ast-global-color-5)","background-image":"","background-repeat":"repeat","background-position":"center center","background-size":"auto","background-attachment":"scroll","background-type":"","background-media":"","overlay-type":"","overlay-color":"","overlay-opacity":"","overlay-gradient":""}},"footnotes":""},"class_list":["post-19207","page","type-page","status-publish","hentry"],"post_mailing_queue_ids":[],"_links":{"self":[{"href":"https:\/\/serveiseducatius.xtec.cat\/altemporda\/wp-json\/wp\/v2\/pages\/19207","targetHints":{"allow":["GET"]}}],"collection":[{"href":"https:\/\/serveiseducatius.xtec.cat\/altemporda\/wp-json\/wp\/v2\/pages"}],"about":[{"href":"https:\/\/serveiseducatius.xtec.cat\/altemporda\/wp-json\/wp\/v2\/types\/page"}],"author":[{"embeddable":true,"href":"https:\/\/serveiseducatius.xtec.cat\/altemporda\/wp-json\/wp\/v2\/users\/4"}],"replies":[{"embeddable":true,"href":"https:\/\/serveiseducatius.xtec.cat\/altemporda\/wp-json\/wp\/v2\/comments?post=19207"}],"version-history":[{"count":5,"href":"https:\/\/serveiseducatius.xtec.cat\/altemporda\/wp-json\/wp\/v2\/pages\/19207\/revisions"}],"predecessor-version":[{"id":25599,"href":"https:\/\/serveiseducatius.xtec.cat\/altemporda\/wp-json\/wp\/v2\/pages\/19207\/revisions\/25599"}],"up":[{"embeddable":true,"href":"https:\/\/serveiseducatius.xtec.cat\/altemporda\/wp-json\/wp\/v2\/pages\/19078"}],"wp:attachment":[{"href":"https:\/\/serveiseducatius.xtec.cat\/altemporda\/wp-json\/wp\/v2\/media?parent=19207"}],"curies":[{"name":"wp","href":"https:\/\/api.w.org\/{rel}","templated":true}]}}