{"id":19102,"date":"2023-01-25T13:30:56","date_gmt":"2023-01-25T12:30:56","guid":{"rendered":"https:\/\/serveiseducatius.xtec.cat\/altemporda\/?page_id=19102"},"modified":"2023-01-30T10:47:55","modified_gmt":"2023-01-30T09:47:55","slug":"recomanem","status":"publish","type":"page","link":"https:\/\/serveiseducatius.xtec.cat\/altemporda\/diversitats\/ambit-psicopedagogic\/recomanem\/","title":{"rendered":"Recomanem"},"content":{"rendered":"<p dir=\"ltr\">Des de l&#8217;\u00e0mbit psicopedag\u00f2gic recomanem:<\/p>\n<p class=\"CDt4Ke zfr3Q\" dir=\"ltr\"><strong> EAP.CAT<\/strong><\/p>\n<ul>\n<li class=\"CDt4Ke zfr3Q\" dir=\"ltr\"><span class=\" aw5Odc\"><a class=\"XqQF9c\" href=\"https:\/\/serveiseducatius.xtec.cat\/baixemporda\/categoria\/eap\/\" target=\"_blank\" rel=\"noopener\"><strong>EAP del Baix Empord\u00e0<\/strong><\/a><\/span><\/li>\n<li class=\"CDt4Ke zfr3Q\" dir=\"ltr\"><span class=\" aw5Odc\"><a class=\"XqQF9c\" href=\"https:\/\/sites.google.com\/site\/serveieducatiucerdanya\/1-serveis\/eap2\" target=\"_blank\" rel=\"noopener\"><strong>EAP Cerdanya<\/strong><\/a><\/span><\/li>\n<li class=\"CDt4Ke zfr3Q\" dir=\"ltr\"><span class=\" aw5Odc\"><a class=\"XqQF9c\" href=\"https:\/\/serveiseducatius.xtec.cat\/girones\/el-servei-educatiu\/eap\/\" target=\"_blank\" rel=\"noopener\"><strong>EAP Giron\u00e8s<\/strong><\/a><\/span><\/li>\n<li class=\"CDt4Ke zfr3Q\" dir=\"ltr\"><span class=\" aw5Odc\"><a class=\"XqQF9c\" href=\"https:\/\/serveiseducatius.xtec.cat\/pladelestany\/el-servei-educatiu\/equip\/eap\/\" target=\"_blank\" rel=\"noopener\"><strong>EAP Pla de l&#8217;Estany<\/strong><\/a><\/span><\/li>\n<li class=\"CDt4Ke zfr3Q\" dir=\"ltr\"><span class=\" aw5Odc\"><a class=\"XqQF9c\" href=\"https:\/\/serveiseducatius.xtec.cat\/ripolles\/eap\/\" target=\"_blank\" rel=\"noopener\"><strong>EAP Ripoll\u00e8s<\/strong><\/a><\/span><\/li>\n<li class=\"CDt4Ke zfr3Q\" dir=\"ltr\"><span class=\" aw5Odc\"><a class=\"XqQF9c\" href=\"https:\/\/serveiseducatius.xtec.cat\/selva1\/categoria\/eap\/\" target=\"_blank\" rel=\"noopener\"><strong>EAP Selva Interior<\/strong><\/a><\/span><\/li>\n<li class=\"CDt4Ke zfr3Q\" dir=\"ltr\"><span class=\" aw5Odc\"><a class=\"XqQF9c\" href=\"https:\/\/serveiseducatius.xtec.cat\/selva2\/el-servei-educatiu\/eap\/\" target=\"_blank\" rel=\"noopener\"><strong>EAP Selva de Mar<\/strong><\/a><\/span><\/li>\n<\/ul>\n","protected":false},"excerpt":{"rendered":"<p>Des de l&#8217;\u00e0mbit psicopedag\u00f2gic recomanem: EAP.CAT EAP del Baix Empord\u00e0 EAP Cerdanya EAP Giron\u00e8s EAP Pla de l&#8217;Estany EAP Ripoll\u00e8s EAP Selva Interior EAP Selva de Mar<\/p>\n","protected":false},"author":4,"featured_media":0,"parent":19205,"menu_order":2,"comment_status":"closed","ping_status":"closed","template":"","meta":{"_bbp_topic_count":0,"_bbp_reply_count":0,"_bbp_total_topic_count":0,"_bbp_total_reply_count":0,"_bbp_voice_count":0,"_bbp_anonymous_reply_count":0,"_bbp_topic_count_hidden":0,"_bbp_reply_count_hidden":0,"_bbp_forum_subforum_count":0,"site-sidebar-layout":"default","site-content-layout":"","ast-site-content-layout":"","site-content-style":"default","site-sidebar-style":"default","ast-global-header-display":"","ast-banner-title-visibility":"","ast-main-header-display":"","ast-hfb-above-header-display":"","ast-hfb-below-header-display":"","ast-hfb-mobile-header-display":"","site-post-title":"","ast-breadcrumbs-content":"","ast-featured-img":"","footer-sml-layout":"","theme-transparent-header-meta":"","adv-header-id-meta":"","stick-header-meta":"","header-above-stick-meta":"","header-main-stick-meta":"","header-below-stick-meta":"","astra-migrate-meta-layouts":"default","ast-page-background-enabled":"default","ast-page-background-meta":{"desktop":{"background-color":"var(--ast-global-color-4)","background-image":"","background-repeat":"repeat","background-position":"center center","background-size":"auto","background-attachment":"scroll","background-type":"","background-media":"","overlay-type":"","overlay-color":"","overlay-opacity":"","overlay-gradient":""},"tablet":{"background-color":"","background-image":"","background-repeat":"repeat","background-position":"center center","background-size":"auto","background-attachment":"scroll","background-type":"","background-media":"","overlay-type":"","overlay-color":"","overlay-opacity":"","overlay-gradient":""},"mobile":{"background-color":"","background-image":"","background-repeat":"repeat","background-position":"center center","background-size":"auto","background-attachment":"scroll","background-type":"","background-media":"","overlay-type":"","overlay-color":"","overlay-opacity":"","overlay-gradient":""}},"ast-content-background-meta":{"desktop":{"background-color":"var(--ast-global-color-5)","background-image":"","background-repeat":"repeat","background-position":"center center","background-size":"auto","background-attachment":"scroll","background-type":"","background-media":"","overlay-type":"","overlay-color":"","overlay-opacity":"","overlay-gradient":""},"tablet":{"background-color":"var(--ast-global-color-5)","background-image":"","background-repeat":"repeat","background-position":"center center","background-size":"auto","background-attachment":"scroll","background-type":"","background-media":"","overlay-type":"","overlay-color":"","overlay-opacity":"","overlay-gradient":""},"mobile":{"background-color":"var(--ast-global-color-5)","background-image":"","background-repeat":"repeat","background-position":"center center","background-size":"auto","background-attachment":"scroll","background-type":"","background-media":"","overlay-type":"","overlay-color":"","overlay-opacity":"","overlay-gradient":""}},"footnotes":""},"class_list":["post-19102","page","type-page","status-publish","hentry"],"post_mailing_queue_ids":[],"_links":{"self":[{"href":"https:\/\/serveiseducatius.xtec.cat\/altemporda\/wp-json\/wp\/v2\/pages\/19102","targetHints":{"allow":["GET"]}}],"collection":[{"href":"https:\/\/serveiseducatius.xtec.cat\/altemporda\/wp-json\/wp\/v2\/pages"}],"about":[{"href":"https:\/\/serveiseducatius.xtec.cat\/altemporda\/wp-json\/wp\/v2\/types\/page"}],"author":[{"embeddable":true,"href":"https:\/\/serveiseducatius.xtec.cat\/altemporda\/wp-json\/wp\/v2\/users\/4"}],"replies":[{"embeddable":true,"href":"https:\/\/serveiseducatius.xtec.cat\/altemporda\/wp-json\/wp\/v2\/comments?post=19102"}],"version-history":[{"count":3,"href":"https:\/\/serveiseducatius.xtec.cat\/altemporda\/wp-json\/wp\/v2\/pages\/19102\/revisions"}],"predecessor-version":[{"id":19227,"href":"https:\/\/serveiseducatius.xtec.cat\/altemporda\/wp-json\/wp\/v2\/pages\/19102\/revisions\/19227"}],"up":[{"embeddable":true,"href":"https:\/\/serveiseducatius.xtec.cat\/altemporda\/wp-json\/wp\/v2\/pages\/19205"}],"wp:attachment":[{"href":"https:\/\/serveiseducatius.xtec.cat\/altemporda\/wp-json\/wp\/v2\/media?parent=19102"}],"curies":[{"name":"wp","href":"https:\/\/api.w.org\/{rel}","templated":true}]}}