{"id":18750,"date":"2022-12-12T08:59:42","date_gmt":"2022-12-12T07:59:42","guid":{"rendered":"https:\/\/serveiseducatius.xtec.cat\/altemporda\/?page_id=18750"},"modified":"2024-05-27T12:01:18","modified_gmt":"2024-05-27T10:01:18","slug":"credits","status":"publish","type":"page","link":"https:\/\/serveiseducatius.xtec.cat\/altemporda\/english-time\/credits\/","title":{"rendered":"Credits"},"content":{"rendered":"<section id=\"h.5195b01fce722ec6_98\" class=\"yaqOZd cJgDec nyKByd\">\n<div class=\"mYVXT\">\n<div class=\"LS81yb VICjCf j5pSsc db35Fc\" tabindex=\"-1\">\n<div class=\"hJDwNd-AhqUyc-uQSCkd Ft7HRd-AhqUyc-uQSCkd purZT-AhqUyc-II5mzb ZcASvf-AhqUyc-II5mzb pSzOP-AhqUyc-qWD73c Ktthjf-AhqUyc-qWD73c JNdkSc SQVYQc yYI8W HQwdzb\">\n<div class=\"JNdkSc-SmKAyb LkDMRd\">\n<div class=\"\">\n<div class=\"oKdM2c ZZyype Kzv0Me\">\n<div id=\"h.5195b01fce722ec6_93\" class=\"hJDwNd-AhqUyc-uQSCkd Ft7HRd-AhqUyc-uQSCkd jXK9ad D2fZ2 zu5uec OjCsFc dmUFtb JYTMs\">\n<div class=\"jXK9ad-SmKAyb\">\n<div class=\"tyJCtd mGzaTb Depvyb baZpAe\">\n<div class=\"CjVfdc\"><strong>Contat Us..<\/strong><\/div>\n<\/div>\n<\/div>\n<\/div>\n<\/div>\n<div class=\"oKdM2c ZZyype\">\n<div id=\"h.5195b01fce722ec6_99\" class=\"hJDwNd-AhqUyc-uQSCkd Ft7HRd-AhqUyc-uQSCkd jXK9ad D2fZ2 zu5uec JYTMs\">\n<div class=\"jXK9ad-SmKAyb\">\n<div class=\"tyJCtd mGzaTb Depvyb baZpAe\">\n<div id=\"h.3a5kvgepsebm\" class=\"CobnVe aP9Z7e\"><\/div>\n<div class=\"CjVfdc\">\n<div class=\"PPhIP rviiZ\">\n<div class=\"U26fgb mUbCce fKz7Od LRAOtb Znu9nd M9Bg4d\" role=\"presentation\" aria-describedby=\"h.3a5kvgepsebm_l\" aria-label=\"Copia l'enlla\u00e7 del t\u00edtol\" aria-disabled=\"false\" data-tooltip=\"Copia l'enlla\u00e7 del t\u00edtol\" aria-hidden=\"true\" data-tooltip-position=\"top\" data-tooltip-vertical-offset=\"12\" data-tooltip-horizontal-offset=\"0\">\n<div class=\"VTBa7b MbhUzd\"><\/div>\n<\/div>\n<\/div>\n<p><strong>Gemma Mart\u00ednez <\/strong><\/p>\n<\/div>\n<p class=\"CDt4Ke zfr3Q\" dir=\"ltr\">English Time Designer and Coordinator<\/p>\n<\/div>\n<\/div>\n<\/div>\n<\/div>\n<div class=\"oKdM2c ZZyype\">\n<div id=\"h.5195b01fce722ec6_95\" class=\"hJDwNd-AhqUyc-uQSCkd Ft7HRd-AhqUyc-uQSCkd jXK9ad D2fZ2 zu5uec JYTMs\">\n<div class=\"jXK9ad-SmKAyb\">\n<div class=\"tyJCtd mGzaTb Depvyb baZpAe\">\n<p class=\"CDt4Ke zfr3Q\" dir=\"ltr\">gmarti65@xtec.cat<\/p>\n<\/div>\n<\/div>\n<\/div>\n<\/div>\n<div class=\"oKdM2c ZZyype\">\n<div id=\"h.5195b01fce722ec6_120\" class=\"hJDwNd-AhqUyc-uQSCkd Ft7HRd-AhqUyc-uQSCkd jXK9ad D2fZ2 zu5uec JYTMs\">\n<div class=\"jXK9ad-SmKAyb\">\n<div class=\"tyJCtd mGzaTb Depvyb baZpAe\">\n<div class=\"CjVfdc\">\n<div class=\"PPhIP rviiZ\">\n<div class=\"U26fgb mUbCce fKz7Od LRAOtb Znu9nd M9Bg4d\" role=\"presentation\" aria-describedby=\"h.atrb7ck7a1pt_l\" aria-label=\"Copia l'enlla\u00e7 del t\u00edtol\" aria-disabled=\"false\" data-tooltip=\"Copia l'enlla\u00e7 del t\u00edtol\" aria-hidden=\"true\" data-tooltip-position=\"top\" data-tooltip-vertical-offset=\"12\" data-tooltip-horizontal-offset=\"0\">\n<div class=\"VTBa7b MbhUzd\"><\/div>\n<\/div>\n<\/div>\n<p><strong>Albert Alegr\u00ed<\/strong><\/p>\n<\/div>\n<p class=\"CDt4Ke zfr3Q\" dir=\"ltr\">English Time Alt Empord\u00e0 Coordinator<\/p>\n<\/div>\n<\/div>\n<\/div>\n<\/div>\n<div class=\"oKdM2c ZZyype\">\n<div id=\"h.5195b01fce722ec6_122\" class=\"hJDwNd-AhqUyc-uQSCkd Ft7HRd-AhqUyc-uQSCkd jXK9ad D2fZ2 zu5uec JYTMs\">\n<div class=\"jXK9ad-SmKAyb\">\n<div class=\"tyJCtd mGzaTb Depvyb baZpAe\">\n<p class=\"CDt4Ke zfr3Q\" dir=\"ltr\">aalegri2@xtec.cat<\/p>\n<p class=\"CDt4Ke zfr3Q\" dir=\"ltr\"><strong style=\"font-family: inherit; font-size: 1em;\">Serveis Educatius Alt Empord\u00e0 (SEAE)<\/strong><\/p>\n<p class=\"CDt4Ke zfr3Q\" dir=\"ltr\"><a class=\"XqQF9c\" style=\"font-family: inherit; font-size: 1em;\" href=\"https:\/\/www.google.com\/url?q=https%3A%2F%2Fserveiseducatius.xtec.cat%2Faltemporda%2F&amp;sa=D&amp;sntz=1&amp;usg=AOvVaw1bHEAYklriFDF5isq_a5Kt\" target=\"_blank\" rel=\"noopener\">SEAE<\/a><\/p>\n<\/div>\n<\/div>\n<\/div>\n<\/div>\n<\/div>\n<\/div>\n<\/div>\n<\/div>\n<\/div>\n<\/section>\n<section id=\"h.5490ebb082ca8bca_4244\" class=\"yaqOZd cJgDec nyKByd\">\n<div class=\"IFuOkc\"><strong style=\"font-family: inherit; font-size: 1em;\">\u00a9 English Time in Alt Empord\u00e0<\/strong><\/div>\n<div class=\"IFuOkc\"><strong style=\"font-family: inherit; font-size: 1em;\">\u00a9 Original idea:\u00a0<\/strong><span style=\"font-family: inherit; font-size: 1em;\">Raquel Feliu &amp; Gemma Mart\u00ednez<\/span><\/div>\n<div class=\"IFuOkc\"><strong style=\"font-family: inherit; font-size: 1em;\">\u00a9 Illustrations:\u00a0<\/strong><span style=\"font-family: inherit; font-size: 1em;\">Raquel Feliu &amp; Sara Salip<\/span><\/div>\n<div class=\"IFuOkc\"><strong style=\"font-family: inherit; font-size: 1em;\">\u00a9 IT Support &amp; Web design:\u00a0<\/strong><span style=\"font-family: inherit; font-size: 1em;\">Jordi God\u00f3<\/span><\/div>\n<div class=\"IFuOkc\"><strong style=\"font-family: inherit; font-size: 1em;\">\u00a9 Servei Educatiu de l\u2019Alt Empord\u00e0<\/strong><\/div>\n<div class=\"IFuOkc\"><strong style=\"font-family: inherit; font-size: 1em;\">Departament d\u2019Ensenyament de la Generalitat de Catalunya<\/strong><\/div>\n<div class=\"IFuOkc\"><span style=\"font-family: inherit; font-size: 1em;\">Avinguda Maria \u00c0ngels Anglada, 13. Figueres<\/span><\/div>\n<div class=\"IFuOkc\"><a class=\"XqQF9c\" style=\"font-family: inherit; font-size: 1em;\" href=\"http:\/\/www.google.com\/url?q=http%3A%2F%2Fwww.sealtemporda.cat%2F&amp;sa=D&amp;sntz=1&amp;usg=AOvVaw3PddjmBIbNY0CYyuWEKJrl\" target=\"_blank\" rel=\"noopener\">www.sealtemporda.cat<\/a><\/div>\n<div class=\"mYVXT\">\n<div class=\"LS81yb VICjCf j5pSsc db35Fc\" tabindex=\"-1\">\n<div class=\"hJDwNd-AhqUyc-uQSCkd Ft7HRd-AhqUyc-uQSCkd purZT-AhqUyc-II5mzb ZcASvf-AhqUyc-II5mzb pSzOP-AhqUyc-qWD73c Ktthjf-AhqUyc-qWD73c JNdkSc SQVYQc yYI8W HQwdzb\">\n<div class=\"JNdkSc-SmKAyb LkDMRd\">\n<div class=\"\">\n<div class=\"oKdM2c ZZyype Kzv0Me\">\n<div id=\"h.5490ebb082ca8bca_4247\" class=\"hJDwNd-AhqUyc-uQSCkd Ft7HRd-AhqUyc-uQSCkd jXK9ad D2fZ2 zu5uec OjCsFc dmUFtb JYTMs\">\n<div class=\"jXK9ad-SmKAyb\">\n<div class=\"tyJCtd mGzaTb Depvyb baZpAe\">\n<p class=\"CDt4Ke zfr3Q\" dir=\"ltr\"><span class=\" aw5Odc\"><a class=\"XqQF9c\" href=\"https:\/\/mail.google.com\/mail\/?view=cm&amp;fs=1&amp;tf=1&amp;to=crp-altemporda@xtec.cat\" target=\"_blank\" rel=\"noopener\">crp-altemporda@xtec.cat<\/a><\/span><\/p>\n<p class=\"CDt4Ke zfr3Q\" dir=\"ltr\"><strong>Year:<\/strong>\u00a0February 2014<\/p>\n<p class=\"CDt4Ke zfr3Q\" dir=\"ltr\"><strong>\u00a9 Copyright:<\/strong>\u00a0We&#8217;re willing to share and help to spread the idea of this experience in any educational context except for commercial purpose.<\/p>\n<\/div>\n<\/div>\n<\/div>\n<\/div>\n<div class=\"oKdM2c ZZyype\">\n<div id=\"h.5195b01fce722ec6_109\" class=\"hJDwNd-AhqUyc-uQSCkd Ft7HRd-AhqUyc-uQSCkd jXK9ad D2fZ2 zu5uec wHaque g5GTcb JYTMs\">\n<div class=\"jXK9ad-SmKAyb\">\n<div class=\"tyJCtd mGzaTb Depvyb baZpAe\"><\/div>\n<\/div>\n<\/div>\n<\/div>\n<\/div>\n<\/div>\n<\/div>\n<\/div>\n<\/div>\n<\/section>\n","protected":false},"excerpt":{"rendered":"<p>Contat Us.. Gemma Mart\u00ednez English Time Designer and Coordinator gmarti65@xtec.cat Albert Alegr\u00ed English Time Alt Empord\u00e0 Coordinator aalegri2@xtec.cat Serveis Educatius Alt Empord\u00e0 (SEAE) SEAE \u00a9 English Time in Alt Empord\u00e0 \u00a9 Original idea:\u00a0Raquel Feliu &amp; Gemma Mart\u00ednez \u00a9 Illustrations:\u00a0Raquel Feliu &amp; Sara Salip \u00a9 IT Support &amp; Web design:\u00a0Jordi God\u00f3 \u00a9 Servei Educatiu de l\u2019Alt [&hellip;]<\/p>\n","protected":false},"author":4,"featured_media":0,"parent":18734,"menu_order":0,"comment_status":"closed","ping_status":"closed","template":"","meta":{"_bbp_topic_count":0,"_bbp_reply_count":0,"_bbp_total_topic_count":0,"_bbp_total_reply_count":0,"_bbp_voice_count":0,"_bbp_anonymous_reply_count":0,"_bbp_topic_count_hidden":0,"_bbp_reply_count_hidden":0,"_bbp_forum_subforum_count":0,"site-sidebar-layout":"default","site-content-layout":"","ast-site-content-layout":"","site-content-style":"default","site-sidebar-style":"default","ast-global-header-display":"","ast-banner-title-visibility":"","ast-main-header-display":"","ast-hfb-above-header-display":"","ast-hfb-below-header-display":"","ast-hfb-mobile-header-display":"","site-post-title":"","ast-breadcrumbs-content":"","ast-featured-img":"","footer-sml-layout":"","theme-transparent-header-meta":"","adv-header-id-meta":"","stick-header-meta":"","header-above-stick-meta":"","header-main-stick-meta":"","header-below-stick-meta":"","astra-migrate-meta-layouts":"default","ast-page-background-enabled":"default","ast-page-background-meta":{"desktop":{"background-color":"var(--ast-global-color-4)","background-image":"","background-repeat":"repeat","background-position":"center center","background-size":"auto","background-attachment":"scroll","background-type":"","background-media":"","overlay-type":"","overlay-color":"","overlay-opacity":"","overlay-gradient":""},"tablet":{"background-color":"","background-image":"","background-repeat":"repeat","background-position":"center center","background-size":"auto","background-attachment":"scroll","background-type":"","background-media":"","overlay-type":"","overlay-color":"","overlay-opacity":"","overlay-gradient":""},"mobile":{"background-color":"","background-image":"","background-repeat":"repeat","background-position":"center center","background-size":"auto","background-attachment":"scroll","background-type":"","background-media":"","overlay-type":"","overlay-color":"","overlay-opacity":"","overlay-gradient":""}},"ast-content-background-meta":{"desktop":{"background-color":"var(--ast-global-color-5)","background-image":"","background-repeat":"repeat","background-position":"center center","background-size":"auto","background-attachment":"scroll","background-type":"","background-media":"","overlay-type":"","overlay-color":"","overlay-opacity":"","overlay-gradient":""},"tablet":{"background-color":"var(--ast-global-color-5)","background-image":"","background-repeat":"repeat","background-position":"center center","background-size":"auto","background-attachment":"scroll","background-type":"","background-media":"","overlay-type":"","overlay-color":"","overlay-opacity":"","overlay-gradient":""},"mobile":{"background-color":"var(--ast-global-color-5)","background-image":"","background-repeat":"repeat","background-position":"center center","background-size":"auto","background-attachment":"scroll","background-type":"","background-media":"","overlay-type":"","overlay-color":"","overlay-opacity":"","overlay-gradient":""}},"footnotes":""},"class_list":["post-18750","page","type-page","status-publish","hentry"],"post_mailing_queue_ids":[],"_links":{"self":[{"href":"https:\/\/serveiseducatius.xtec.cat\/altemporda\/wp-json\/wp\/v2\/pages\/18750","targetHints":{"allow":["GET"]}}],"collection":[{"href":"https:\/\/serveiseducatius.xtec.cat\/altemporda\/wp-json\/wp\/v2\/pages"}],"about":[{"href":"https:\/\/serveiseducatius.xtec.cat\/altemporda\/wp-json\/wp\/v2\/types\/page"}],"author":[{"embeddable":true,"href":"https:\/\/serveiseducatius.xtec.cat\/altemporda\/wp-json\/wp\/v2\/users\/4"}],"replies":[{"embeddable":true,"href":"https:\/\/serveiseducatius.xtec.cat\/altemporda\/wp-json\/wp\/v2\/comments?post=18750"}],"version-history":[{"count":3,"href":"https:\/\/serveiseducatius.xtec.cat\/altemporda\/wp-json\/wp\/v2\/pages\/18750\/revisions"}],"predecessor-version":[{"id":23277,"href":"https:\/\/serveiseducatius.xtec.cat\/altemporda\/wp-json\/wp\/v2\/pages\/18750\/revisions\/23277"}],"up":[{"embeddable":true,"href":"https:\/\/serveiseducatius.xtec.cat\/altemporda\/wp-json\/wp\/v2\/pages\/18734"}],"wp:attachment":[{"href":"https:\/\/serveiseducatius.xtec.cat\/altemporda\/wp-json\/wp\/v2\/media?parent=18750"}],"curies":[{"name":"wp","href":"https:\/\/api.w.org\/{rel}","templated":true}]}}