{"id":17750,"date":"2022-09-09T12:25:40","date_gmt":"2022-09-09T10:25:40","guid":{"rendered":"https:\/\/serveiseducatius.xtec.cat\/altemporda\/?page_id=17750"},"modified":"2024-07-04T13:46:12","modified_gmt":"2024-07-04T11:46:12","slug":"agenda-escolar-xepncc-2021-2022","status":"publish","type":"page","link":"https:\/\/serveiseducatius.xtec.cat\/altemporda\/xarxa-descoles-del-pn-cap-de-creus\/agenda-escolar\/agenda-escolar-xepncc-2021-2022\/","title":{"rendered":"Agenda escolar XEPNCC 2021-2022"},"content":{"rendered":"<p style=\"text-align: justify;\"><img loading=\"lazy\" decoding=\"async\" class=\"wp-image-13179 alignleft\" src=\"https:\/\/serveiseducatius.xtec.cat\/altemporda\/wp-content\/uploads\/usu1156\/2021\/05\/XPN.png\" sizes=\"auto, (max-width: 202px) 100vw, 202px\" srcset=\"https:\/\/serveiseducatius.xtec.cat\/altemporda\/wp-content\/uploads\/usu1156\/2021\/05\/XPN.png 496w, https:\/\/serveiseducatius.xtec.cat\/altemporda\/wp-content\/uploads\/usu1156\/2021\/05\/XPN-229x300.png 229w\" alt=\"\" width=\"202\" height=\"265\" \/><em>El Parc Natural de Cap de Creus, amb una superf\u00edcie total de 13.843 hect\u00e0rees, \u00e9s el primer parc mar\u00edtimo-terrestre que es va declarar a Catalunya l\u2019any 1998. La pen\u00ednsula de Cap de Creus es troba a la part m\u00e9s oriental de la pen\u00ednsula Ib\u00e8rica a l\u2019extrem mediterrani del Pirineu axial. Es tracta d\u2019un espai natural de primer ordre dotat d\u2019una singular configuraci\u00f3 geol\u00f2gica, amb estructures i afloraments que formen un conjunt \u00fanic al m\u00f3n. Des del punt de vista biol\u00f2gic, s\u00f3n especialment destacables la diversitat i la riquesa del patrimoni vegetal, que s\u00f3n conseq\u00fc\u00e8ncia directa de la seva situaci\u00f3 biogeogr\u00e0fica, la coexist\u00e8ncia d\u2019elements mediterranis i extramediterranis, i la pres\u00e8ncia de nombroses esp\u00e8cies escasses, algunes d\u2019elles end\u00e8miques. La multiplicitat de bi\u00f2tops t\u00e9 la seva correspond\u00e8ncia amb la fauna, on cal remarcar l\u2019elevat potencial de recuperaci\u00f3 que encara ofereix aquest espai.\u00a0<\/em><\/p>\n<p style=\"text-align: justify;\"><em>Especialment reconeguts s\u00f3n els seus elevats valors paisatg\u00edstics, amb l\u2019excepcional bellesa dels ambients litorals que contrasta amb els paratges interiors, on molt sovint l\u2019acci\u00f3 secular humana ha incidit especialment en l\u2019harm\u00f2nica i peculiar configuraci\u00f3 del paisatge actual. Cal destacar tamb\u00e9 el ric patrimoni arquitect\u00f2nic, del qual el monestir de Sant Pere de Rodes representa el punt culminant, i l\u2019inter\u00e8s dels jaciments arqueol\u00f2gics terrestres i marins i del paratges dalinians de Portlligat.\u00a0<\/em><\/p>\n<p style=\"background-color: #3fb7ab; color: white; font-size: 1em; text-align: center;\"><span style=\"font-size: 1.5em;\">Reptes<\/span><\/p>\n<div class=\"fila;\" style=\"text-align: center;\">\n<div class=\"columna\" style=\"width: 20%; text-align: center;\"><a class=\"boto_taula\" style=\"color: #000000;\" href=\"https:\/\/serveiseducatius.xtec.cat\/altemporda\/xarxa-descoles-del-pn-cap-de-creus\/repte-1\/\" target=\"_blank\" rel=\"noopener noreferrer\"><span style=\"font-size: 1.25em;\"><strong>Repte 1<\/strong><\/span><\/a><\/div>\n<div class=\"columna\" style=\"width: 20%; text-align: center;\"><a class=\"boto_taula\" style=\"color: #000000;\" href=\"https:\/\/serveiseducatius.xtec.cat\/altemporda\/xarxa-descoles-del-pn-cap-de-creus\/repte-2\/\" target=\"_blank\" rel=\"noopener noreferrer\"><span style=\"font-size: 1.25em;\"><strong>Repte 2<\/strong><\/span><\/a><\/div>\n<div class=\"columna\" style=\"width: 20%; text-align: center;\"><a class=\"boto_taula\" style=\"color: #000000;\" href=\"https:\/\/serveiseducatius.xtec.cat\/altemporda\/xarxa-descoles-del-pn-cap-de-creus\/repte-3\/\" target=\"_blank\" rel=\"noopener noreferrer\"><span style=\"font-size: 1.25em;\"><strong>Repte 3<\/strong><\/span><\/a><\/div>\n<div class=\"columna\" style=\"width: 20%; text-align: center;\"><a class=\"boto_taula\" style=\"color: #000000;\" href=\"https:\/\/serveiseducatius.xtec.cat\/altemporda\/xarxa-descoles-del-pn-cap-de-creus\/repte-4\/\" target=\"_blank\" rel=\"noopener noreferrer\"><span style=\"font-size: 1.25em;\"><strong>Repte 4<\/strong><\/span><\/a><\/div>\n<div class=\"columna\" style=\"width: 20%; text-align: center;\"><a class=\"boto_taula\" style=\"color: #000000;\" href=\"https:\/\/serveiseducatius.xtec.cat\/altemporda\/xarxa-descoles-del-pn-cap-de-creus\/repte-5\/\" target=\"_blank\" rel=\"noopener noreferrer\"><span style=\"font-size: 1.25em;\"><strong>Repte 5<\/strong><\/span><\/a><\/div>\n<\/div>\n<div class=\"fila;\" style=\"text-align: center;\">\n<div class=\"columna\" style=\"width: 20%; text-align: center;\"><a class=\"boto_taula\" style=\"color: #000000;\" href=\"https:\/\/serveiseducatius.xtec.cat\/altemporda\/xarxa-descoles-del-pn-cap-de-creus\/repte-6\/\" target=\"_blank\" rel=\"noopener noreferrer\"><span style=\"font-size: 1.25em;\"><strong>Repte 6<\/strong><\/span><\/a><\/div>\n<div class=\"columna\" style=\"width: 20%; text-align: center;\"><a class=\"boto_taula\" style=\"color: #000000;\" href=\"https:\/\/serveiseducatius.xtec.cat\/altemporda\/xarxa-descoles-del-pn-cap-de-creus\/repte-7\/\" target=\"_blank\" rel=\"noopener noreferrer\"><span style=\"font-size: 1.25em;\"><strong>Repte 7<\/strong><\/span><\/a><\/div>\n<div class=\"columna\" style=\"width: 20%; text-align: center;\"><a class=\"boto_taula\" style=\"color: #000000;\" href=\"https:\/\/serveiseducatius.xtec.cat\/altemporda\/xarxa-descoles-del-pn-cap-de-creus\/repte-8\/\" target=\"_blank\" rel=\"noopener noreferrer\"><span style=\"font-size: 1.25em;\"><strong>Repte 8<\/strong><\/span><\/a><\/div>\n<div class=\"columna\" style=\"width: 20%; text-align: center;\"><a class=\"boto_taula\" style=\"color: #000000;\" href=\"https:\/\/serveiseducatius.xtec.cat\/altemporda\/xarxa-descoles-del-pn-cap-de-creus\/repte-9\/\" target=\"_blank\" rel=\"noopener noreferrer\"><span style=\"font-size: 1.25em;\"><strong>Repte 9<\/strong><\/span><\/a><\/div>\n<div class=\"columna\" style=\"width: 20%; text-align: center;\"><a class=\"boto_taula\" style=\"color: #000000;\" href=\"https:\/\/serveiseducatius.xtec.cat\/altemporda\/xarxa-descoles-del-pn-cap-de-creus\/repte-10\/\" target=\"_blank\" rel=\"noopener noreferrer\"><span style=\"font-size: 1.25em;\"><strong>Repte 10<\/strong><\/span><\/a><\/div>\n<\/div>\n<hr width=\"1px\/\" \/>\n<p style=\"background-color: #3fb7ab; color: white; font-size: 1em; text-align: center;\"><span style=\"font-size: 1.5em;\">Retalls de natura<\/span><\/p>\n<div style=\"display: flex; align-items: center; justify-content: center;\"><iframe loading=\"lazy\" src=\"https:\/\/drive.google.com\/file\/d\/1j_CfLsXgKCrRGLargSTFKLH1yMtSkP5M\/preview\" width=\"400\" height=\"550\"><span data-mce-type=\"bookmark\" style=\"display: inline-block; width: 0px; overflow: hidden; line-height: 0;\" class=\"mce_SELRES_start\">\ufeff<\/span><\/iframe><\/div>\n<hr \/>\n<p style=\"display: flex; align-items: center; justify-content: center;\"><strong>I\u2026 recordem, tots i totes SomparCC!<\/strong><\/p>\n","protected":false},"excerpt":{"rendered":"<p>El Parc Natural de Cap de Creus, amb una superf\u00edcie total de 13.843 hect\u00e0rees, \u00e9s el primer parc mar\u00edtimo-terrestre que es va declarar a Catalunya l\u2019any 1998. La pen\u00ednsula de Cap de Creus es troba a la part m\u00e9s oriental de la pen\u00ednsula Ib\u00e8rica a l\u2019extrem mediterrani del Pirineu axial. Es tracta d\u2019un espai natural [&hellip;]<\/p>\n","protected":false},"author":1,"featured_media":0,"parent":15727,"menu_order":0,"comment_status":"closed","ping_status":"closed","template":"","meta":{"_bbp_topic_count":0,"_bbp_reply_count":0,"_bbp_total_topic_count":0,"_bbp_total_reply_count":0,"_bbp_voice_count":0,"_bbp_anonymous_reply_count":0,"_bbp_topic_count_hidden":0,"_bbp_reply_count_hidden":0,"_bbp_forum_subforum_count":0,"site-sidebar-layout":"default","site-content-layout":"","ast-site-content-layout":"","site-content-style":"default","site-sidebar-style":"default","ast-global-header-display":"","ast-banner-title-visibility":"","ast-main-header-display":"","ast-hfb-above-header-display":"","ast-hfb-below-header-display":"","ast-hfb-mobile-header-display":"","site-post-title":"","ast-breadcrumbs-content":"","ast-featured-img":"","footer-sml-layout":"","theme-transparent-header-meta":"","adv-header-id-meta":"","stick-header-meta":"","header-above-stick-meta":"","header-main-stick-meta":"","header-below-stick-meta":"","astra-migrate-meta-layouts":"default","ast-page-background-enabled":"default","ast-page-background-meta":{"desktop":{"background-color":"var(--ast-global-color-4)","background-image":"","background-repeat":"repeat","background-position":"center center","background-size":"auto","background-attachment":"scroll","background-type":"","background-media":"","overlay-type":"","overlay-color":"","overlay-opacity":"","overlay-gradient":""},"tablet":{"background-color":"","background-image":"","background-repeat":"repeat","background-position":"center center","background-size":"auto","background-attachment":"scroll","background-type":"","background-media":"","overlay-type":"","overlay-color":"","overlay-opacity":"","overlay-gradient":""},"mobile":{"background-color":"","background-image":"","background-repeat":"repeat","background-position":"center center","background-size":"auto","background-attachment":"scroll","background-type":"","background-media":"","overlay-type":"","overlay-color":"","overlay-opacity":"","overlay-gradient":""}},"ast-content-background-meta":{"desktop":{"background-color":"var(--ast-global-color-5)","background-image":"","background-repeat":"repeat","background-position":"center center","background-size":"auto","background-attachment":"scroll","background-type":"","background-media":"","overlay-type":"","overlay-color":"","overlay-opacity":"","overlay-gradient":""},"tablet":{"background-color":"var(--ast-global-color-5)","background-image":"","background-repeat":"repeat","background-position":"center center","background-size":"auto","background-attachment":"scroll","background-type":"","background-media":"","overlay-type":"","overlay-color":"","overlay-opacity":"","overlay-gradient":""},"mobile":{"background-color":"var(--ast-global-color-5)","background-image":"","background-repeat":"repeat","background-position":"center center","background-size":"auto","background-attachment":"scroll","background-type":"","background-media":"","overlay-type":"","overlay-color":"","overlay-opacity":"","overlay-gradient":""}},"footnotes":""},"class_list":["post-17750","page","type-page","status-publish","hentry"],"post_mailing_queue_ids":[],"_links":{"self":[{"href":"https:\/\/serveiseducatius.xtec.cat\/altemporda\/wp-json\/wp\/v2\/pages\/17750","targetHints":{"allow":["GET"]}}],"collection":[{"href":"https:\/\/serveiseducatius.xtec.cat\/altemporda\/wp-json\/wp\/v2\/pages"}],"about":[{"href":"https:\/\/serveiseducatius.xtec.cat\/altemporda\/wp-json\/wp\/v2\/types\/page"}],"author":[{"embeddable":true,"href":"https:\/\/serveiseducatius.xtec.cat\/altemporda\/wp-json\/wp\/v2\/users\/1"}],"replies":[{"embeddable":true,"href":"https:\/\/serveiseducatius.xtec.cat\/altemporda\/wp-json\/wp\/v2\/comments?post=17750"}],"version-history":[{"count":6,"href":"https:\/\/serveiseducatius.xtec.cat\/altemporda\/wp-json\/wp\/v2\/pages\/17750\/revisions"}],"predecessor-version":[{"id":23599,"href":"https:\/\/serveiseducatius.xtec.cat\/altemporda\/wp-json\/wp\/v2\/pages\/17750\/revisions\/23599"}],"up":[{"embeddable":true,"href":"https:\/\/serveiseducatius.xtec.cat\/altemporda\/wp-json\/wp\/v2\/pages\/15727"}],"wp:attachment":[{"href":"https:\/\/serveiseducatius.xtec.cat\/altemporda\/wp-json\/wp\/v2\/media?parent=17750"}],"curies":[{"name":"wp","href":"https:\/\/api.w.org\/{rel}","templated":true}]}}

<p style="text-align: justify;"><img loading="lazy" decoding="async" class="wp-image-13179 alignleft" src="https://serveiseducatius.xtec.cat/altemporda/wp-content/uploads/usu1156/2021/05/XPN.png" sizes="auto, (max-width: 202px) 100vw, 202px" srcset="https://serveiseducatius.xtec.cat/altemporda/wp-content/uploads/usu1156/2021/05/XPN.png 496w, https://serveiseducatius.xtec.cat/altemporda/wp-content/uploads/usu1156/2021/05/XPN-229x300.png 229w" alt="" width="202" height="265" /><em>El Parc Natural de Cap de Creus, amb una superfície total de 13.843 hectàrees, és el primer parc marítimo-terrestre que es va declarar a Catalunya l’any 1998. La península de Cap de Creus es troba a la part més oriental de la península Ibèrica a l’extrem mediterrani del Pirineu axial. Es tracta d’un espai natural de primer ordre dotat d’una singular configuració geològica, amb estructures i afloraments que formen un conjunt únic al món. Des del punt de vista biològic, són especialment destacables la diversitat i la riquesa del patrimoni vegetal, que són conseqüència directa de la seva situació biogeogràfica, la coexistència d’elements mediterranis i extramediterranis, i la presència de nombroses espècies escasses, algunes d’elles endèmiques. La multiplicitat de biòtops té la seva correspondència amb la fauna, on cal remarcar l’elevat potencial de recuperació que encara ofereix aquest espai. </em></p>
<p style="text-align: justify;"><em>Especialment reconeguts són els seus elevats valors paisatgístics, amb l’excepcional bellesa dels ambients litorals que contrasta amb els paratges interiors, on molt sovint l’acció secular humana ha incidit especialment en l’harmònica i peculiar configuració del paisatge actual. Cal destacar també el ric patrimoni arquitectònic, del qual el monestir de Sant Pere de Rodes representa el punt culminant, i l’interès dels jaciments arqueològics terrestres i marins i del paratges dalinians de Portlligat. </em></p>
<p style="background-color: #3fb7ab; color: white; font-size: 1em; text-align: center;"><span style="font-size: 1.5em;">Reptes</span></p>
<div class="fila;" style="text-align: center;">
<div class="columna" style="width: 20%; text-align: center;"><a class="boto_taula" style="color: #000000;" href="https://serveiseducatius.xtec.cat/altemporda/xarxa-descoles-del-pn-cap-de-creus/repte-1/" target="_blank" rel="noopener noreferrer"><span style="font-size: 1.25em;"><strong>Repte 1</strong></span></a></div>
<div class="columna" style="width: 20%; text-align: center;"><a class="boto_taula" style="color: #000000;" href="https://serveiseducatius.xtec.cat/altemporda/xarxa-descoles-del-pn-cap-de-creus/repte-2/" target="_blank" rel="noopener noreferrer"><span style="font-size: 1.25em;"><strong>Repte 2</strong></span></a></div>
<div class="columna" style="width: 20%; text-align: center;"><a class="boto_taula" style="color: #000000;" href="https://serveiseducatius.xtec.cat/altemporda/xarxa-descoles-del-pn-cap-de-creus/repte-3/" target="_blank" rel="noopener noreferrer"><span style="font-size: 1.25em;"><strong>Repte 3</strong></span></a></div>
<div class="columna" style="width: 20%; text-align: center;"><a class="boto_taula" style="color: #000000;" href="https://serveiseducatius.xtec.cat/altemporda/xarxa-descoles-del-pn-cap-de-creus/repte-4/" target="_blank" rel="noopener noreferrer"><span style="font-size: 1.25em;"><strong>Repte 4</strong></span></a></div>
<div class="columna" style="width: 20%; text-align: center;"><a class="boto_taula" style="color: #000000;" href="https://serveiseducatius.xtec.cat/altemporda/xarxa-descoles-del-pn-cap-de-creus/repte-5/" target="_blank" rel="noopener noreferrer"><span style="font-size: 1.25em;"><strong>Repte 5</strong></span></a></div>
</div>
<div class="fila;" style="text-align: center;">
<div class="columna" style="width: 20%; text-align: center;"><a class="boto_taula" style="color: #000000;" href="https://serveiseducatius.xtec.cat/altemporda/xarxa-descoles-del-pn-cap-de-creus/repte-6/" target="_blank" rel="noopener noreferrer"><span style="font-size: 1.25em;"><strong>Repte 6</strong></span></a></div>
<div class="columna" style="width: 20%; text-align: center;"><a class="boto_taula" style="color: #000000;" href="https://serveiseducatius.xtec.cat/altemporda/xarxa-descoles-del-pn-cap-de-creus/repte-7/" target="_blank" rel="noopener noreferrer"><span style="font-size: 1.25em;"><strong>Repte 7</strong></span></a></div>
<div class="columna" style="width: 20%; text-align: center;"><a class="boto_taula" style="color: #000000;" href="https://serveiseducatius.xtec.cat/altemporda/xarxa-descoles-del-pn-cap-de-creus/repte-8/" target="_blank" rel="noopener noreferrer"><span style="font-size: 1.25em;"><strong>Repte 8</strong></span></a></div>
<div class="columna" style="width: 20%; text-align: center;"><a class="boto_taula" style="color: #000000;" href="https://serveiseducatius.xtec.cat/altemporda/xarxa-descoles-del-pn-cap-de-creus/repte-9/" target="_blank" rel="noopener noreferrer"><span style="font-size: 1.25em;"><strong>Repte 9</strong></span></a></div>
<div class="columna" style="width: 20%; text-align: center;"><a class="boto_taula" style="color: #000000;" href="https://serveiseducatius.xtec.cat/altemporda/xarxa-descoles-del-pn-cap-de-creus/repte-10/" target="_blank" rel="noopener noreferrer"><span style="font-size: 1.25em;"><strong>Repte 10</strong></span></a></div>
</div>
<hr width="1px/" />
<p style="background-color: #3fb7ab; color: white; font-size: 1em; text-align: center;"><span style="font-size: 1.5em;">Retalls de natura</span></p>
<div style="display: flex; align-items: center; justify-content: center;"><iframe loading="lazy" src="https://drive.google.com/file/d/1j_CfLsXgKCrRGLargSTFKLH1yMtSkP5M/preview" width="400" height="550"><span data-mce-type="bookmark" style="display: inline-block; width: 0px; overflow: hidden; line-height: 0;" class="mce_SELRES_start">﻿</span></iframe></div>
<hr />
<p style="display: flex; align-items: center; justify-content: center;"><strong>I… recordem, tots i totes SomparCC!</strong></p>

<p>El Parc Natural de Cap de Creus, amb una superfície total de 13.843 hectàrees, és el primer parc marítimo-terrestre que es va declarar a Catalunya l’any 1998. La península de Cap de Creus es troba a la part més oriental de la península Ibèrica a l’extrem mediterrani del Pirineu axial. Es tracta d’un espai natural [&hellip;]</p>
