{"id":17743,"date":"2022-09-09T12:13:20","date_gmt":"2022-09-09T10:13:20","guid":{"rendered":"https:\/\/serveiseducatius.xtec.cat\/altemporda\/?page_id=17743"},"modified":"2025-09-08T12:23:22","modified_gmt":"2025-09-08T10:23:22","slug":"agenda-escolar-xepncc-2022-2023","status":"publish","type":"page","link":"https:\/\/serveiseducatius.xtec.cat\/altemporda\/xarxa-descoles-del-pn-cap-de-creus\/agenda-escolar\/agenda-escolar-xepncc-2022-2023\/","title":{"rendered":"Agenda escolar XEPNCC 2022-2023"},"content":{"rendered":"<p style=\"text-align: justify;\"><img loading=\"lazy\" decoding=\"async\" class=\"wp-image-17945 alignleft\" src=\"https:\/\/serveiseducatius.xtec.cat\/altemporda\/wp-content\/uploads\/usu1156\/2022\/09\/Captura-de-pantalla-2022-09-13-a-les-18.55.24.png\" alt=\"\" width=\"169\" height=\"235\" srcset=\"https:\/\/serveiseducatius.xtec.cat\/altemporda\/wp-content\/uploads\/usu1156\/2022\/09\/Captura-de-pantalla-2022-09-13-a-les-18.55.24.png 555w, https:\/\/serveiseducatius.xtec.cat\/altemporda\/wp-content\/uploads\/usu1156\/2022\/09\/Captura-de-pantalla-2022-09-13-a-les-18.55.24-216x300.png 216w\" sizes=\"auto, (max-width: 169px) 100vw, 169px\" \/>Una vegada m\u00e9s, aquest curs estarem acompanyats per l\u2019agenda escolar de Cap de Creus, un dels projectes que impulsem des de la Xarxa d\u2019escoles de Cap de Creus, el Servei educatiu de l\u2019Alt Empord\u00e0 i el Parc Natural de Cap de Creus.<br \/>\nL\u2019agenda, adre\u00e7ada a l\u2019alumnat de prim\u00e0ria i secund\u00e0ria, pret\u00e9n ser una eina per descobrir els valors naturals del nostre entorn, el Parc Natural de Cap de Creus. Els reptes i experi\u00e8ncies de natura que us proposa estan alineades amb els ODS (Objectius per a un Desenvolupament Sostenible) i s\u00f3n diversos; per una banda, identificar alumnat, professorat (i tamb\u00e9 mares i pares!) amb un territori divers, singular i apassionant, per\u00f2 alhora fr\u00e0gil i sensible. Nom\u00e9s si el coneixem i l\u2019estimem serem capa\u00e7os de preservar-lo com es mereix. En aquesta immersi\u00f3, no esteu sols, aprofiteu l\u2019acompanyament i suport que us oferim el professorat, t\u00e8cnics dels Serveis Educatius i equip del Parc.<\/p>\n<p style=\"text-align: justify;\">Prepareu-vos per gaudir, un cop m\u00e9s, dels reptes i retalls de natura que ens ofereix l\u2019agenda, el Correcull, la trobada d\u2019escoles SomParCC i les sortides al Parc on tenim la sort de viure, cr\u00e9ixer i aprendre.<\/p>\n<p style=\"background-color: #3fb7ab; color: white; font-size: 1em; text-align: center;\"><span style=\"font-size: 1.5em;\">Reptes<\/span><\/p>\n<div class=\"fila;\" style=\"text-align: center;\">\n<div class=\"columna\" style=\"width: 20%; text-align: center;\"><a class=\"boto_taula\" style=\"color: #000000;\" href=\"https:\/\/serveiseducatius.xtec.cat\/altemporda\/xarxa-descoles-del-pn-cap-de-creus\/agenda-escolar\/reptes-natura-2022-2023\/repte-11\/\" target=\"_blank\" rel=\"noopener noreferrer\"><span style=\"font-size: 1.25em;\"><strong>Repte 11<\/strong><\/span><\/a><\/div>\n<div class=\"columna\" style=\"width: 20%; text-align: center;\"><a class=\"boto_taula\" style=\"color: #000000;\" href=\"https:\/\/serveiseducatius.xtec.cat\/altemporda\/xarxa-descoles-del-pn-cap-de-creus\/agenda-escolar\/reptes-natura-2022-2023\/repte-12\/\" target=\"_blank\" rel=\"noopener noreferrer\"><span style=\"font-size: 1.25em;\"><strong>Repte 12<\/strong><\/span><\/a><\/div>\n<div class=\"columna\" style=\"width: 20%; text-align: center;\"><a class=\"boto_taula\" style=\"color: #000000;\" href=\"https:\/\/serveiseducatius.xtec.cat\/altemporda\/xarxa-descoles-del-pn-cap-de-creus\/agenda-escolar\/reptes-natura-2022-2023\/repte-13\/\" target=\"_blank\" rel=\"noopener noreferrer\"><span style=\"font-size: 1.25em;\"><strong>Repte 13<\/strong><\/span><\/a><\/div>\n<div class=\"columna\" style=\"width: 20%; text-align: center;\"><a class=\"boto_taula\" style=\"color: #000000;\" href=\"https:\/\/serveiseducatius.xtec.cat\/altemporda\/xarxa-descoles-del-pn-cap-de-creus\/agenda-escolar\/reptes-natura-2022-2023\/repte-14\/\" target=\"_blank\" rel=\"noopener noreferrer\"><span style=\"font-size: 1.25em;\"><strong>Repte 14<\/strong><\/span><\/a><\/div>\n<div class=\"columna\" style=\"width: 20%; text-align: center;\"><a class=\"boto_taula\" style=\"color: #000000;\" href=\"https:\/\/serveiseducatius.xtec.cat\/altemporda\/xarxa-descoles-del-pn-cap-de-creus\/agenda-escolar\/reptes-natura-2022-2023\/repte-15\/\" target=\"_blank\" rel=\"noopener noreferrer\"><span style=\"font-size: 1.25em;\"><strong>Repte 15<\/strong><\/span><\/a><\/div>\n<\/div>\n<p>&nbsp;<\/p>\n<p style=\"background-color: #3fb7ab; color: white; font-size: 1em; text-align: center;\"><span style=\"font-size: 1.5em;\">Retalls de natura<\/span><\/p>\n<div style=\"display: flex; align-items: center; justify-content: center;\"><iframe loading=\"lazy\" src=\"https:\/\/drive.google.com\/file\/d\/15G2zb2m733V9PY36ACZQsoM9QEYqZCLX\/preview\" width=\"400\" height=\"550\"><span data-mce-type=\"bookmark\" style=\"display: inline-block; width: 0px; overflow: hidden; line-height: 0;\" class=\"mce_SELRES_start\">\ufeff<\/span><\/iframe><\/div>\n<p>&nbsp;<\/p>\n<p style=\"background-color: #3fb7ab; color: white; font-size: 1em; text-align: center;\"><span style=\"font-size: 1.5em;\">Joc i solucionari<\/span><\/p>\n<p><strong>Jocs de lletres, jocs de natura,<\/strong><\/p>\n<p style=\"text-align: justify;\">Oferir entorns rics en est\u00edmuls, que afavoreixin la creativitat dels infants i que, a m\u00e9s, siguin saludables i sostenibles. Aquesta \u00e9s una de les grans preocupacions de cada cop m\u00e9s fam\u00edlies i de professionals del m\u00f3n de l\u2019educaci\u00f3. Alguns centres escolars donen molt protagonisme a la natura perqu\u00e8 entenen que t\u00e9 un paper determinant en el desenvolupament integral de l\u2019\u00e9sser hum\u00e0. La majoria d\u2019experts en educaci\u00f3 consideren que les metodologies amb car\u00e0cter l\u00fadic <b>faciliten la interioritzaci\u00f3 de coneixements<\/b>\u00a0d\u2019una manera molt m\u00e9s amena i divertida, generant\u00a0<b>experi\u00e8ncies molt agradables, positives i \u00faniques <\/b>a l&#8217;alumnat.<\/p>\n<p style=\"text-align: center;\"><em><strong>&#8220;Jugar per a un nen i nena \u00e9s la possibilitat de retallar un trosset de m\u00f3n i manipular-lo per entendre&#8217;l millor\u201d.\u00a0<\/strong><\/em> Francesco Tonucci<\/p>\n<p align=\"center\"><iframe loading=\"lazy\" src=\"https:\/\/drive.google.com\/file\/d\/1n7QS07boGYhdX1xk2DMqdZptWhlMsEWs\/preview\" width=\"600\" height=\"400\"><span data-mce-type=\"bookmark\" style=\"display: inline-block; width: 0px; overflow: hidden; line-height: 0;\" class=\"mce_SELRES_start\">\ufeff<\/span><\/iframe><\/p>\n<hr \/>\n<p style=\"display: flex; align-items: center; justify-content: center;\"><strong>I\u2026 recordem, tots i totes SomparCC!<\/strong><\/p>\n","protected":false},"excerpt":{"rendered":"<p>Una vegada m\u00e9s, aquest curs estarem acompanyats per l\u2019agenda escolar de Cap de Creus, un dels projectes que impulsem des de la Xarxa d\u2019escoles de Cap de Creus, el Servei educatiu de l\u2019Alt Empord\u00e0 i el Parc Natural de Cap de Creus. L\u2019agenda, adre\u00e7ada a l\u2019alumnat de prim\u00e0ria i secund\u00e0ria, pret\u00e9n ser una eina per [&hellip;]<\/p>\n","protected":false},"author":1,"featured_media":0,"parent":15727,"menu_order":0,"comment_status":"closed","ping_status":"closed","template":"","meta":{"_bbp_topic_count":0,"_bbp_reply_count":0,"_bbp_total_topic_count":0,"_bbp_total_reply_count":0,"_bbp_voice_count":0,"_bbp_anonymous_reply_count":0,"_bbp_topic_count_hidden":0,"_bbp_reply_count_hidden":0,"_bbp_forum_subforum_count":0,"site-sidebar-layout":"default","site-content-layout":"","ast-site-content-layout":"","site-content-style":"default","site-sidebar-style":"default","ast-global-header-display":"","ast-banner-title-visibility":"","ast-main-header-display":"","ast-hfb-above-header-display":"","ast-hfb-below-header-display":"","ast-hfb-mobile-header-display":"","site-post-title":"","ast-breadcrumbs-content":"","ast-featured-img":"","footer-sml-layout":"","theme-transparent-header-meta":"","adv-header-id-meta":"","stick-header-meta":"","header-above-stick-meta":"","header-main-stick-meta":"","header-below-stick-meta":"","astra-migrate-meta-layouts":"default","ast-page-background-enabled":"default","ast-page-background-meta":{"desktop":{"background-color":"var(--ast-global-color-4)","background-image":"","background-repeat":"repeat","background-position":"center center","background-size":"auto","background-attachment":"scroll","background-type":"","background-media":"","overlay-type":"","overlay-color":"","overlay-opacity":"","overlay-gradient":""},"tablet":{"background-color":"","background-image":"","background-repeat":"repeat","background-position":"center center","background-size":"auto","background-attachment":"scroll","background-type":"","background-media":"","overlay-type":"","overlay-color":"","overlay-opacity":"","overlay-gradient":""},"mobile":{"background-color":"","background-image":"","background-repeat":"repeat","background-position":"center center","background-size":"auto","background-attachment":"scroll","background-type":"","background-media":"","overlay-type":"","overlay-color":"","overlay-opacity":"","overlay-gradient":""}},"ast-content-background-meta":{"desktop":{"background-color":"var(--ast-global-color-5)","background-image":"","background-repeat":"repeat","background-position":"center center","background-size":"auto","background-attachment":"scroll","background-type":"","background-media":"","overlay-type":"","overlay-color":"","overlay-opacity":"","overlay-gradient":""},"tablet":{"background-color":"var(--ast-global-color-5)","background-image":"","background-repeat":"repeat","background-position":"center center","background-size":"auto","background-attachment":"scroll","background-type":"","background-media":"","overlay-type":"","overlay-color":"","overlay-opacity":"","overlay-gradient":""},"mobile":{"background-color":"var(--ast-global-color-5)","background-image":"","background-repeat":"repeat","background-position":"center center","background-size":"auto","background-attachment":"scroll","background-type":"","background-media":"","overlay-type":"","overlay-color":"","overlay-opacity":"","overlay-gradient":""}},"footnotes":""},"class_list":["post-17743","page","type-page","status-publish","hentry"],"post_mailing_queue_ids":[],"_links":{"self":[{"href":"https:\/\/serveiseducatius.xtec.cat\/altemporda\/wp-json\/wp\/v2\/pages\/17743","targetHints":{"allow":["GET"]}}],"collection":[{"href":"https:\/\/serveiseducatius.xtec.cat\/altemporda\/wp-json\/wp\/v2\/pages"}],"about":[{"href":"https:\/\/serveiseducatius.xtec.cat\/altemporda\/wp-json\/wp\/v2\/types\/page"}],"author":[{"embeddable":true,"href":"https:\/\/serveiseducatius.xtec.cat\/altemporda\/wp-json\/wp\/v2\/users\/1"}],"replies":[{"embeddable":true,"href":"https:\/\/serveiseducatius.xtec.cat\/altemporda\/wp-json\/wp\/v2\/comments?post=17743"}],"version-history":[{"count":6,"href":"https:\/\/serveiseducatius.xtec.cat\/altemporda\/wp-json\/wp\/v2\/pages\/17743\/revisions"}],"predecessor-version":[{"id":26077,"href":"https:\/\/serveiseducatius.xtec.cat\/altemporda\/wp-json\/wp\/v2\/pages\/17743\/revisions\/26077"}],"up":[{"embeddable":true,"href":"https:\/\/serveiseducatius.xtec.cat\/altemporda\/wp-json\/wp\/v2\/pages\/15727"}],"wp:attachment":[{"href":"https:\/\/serveiseducatius.xtec.cat\/altemporda\/wp-json\/wp\/v2\/media?parent=17743"}],"curies":[{"name":"wp","href":"https:\/\/api.w.org\/{rel}","templated":true}]}}

<p style="text-align: justify;"><img loading="lazy" decoding="async" class="wp-image-17945 alignleft" src="https://serveiseducatius.xtec.cat/altemporda/wp-content/uploads/usu1156/2022/09/Captura-de-pantalla-2022-09-13-a-les-18.55.24.png" alt="" width="169" height="235" srcset="https://serveiseducatius.xtec.cat/altemporda/wp-content/uploads/usu1156/2022/09/Captura-de-pantalla-2022-09-13-a-les-18.55.24.png 555w, https://serveiseducatius.xtec.cat/altemporda/wp-content/uploads/usu1156/2022/09/Captura-de-pantalla-2022-09-13-a-les-18.55.24-216x300.png 216w" sizes="auto, (max-width: 169px) 100vw, 169px" />Una vegada més, aquest curs estarem acompanyats per l’agenda escolar de Cap de Creus, un dels projectes que impulsem des de la Xarxa d’escoles de Cap de Creus, el Servei educatiu de l’Alt Empordà i el Parc Natural de Cap de Creus.<br />
L’agenda, adreçada a l’alumnat de primària i secundària, pretén ser una eina per descobrir els valors naturals del nostre entorn, el Parc Natural de Cap de Creus. Els reptes i experiències de natura que us proposa estan alineades amb els ODS (Objectius per a un Desenvolupament Sostenible) i són diversos; per una banda, identificar alumnat, professorat (i també mares i pares!) amb un territori divers, singular i apassionant, però alhora fràgil i sensible. Només si el coneixem i l’estimem serem capaços de preservar-lo com es mereix. En aquesta immersió, no esteu sols, aprofiteu l’acompanyament i suport que us oferim el professorat, tècnics dels Serveis Educatius i equip del Parc.</p>
<p style="text-align: justify;">Prepareu-vos per gaudir, un cop més, dels reptes i retalls de natura que ens ofereix l’agenda, el Correcull, la trobada d’escoles SomParCC i les sortides al Parc on tenim la sort de viure, créixer i aprendre.</p>
<p style="background-color: #3fb7ab; color: white; font-size: 1em; text-align: center;"><span style="font-size: 1.5em;">Reptes</span></p>
<div class="fila;" style="text-align: center;">
<div class="columna" style="width: 20%; text-align: center;"><a class="boto_taula" style="color: #000000;" href="https://serveiseducatius.xtec.cat/altemporda/xarxa-descoles-del-pn-cap-de-creus/agenda-escolar/reptes-natura-2022-2023/repte-11/" target="_blank" rel="noopener noreferrer"><span style="font-size: 1.25em;"><strong>Repte 11</strong></span></a></div>
<div class="columna" style="width: 20%; text-align: center;"><a class="boto_taula" style="color: #000000;" href="https://serveiseducatius.xtec.cat/altemporda/xarxa-descoles-del-pn-cap-de-creus/agenda-escolar/reptes-natura-2022-2023/repte-12/" target="_blank" rel="noopener noreferrer"><span style="font-size: 1.25em;"><strong>Repte 12</strong></span></a></div>
<div class="columna" style="width: 20%; text-align: center;"><a class="boto_taula" style="color: #000000;" href="https://serveiseducatius.xtec.cat/altemporda/xarxa-descoles-del-pn-cap-de-creus/agenda-escolar/reptes-natura-2022-2023/repte-13/" target="_blank" rel="noopener noreferrer"><span style="font-size: 1.25em;"><strong>Repte 13</strong></span></a></div>
<div class="columna" style="width: 20%; text-align: center;"><a class="boto_taula" style="color: #000000;" href="https://serveiseducatius.xtec.cat/altemporda/xarxa-descoles-del-pn-cap-de-creus/agenda-escolar/reptes-natura-2022-2023/repte-14/" target="_blank" rel="noopener noreferrer"><span style="font-size: 1.25em;"><strong>Repte 14</strong></span></a></div>
<div class="columna" style="width: 20%; text-align: center;"><a class="boto_taula" style="color: #000000;" href="https://serveiseducatius.xtec.cat/altemporda/xarxa-descoles-del-pn-cap-de-creus/agenda-escolar/reptes-natura-2022-2023/repte-15/" target="_blank" rel="noopener noreferrer"><span style="font-size: 1.25em;"><strong>Repte 15</strong></span></a></div>
</div>
<p>&nbsp;</p>
<p style="background-color: #3fb7ab; color: white; font-size: 1em; text-align: center;"><span style="font-size: 1.5em;">Retalls de natura</span></p>
<div style="display: flex; align-items: center; justify-content: center;"><iframe loading="lazy" src="https://drive.google.com/file/d/15G2zb2m733V9PY36ACZQsoM9QEYqZCLX/preview" width="400" height="550"><span data-mce-type="bookmark" style="display: inline-block; width: 0px; overflow: hidden; line-height: 0;" class="mce_SELRES_start">﻿</span></iframe></div>
<p>&nbsp;</p>
<p style="background-color: #3fb7ab; color: white; font-size: 1em; text-align: center;"><span style="font-size: 1.5em;">Joc i solucionari</span></p>
<p><strong>Jocs de lletres, jocs de natura,</strong></p>
<p style="text-align: justify;">Oferir entorns rics en estímuls, que afavoreixin la creativitat dels infants i que, a més, siguin saludables i sostenibles. Aquesta és una de les grans preocupacions de cada cop més famílies i de professionals del món de l’educació. Alguns centres escolars donen molt protagonisme a la natura perquè entenen que té un paper determinant en el desenvolupament integral de l’ésser humà. La majoria d’experts en educació consideren que les metodologies amb caràcter lúdic <b>faciliten la interiorització de coneixements</b> d’una manera molt més amena i divertida, generant <b>experiències molt agradables, positives i úniques </b>a l&#8217;alumnat.</p>
<p style="text-align: center;"><em><strong>&#8220;Jugar per a un nen i nena és la possibilitat de retallar un trosset de món i manipular-lo per entendre&#8217;l millor”. </strong></em> Francesco Tonucci</p>
<p align="center"><iframe loading="lazy" src="https://drive.google.com/file/d/1n7QS07boGYhdX1xk2DMqdZptWhlMsEWs/preview" width="600" height="400"><span data-mce-type="bookmark" style="display: inline-block; width: 0px; overflow: hidden; line-height: 0;" class="mce_SELRES_start">﻿</span></iframe></p>
<hr />
<p style="display: flex; align-items: center; justify-content: center;"><strong>I… recordem, tots i totes SomparCC!</strong></p>

<p>Una vegada més, aquest curs estarem acompanyats per l’agenda escolar de Cap de Creus, un dels projectes que impulsem des de la Xarxa d’escoles de Cap de Creus, el Servei educatiu de l’Alt Empordà i el Parc Natural de Cap de Creus. L’agenda, adreçada a l’alumnat de primària i secundària, pretén ser una eina per [&hellip;]</p>
