{"id":16742,"date":"2022-03-17T12:51:12","date_gmt":"2022-03-17T11:51:12","guid":{"rendered":"https:\/\/serveiseducatius.xtec.cat\/altemporda\/?page_id=16742"},"modified":"2022-03-18T15:09:36","modified_gmt":"2022-03-18T14:09:36","slug":"test","status":"publish","type":"page","link":"https:\/\/serveiseducatius.xtec.cat\/altemporda\/xarxa-descoles-del-pn-cap-de-creus\/campanyes-ambientals\/explotacio-didactica-la-meva-escola-el-nostre-entorn\/test\/","title":{"rendered":"Test"},"content":{"rendered":"<p><span style=\"font-size: 18pt;\"><strong>Test. Quin \u00e9s el nostre comprom\u00eds ambiental?<\/strong><\/span><\/p>\n<p style=\"text-align: justify;\"><span style=\"font-weight: 400;\">A partir de l\u2019observaci\u00f3 del p\u00f2ster i del detall de les accions que s&#8217;il\u00b7lustren a la seg\u00fcent graella, assenyala, amb una creu, aquelles que desenvolupis en el teu dia a dia, a l\u2019escola, a casa i al municipi.<\/span><\/p>\n<p style=\"text-align: justify;\"><span style=\"font-weight: 400;\">Si vols treballar directament sobre el fitxer o b\u00e9 baixar-ho al teu ordinador, ho pots fer clicant aquest enlla\u00e7. <\/span><span style=\"font-weight: 400;\">Un cop comptabilitzades les accions, cerca la teva puntuaci\u00f3 a la graella interpretativa de resultats del <\/span><b>TEST<\/b><span style=\"font-weight: 400;\">.<\/span><\/p>\n<p>&nbsp;<\/p>\n<p align=\"center\"><iframe loading=\"lazy\" src=\"https:\/\/drive.google.com\/file\/d\/0B22pZTS9eeThQk8xVnBaWWV5dVE\/preview\" width=\"800\" height=\"850\"><span data-mce-type=\"bookmark\" style=\"display: inline-block; width: 0px; overflow: hidden; line-height: 0;\" class=\"mce_SELRES_start\">\ufeff<\/span><\/iframe><\/p>\n<p>&nbsp;<\/p>\n<p><b>Graella de resultats,<\/b><\/p>\n<table>\n<tbody>\n<tr>\n<td><b>d&#8217;1 a 15 [comprom\u00eds inicial]<\/b> <i><span style=\"font-weight: 400;\">Encara et queda cam\u00ed per rec\u00f3rrer, pensa que si tots ens esforcem un xic m\u00e9s, tots hi sortirem guanyant.<\/span><\/i><\/p>\n<p><b>De 15 a 25 [comprom\u00eds b\u00e0sic]<\/b> <i><span style=\"font-weight: 400;\">Bona feina. Gaudirem m\u00e9s del medi ambient que et tocar\u00e0 viure.<\/span><\/i><\/p>\n<p><b>+ de 25 [comprom\u00eds ciutad\u00e0]<\/b> <i><span style=\"font-weight: 400;\">Excel\u00b7lent, ets una persona respectuosa amb el medi ambient. Ets un <\/span><\/i><b><i>\u201cL\u00edder ambiental\u201d,<\/i><\/b> <i><span style=\"font-weight: 400;\">dona a con\u00e8ixer la teva manera de fer, segur que tots en sortirem beneficiats.<\/span><\/i><\/td>\n<\/tr>\n<\/tbody>\n<\/table>\n<p>&nbsp;<\/p>\n<p><a href=\"https:\/\/serveiseducatius.xtec.cat\/altemporda\/wp-content\/uploads\/usu1156\/2022\/03\/1-mfvBQhwMfM5shcJm0mKXaue8WhdE9L4.jpg\"><img loading=\"lazy\" decoding=\"async\" class=\"size-full wp-image-16776 aligncenter\" src=\"https:\/\/serveiseducatius.xtec.cat\/altemporda\/wp-content\/uploads\/usu1156\/2022\/03\/1-mfvBQhwMfM5shcJm0mKXaue8WhdE9L4.jpg\" alt=\"\" width=\"900\" height=\"85\" srcset=\"https:\/\/serveiseducatius.xtec.cat\/altemporda\/wp-content\/uploads\/usu1156\/2022\/03\/1-mfvBQhwMfM5shcJm0mKXaue8WhdE9L4.jpg 900w, https:\/\/serveiseducatius.xtec.cat\/altemporda\/wp-content\/uploads\/usu1156\/2022\/03\/1-mfvBQhwMfM5shcJm0mKXaue8WhdE9L4-300x28.jpg 300w, https:\/\/serveiseducatius.xtec.cat\/altemporda\/wp-content\/uploads\/usu1156\/2022\/03\/1-mfvBQhwMfM5shcJm0mKXaue8WhdE9L4-768x73.jpg 768w\" sizes=\"auto, (max-width: 900px) 100vw, 900px\" \/><\/a><\/p>\n","protected":false},"excerpt":{"rendered":"<p>Test. Quin \u00e9s el nostre comprom\u00eds ambiental? A partir de l\u2019observaci\u00f3 del p\u00f2ster i del detall de les accions que s&#8217;il\u00b7lustren a la seg\u00fcent graella, assenyala, amb una creu, aquelles que desenvolupis en el teu dia a dia, a l\u2019escola, a casa i al municipi. Si vols treballar directament sobre el fitxer o b\u00e9 baixar-ho [&hellip;]<\/p>\n","protected":false},"author":1,"featured_media":0,"parent":16731,"menu_order":0,"comment_status":"closed","ping_status":"closed","template":"","meta":{"_bbp_topic_count":0,"_bbp_reply_count":0,"_bbp_total_topic_count":0,"_bbp_total_reply_count":0,"_bbp_voice_count":0,"_bbp_anonymous_reply_count":0,"_bbp_topic_count_hidden":0,"_bbp_reply_count_hidden":0,"_bbp_forum_subforum_count":0,"site-sidebar-layout":"default","site-content-layout":"","ast-site-content-layout":"","site-content-style":"default","site-sidebar-style":"default","ast-global-header-display":"","ast-banner-title-visibility":"","ast-main-header-display":"","ast-hfb-above-header-display":"","ast-hfb-below-header-display":"","ast-hfb-mobile-header-display":"","site-post-title":"","ast-breadcrumbs-content":"","ast-featured-img":"","footer-sml-layout":"","theme-transparent-header-meta":"","adv-header-id-meta":"","stick-header-meta":"","header-above-stick-meta":"","header-main-stick-meta":"","header-below-stick-meta":"","astra-migrate-meta-layouts":"default","ast-page-background-enabled":"default","ast-page-background-meta":{"desktop":{"background-color":"var(--ast-global-color-4)","background-image":"","background-repeat":"repeat","background-position":"center center","background-size":"auto","background-attachment":"scroll","background-type":"","background-media":"","overlay-type":"","overlay-color":"","overlay-opacity":"","overlay-gradient":""},"tablet":{"background-color":"","background-image":"","background-repeat":"repeat","background-position":"center center","background-size":"auto","background-attachment":"scroll","background-type":"","background-media":"","overlay-type":"","overlay-color":"","overlay-opacity":"","overlay-gradient":""},"mobile":{"background-color":"","background-image":"","background-repeat":"repeat","background-position":"center center","background-size":"auto","background-attachment":"scroll","background-type":"","background-media":"","overlay-type":"","overlay-color":"","overlay-opacity":"","overlay-gradient":""}},"ast-content-background-meta":{"desktop":{"background-color":"var(--ast-global-color-5)","background-image":"","background-repeat":"repeat","background-position":"center center","background-size":"auto","background-attachment":"scroll","background-type":"","background-media":"","overlay-type":"","overlay-color":"","overlay-opacity":"","overlay-gradient":""},"tablet":{"background-color":"var(--ast-global-color-5)","background-image":"","background-repeat":"repeat","background-position":"center center","background-size":"auto","background-attachment":"scroll","background-type":"","background-media":"","overlay-type":"","overlay-color":"","overlay-opacity":"","overlay-gradient":""},"mobile":{"background-color":"var(--ast-global-color-5)","background-image":"","background-repeat":"repeat","background-position":"center center","background-size":"auto","background-attachment":"scroll","background-type":"","background-media":"","overlay-type":"","overlay-color":"","overlay-opacity":"","overlay-gradient":""}},"footnotes":""},"class_list":["post-16742","page","type-page","status-publish","hentry"],"post_mailing_queue_ids":[],"_links":{"self":[{"href":"https:\/\/serveiseducatius.xtec.cat\/altemporda\/wp-json\/wp\/v2\/pages\/16742","targetHints":{"allow":["GET"]}}],"collection":[{"href":"https:\/\/serveiseducatius.xtec.cat\/altemporda\/wp-json\/wp\/v2\/pages"}],"about":[{"href":"https:\/\/serveiseducatius.xtec.cat\/altemporda\/wp-json\/wp\/v2\/types\/page"}],"author":[{"embeddable":true,"href":"https:\/\/serveiseducatius.xtec.cat\/altemporda\/wp-json\/wp\/v2\/users\/1"}],"replies":[{"embeddable":true,"href":"https:\/\/serveiseducatius.xtec.cat\/altemporda\/wp-json\/wp\/v2\/comments?post=16742"}],"version-history":[{"count":3,"href":"https:\/\/serveiseducatius.xtec.cat\/altemporda\/wp-json\/wp\/v2\/pages\/16742\/revisions"}],"predecessor-version":[{"id":16792,"href":"https:\/\/serveiseducatius.xtec.cat\/altemporda\/wp-json\/wp\/v2\/pages\/16742\/revisions\/16792"}],"up":[{"embeddable":true,"href":"https:\/\/serveiseducatius.xtec.cat\/altemporda\/wp-json\/wp\/v2\/pages\/16731"}],"wp:attachment":[{"href":"https:\/\/serveiseducatius.xtec.cat\/altemporda\/wp-json\/wp\/v2\/media?parent=16742"}],"curies":[{"name":"wp","href":"https:\/\/api.w.org\/{rel}","templated":true}]}}