{"id":16731,"date":"2022-03-17T12:13:16","date_gmt":"2022-03-17T11:13:16","guid":{"rendered":"https:\/\/serveiseducatius.xtec.cat\/altemporda\/?page_id=16731"},"modified":"2022-10-28T09:25:55","modified_gmt":"2022-10-28T07:25:55","slug":"explotacio-didactica-la-meva-escola-el-nostre-entorn","status":"publish","type":"page","link":"https:\/\/serveiseducatius.xtec.cat\/altemporda\/xarxa-descoles-del-pn-cap-de-creus\/campanyes-ambientals\/explotacio-didactica-la-meva-escola-el-nostre-entorn\/","title":{"rendered":"Explotaci\u00f3 did\u00e0ctica. La meva escola el nostre entorn"},"content":{"rendered":"<p><img loading=\"lazy\" decoding=\"async\" class=\"wp-image-16782 alignleft\" src=\"https:\/\/serveiseducatius.xtec.cat\/altemporda\/wp-content\/uploads\/usu1156\/2022\/03\/LA.png\" alt=\"\" width=\"309\" height=\"291\" srcset=\"https:\/\/serveiseducatius.xtec.cat\/altemporda\/wp-content\/uploads\/usu1156\/2022\/03\/LA.png 784w, https:\/\/serveiseducatius.xtec.cat\/altemporda\/wp-content\/uploads\/usu1156\/2022\/03\/LA-300x282.png 300w, https:\/\/serveiseducatius.xtec.cat\/altemporda\/wp-content\/uploads\/usu1156\/2022\/03\/LA-768x723.png 768w\" sizes=\"auto, (max-width: 309px) 100vw, 309px\" \/><\/p>\n<p style=\"text-align: justify;\"><span style=\"font-weight: 400;\">El <strong>p\u00f2ster ambiental<\/strong> que teniu a les mans \u00e9s fruit del treball que, a partir de l\u2019any 2009, ve desenvolupant la <strong>Taula de Debat educatiu de l\u2019Escala (TDE-E)<\/strong>. Aquesta Taula reuneix els responsables de les escoles del municipi, el t\u00e8cnic d\u2019Educaci\u00f3 de l\u2019ajuntament i el Servei educatiu de la zona per tra\u00e7ar i coordinar diferents actuacions educatives, amb l\u2019objectiu de:\u00a0\u00a0<\/span><\/p>\n<p style=\"text-align: center;\"><span style=\"font-weight: 400;\">\u201cMillorar el treball en xarxa entre els centres del municipi, desenvolupant projectes<\/span><\/p>\n<p style=\"text-align: center;\"><span style=\"font-weight: 400;\">pedag\u00f2gics comuns i sostenibles en cadascuna de les seves fases\u201d<\/span><\/p>\n<p style=\"text-align: justify;\"><span style=\"font-weight: 400;\">Una de les actuacions dutes a terme ha estat el disseny del <strong>p\u00f2ster ambiental \u201cLa meva escola, el nostre entorn\u201d<\/strong>, at\u00e8s que totes les escoles del municipi estan molt sensibilitzades amb aquesta tem\u00e0tica i realitzen nombroses actuacions.<\/span><\/p>\n<p style=\"text-align: justify;\"><span style=\"font-weight: 400;\">Amb l\u2019edici\u00f3 d\u2019aquest p\u00f2ster es vol fer un pas m\u00e9s en la tasca de reflexi\u00f3 dels centres envers la problem\u00e0tica ambiental per tal d\u2019unificar criteris, sortir de les aules i donar-ho a con\u00e8ixer a les fam\u00edlies i entorn. Per tant, aquest material vol arribar als infants, fam\u00edlies, professorat i a l\u2019Administraci\u00f3.<\/span><\/p>\n<p style=\"text-align: justify;\"><span style=\"font-weight: 400;\">Aquesta intencionalitat tamb\u00e9 s\u2019ha intentat reflectir en l\u2019estil d\u2019il\u00b7lustraci\u00f3 del p\u00f2ster, podent arribar a visualitzar tres nivells de detalls, dels m\u00e9s evidents i coneguts als m\u00e9s subtils. Tot en un joc visual que vol ser un zoom a un proc\u00e9s de reciclatge que va des de l\u2019acci\u00f3 de tirar i classificar les deixalles al seu lloc, a la reflexi\u00f3 de la necessitat de consumir, reduir, reutilitzar. En definitiva, pret\u00e9n apropar-se al concepte de les <strong>3R.<\/strong><\/span><\/p>\n<div class=\"fila;\" style=\"text-align: center;\">\n<div class=\"columna\" style=\"width: 10%; text-align: center;\"><\/div>\n<div class=\"columna\" style=\"width: 20%; text-align: center;\"><a class=\"boto_taula\" style=\"color: #000000;\" href=\"https:\/\/serveiseducatius.xtec.cat\/altemporda\/xarxa-descoles-del-pn-cap-de-creus\/campanyes-ambientals\/poster-ambiental\/explotacio-didactica-la-meva-escola-el-nostre-entorn\/joc\/\" target=\"_blank\" rel=\"noopener noreferrer\"><span style=\"font-size: 1.25em;\"><strong>Joc<\/strong><\/span><\/a><\/div>\n<div class=\"columna\" style=\"width: 20%; text-align: center;\"><a class=\"boto_taula\" style=\"color: #000000;\" href=\"https:\/\/serveiseducatius.xtec.cat\/altemporda\/xarxa-descoles-del-pn-cap-de-creus\/campanyes-ambientals\/poster-ambiental\/explotacio-didactica-la-meva-escola-el-nostre-entorn\/guia\/\" target=\"_blank\" rel=\"noopener noreferrer\"><span style=\"font-size: 1.25em;\"><strong>40 accions<\/strong><\/span><\/a><\/div>\n<div class=\"columna\" style=\"width: 20%; text-align: center;\"><a class=\"boto_taula\" style=\"color: #000000;\" href=\"https:\/\/serveiseducatius.xtec.cat\/altemporda\/xarxa-descoles-del-pn-cap-de-creus\/campanyes-ambientals\/poster-ambiental\/explotacio-didactica-la-meva-escola-el-nostre-entorn\/test\/\" target=\"_blank\" rel=\"noopener noreferrer\"><span style=\"font-size: 1.25em;\"><strong>Test<\/strong><\/span><\/a><\/div>\n<div class=\"columna\" style=\"width: 20%; text-align: center;\"><a class=\"boto_taula\" style=\"color: #000000;\" href=\"https:\/\/serveiseducatius.xtec.cat\/altemporda\/xarxa-descoles-del-pn-cap-de-creus\/campanyes-ambientals\/poster-ambiental\/explotacio-didactica-la-meva-escola-el-nostre-entorn\/credits\/\" target=\"_blank\" rel=\"noopener noreferrer\"><span style=\"font-size: 1.25em;\"><strong>Cr\u00e8dits<\/strong><\/span><\/a><\/div>\n<div class=\"columna\" style=\"width: 10%; text-align: center;\"><\/div>\n<\/div>\n<p>&nbsp;<\/p>\n<p>&nbsp;<\/p>\n<p style=\"text-align: left;\"><span style=\"font-weight: 400;\">Aix\u00ed doncs, el p\u00f2ster intenta plantejar, de manera amena i interrogativa, un seguit d\u2019informacions per tal de dur el lector a q\u00fcestionar les seves accions, compromisos i comportaments ambientals.<\/span><a href=\"https:\/\/www.mediateca.cat\/altemporda\/recurs\/poster-ambiental-la-meva-escola-el-nostre-entorn\/\" target=\"_blank\" rel=\"noopener\"><img loading=\"lazy\" decoding=\"async\" class=\"aligncenter wp-image-16787 size-full\" src=\"https:\/\/serveiseducatius.xtec.cat\/altemporda\/wp-content\/uploads\/usu1156\/2022\/03\/prestec-la-meva.png\" alt=\"\" width=\"229\" height=\"227\" srcset=\"https:\/\/serveiseducatius.xtec.cat\/altemporda\/wp-content\/uploads\/usu1156\/2022\/03\/prestec-la-meva.png 229w, https:\/\/serveiseducatius.xtec.cat\/altemporda\/wp-content\/uploads\/usu1156\/2022\/03\/prestec-la-meva-150x150.png 150w\" sizes=\"auto, (max-width: 229px) 100vw, 229px\" \/><\/a><\/p>\n<p style=\"text-align: center;\"><span style=\"color: #008000;\"><strong><span style=\"font-size: 18pt;\">Acc\u00e9s al Pr\u00e9stec<\/span><\/strong><\/span><\/p>\n<p style=\"text-align: justify;\"><span style=\"font-weight: 400;\">S\u2019il\u00b7lustren <strong>40 comportaments ambientals<\/strong> que venen acompanyats d\u2019una Guia que detalla cadascuna de les accions que desenvolupen els pictogrames, amb un apartat de [+info] que obre la porta a una gran quantitat de recursos did\u00e0ctics per treballar el tema.<\/span><\/p>\n<p style=\"text-align: justify;\"><span style=\"font-weight: 400;\">Acceptem el repte de millorar aquests h\u00e0bits. Ben segur que tots en sortirem beneficiats; fam\u00edlies, escoles, administracions i medi ambient, tant de l\u2019entorn m\u00e9s proper com del m\u00e9s lluny\u00e0.\u00a0<\/span><\/p>\n<p style=\"text-align: justify;\"><span style=\"font-weight: 400;\">Fer-ho no \u00e9s responsabilitat dels altres, dep\u00e8n de la nostra manera de sentir, de ser, d\u2019escollir el futur que volem.<\/span><\/p>\n<p style=\"text-align: justify;\"><span style=\"font-weight: 400;\">Aquest recurs va adre\u00e7at a l&#8217;alumnat de Llars d&#8217;infants, infantil, prim\u00e0ria i secund\u00e0ria. Els materials que es troben al web contemplen diferents possibilitats de treball, lectura, interpretaci\u00f3 i observaci\u00f3. El seu plantejament \u00e9s del tot transversal i interdisciplinari, i permet treballar les diferents \u00e0rees curriculars des d&#8217;un punt de vista competencial.<\/span><\/p>\n<p><b>Nota:<\/b> <i><span style=\"font-weight: 400;\">S&#8217;han editat 2000 unitats del p\u00f2ster ambiental que es repartiran a les fam\u00edlies de l&#8217;Escala (TdE-E). El Setmanari Empord\u00e0 realitzar\u00e0 un segon tiratge de 8000 exemplars per encartar dins del diari i formar part del suplement &#8220;Di\u00e0legs d&#8217;educaci\u00f3&#8221;. Aquest fet ens ha dut a introduir un codi QR per tal de poder visualitzar i disposar d&#8217;informaci\u00f3 m\u00e9s detallada del treball del p\u00f2ster per part dels centres.<\/span><\/i><\/p>\n<p><span style=\"font-size: 14pt; color: #008000;\"><strong>Recull de premsa:<\/strong><\/span><\/p>\n<p>&nbsp;<\/p>\n<p><a href=\"https:\/\/serveiseducatius.xtec.cat\/altemporda\/wp-content\/uploads\/usu1156\/2022\/03\/1-mfvBQhwMfM5shcJm0mKXaue8WhdE9L4.jpg\"><img loading=\"lazy\" decoding=\"async\" class=\"wp-image-16776 aligncenter\" src=\"https:\/\/serveiseducatius.xtec.cat\/altemporda\/wp-content\/uploads\/usu1156\/2022\/03\/1-mfvBQhwMfM5shcJm0mKXaue8WhdE9L4.jpg\" alt=\"\" width=\"1006\" height=\"95\" srcset=\"https:\/\/serveiseducatius.xtec.cat\/altemporda\/wp-content\/uploads\/usu1156\/2022\/03\/1-mfvBQhwMfM5shcJm0mKXaue8WhdE9L4.jpg 900w, https:\/\/serveiseducatius.xtec.cat\/altemporda\/wp-content\/uploads\/usu1156\/2022\/03\/1-mfvBQhwMfM5shcJm0mKXaue8WhdE9L4-300x28.jpg 300w, https:\/\/serveiseducatius.xtec.cat\/altemporda\/wp-content\/uploads\/usu1156\/2022\/03\/1-mfvBQhwMfM5shcJm0mKXaue8WhdE9L4-768x73.jpg 768w\" sizes=\"auto, (max-width: 1006px) 100vw, 1006px\" \/><\/a><\/p>\n","protected":false},"excerpt":{"rendered":"<p>El p\u00f2ster ambiental que teniu a les mans \u00e9s fruit del treball que, a partir de l\u2019any 2009, ve desenvolupant la Taula de Debat educatiu de l\u2019Escala (TDE-E). Aquesta Taula reuneix els responsables de les escoles del municipi, el t\u00e8cnic d\u2019Educaci\u00f3 de l\u2019ajuntament i el Servei educatiu de la zona per tra\u00e7ar i coordinar diferents [&hellip;]<\/p>\n","protected":false},"author":1,"featured_media":0,"parent":15169,"menu_order":0,"comment_status":"closed","ping_status":"closed","template":"","meta":{"_bbp_topic_count":0,"_bbp_reply_count":0,"_bbp_total_topic_count":0,"_bbp_total_reply_count":0,"_bbp_voice_count":0,"_bbp_anonymous_reply_count":0,"_bbp_topic_count_hidden":0,"_bbp_reply_count_hidden":0,"_bbp_forum_subforum_count":0,"site-sidebar-layout":"default","site-content-layout":"","ast-site-content-layout":"","site-content-style":"default","site-sidebar-style":"default","ast-global-header-display":"","ast-banner-title-visibility":"","ast-main-header-display":"","ast-hfb-above-header-display":"","ast-hfb-below-header-display":"","ast-hfb-mobile-header-display":"","site-post-title":"","ast-breadcrumbs-content":"","ast-featured-img":"","footer-sml-layout":"","theme-transparent-header-meta":"","adv-header-id-meta":"","stick-header-meta":"","header-above-stick-meta":"","header-main-stick-meta":"","header-below-stick-meta":"","astra-migrate-meta-layouts":"default","ast-page-background-enabled":"default","ast-page-background-meta":{"desktop":{"background-color":"var(--ast-global-color-4)","background-image":"","background-repeat":"repeat","background-position":"center center","background-size":"auto","background-attachment":"scroll","background-type":"","background-media":"","overlay-type":"","overlay-color":"","overlay-opacity":"","overlay-gradient":""},"tablet":{"background-color":"","background-image":"","background-repeat":"repeat","background-position":"center center","background-size":"auto","background-attachment":"scroll","background-type":"","background-media":"","overlay-type":"","overlay-color":"","overlay-opacity":"","overlay-gradient":""},"mobile":{"background-color":"","background-image":"","background-repeat":"repeat","background-position":"center center","background-size":"auto","background-attachment":"scroll","background-type":"","background-media":"","overlay-type":"","overlay-color":"","overlay-opacity":"","overlay-gradient":""}},"ast-content-background-meta":{"desktop":{"background-color":"var(--ast-global-color-5)","background-image":"","background-repeat":"repeat","background-position":"center center","background-size":"auto","background-attachment":"scroll","background-type":"","background-media":"","overlay-type":"","overlay-color":"","overlay-opacity":"","overlay-gradient":""},"tablet":{"background-color":"var(--ast-global-color-5)","background-image":"","background-repeat":"repeat","background-position":"center center","background-size":"auto","background-attachment":"scroll","background-type":"","background-media":"","overlay-type":"","overlay-color":"","overlay-opacity":"","overlay-gradient":""},"mobile":{"background-color":"var(--ast-global-color-5)","background-image":"","background-repeat":"repeat","background-position":"center center","background-size":"auto","background-attachment":"scroll","background-type":"","background-media":"","overlay-type":"","overlay-color":"","overlay-opacity":"","overlay-gradient":""}},"footnotes":""},"class_list":["post-16731","page","type-page","status-publish","hentry"],"post_mailing_queue_ids":[],"_links":{"self":[{"href":"https:\/\/serveiseducatius.xtec.cat\/altemporda\/wp-json\/wp\/v2\/pages\/16731","targetHints":{"allow":["GET"]}}],"collection":[{"href":"https:\/\/serveiseducatius.xtec.cat\/altemporda\/wp-json\/wp\/v2\/pages"}],"about":[{"href":"https:\/\/serveiseducatius.xtec.cat\/altemporda\/wp-json\/wp\/v2\/types\/page"}],"author":[{"embeddable":true,"href":"https:\/\/serveiseducatius.xtec.cat\/altemporda\/wp-json\/wp\/v2\/users\/1"}],"replies":[{"embeddable":true,"href":"https:\/\/serveiseducatius.xtec.cat\/altemporda\/wp-json\/wp\/v2\/comments?post=16731"}],"version-history":[{"count":4,"href":"https:\/\/serveiseducatius.xtec.cat\/altemporda\/wp-json\/wp\/v2\/pages\/16731\/revisions"}],"predecessor-version":[{"id":17501,"href":"https:\/\/serveiseducatius.xtec.cat\/altemporda\/wp-json\/wp\/v2\/pages\/16731\/revisions\/17501"}],"up":[{"embeddable":true,"href":"https:\/\/serveiseducatius.xtec.cat\/altemporda\/wp-json\/wp\/v2\/pages\/15169"}],"wp:attachment":[{"href":"https:\/\/serveiseducatius.xtec.cat\/altemporda\/wp-json\/wp\/v2\/media?parent=16731"}],"curies":[{"name":"wp","href":"https:\/\/api.w.org\/{rel}","templated":true}]}}

Explotació didàctica. La meva escola el nostre entorn

<p><img loading="lazy" decoding="async" class="wp-image-16782 alignleft" src="https://serveiseducatius.xtec.cat/altemporda/wp-content/uploads/usu1156/2022/03/LA.png" alt="" width="309" height="291" srcset="https://serveiseducatius.xtec.cat/altemporda/wp-content/uploads/usu1156/2022/03/LA.png 784w, https://serveiseducatius.xtec.cat/altemporda/wp-content/uploads/usu1156/2022/03/LA-300x282.png 300w, https://serveiseducatius.xtec.cat/altemporda/wp-content/uploads/usu1156/2022/03/LA-768x723.png 768w" sizes="auto, (max-width: 309px) 100vw, 309px" /></p>
<p style="text-align: justify;"><span style="font-weight: 400;">El <strong>pòster ambiental</strong> que teniu a les mans és fruit del treball que, a partir de l’any 2009, ve desenvolupant la <strong>Taula de Debat educatiu de l’Escala (TDE-E)</strong>. Aquesta Taula reuneix els responsables de les escoles del municipi, el tècnic d’Educació de l’ajuntament i el Servei educatiu de la zona per traçar i coordinar diferents actuacions educatives, amb l’objectiu de:  </span></p>
<p style="text-align: center;"><span style="font-weight: 400;">“Millorar el treball en xarxa entre els centres del municipi, desenvolupant projectes</span></p>
<p style="text-align: center;"><span style="font-weight: 400;">pedagògics comuns i sostenibles en cadascuna de les seves fases”</span></p>
<p style="text-align: justify;"><span style="font-weight: 400;">Una de les actuacions dutes a terme ha estat el disseny del <strong>pòster ambiental “La meva escola, el nostre entorn”</strong>, atès que totes les escoles del municipi estan molt sensibilitzades amb aquesta temàtica i realitzen nombroses actuacions.</span></p>
<p style="text-align: justify;"><span style="font-weight: 400;">Amb l’edició d’aquest pòster es vol fer un pas més en la tasca de reflexió dels centres envers la problemàtica ambiental per tal d’unificar criteris, sortir de les aules i donar-ho a conèixer a les famílies i entorn. Per tant, aquest material vol arribar als infants, famílies, professorat i a l’Administració.</span></p>
<p style="text-align: justify;"><span style="font-weight: 400;">Aquesta intencionalitat també s’ha intentat reflectir en l’estil d’il·lustració del pòster, podent arribar a visualitzar tres nivells de detalls, dels més evidents i coneguts als més subtils. Tot en un joc visual que vol ser un zoom a un procés de reciclatge que va des de l’acció de tirar i classificar les deixalles al seu lloc, a la reflexió de la necessitat de consumir, reduir, reutilitzar. En definitiva, pretén apropar-se al concepte de les <strong>3R.</strong></span></p>
<div class="fila;" style="text-align: center;">
<div class="columna" style="width: 10%; text-align: center;"></div>
<div class="columna" style="width: 20%; text-align: center;"><a class="boto_taula" style="color: #000000;" href="https://serveiseducatius.xtec.cat/altemporda/xarxa-descoles-del-pn-cap-de-creus/campanyes-ambientals/poster-ambiental/explotacio-didactica-la-meva-escola-el-nostre-entorn/joc/" target="_blank" rel="noopener noreferrer"><span style="font-size: 1.25em;"><strong>Joc</strong></span></a></div>
<div class="columna" style="width: 20%; text-align: center;"><a class="boto_taula" style="color: #000000;" href="https://serveiseducatius.xtec.cat/altemporda/xarxa-descoles-del-pn-cap-de-creus/campanyes-ambientals/poster-ambiental/explotacio-didactica-la-meva-escola-el-nostre-entorn/guia/" target="_blank" rel="noopener noreferrer"><span style="font-size: 1.25em;"><strong>40 accions</strong></span></a></div>
<div class="columna" style="width: 20%; text-align: center;"><a class="boto_taula" style="color: #000000;" href="https://serveiseducatius.xtec.cat/altemporda/xarxa-descoles-del-pn-cap-de-creus/campanyes-ambientals/poster-ambiental/explotacio-didactica-la-meva-escola-el-nostre-entorn/test/" target="_blank" rel="noopener noreferrer"><span style="font-size: 1.25em;"><strong>Test</strong></span></a></div>
<div class="columna" style="width: 20%; text-align: center;"><a class="boto_taula" style="color: #000000;" href="https://serveiseducatius.xtec.cat/altemporda/xarxa-descoles-del-pn-cap-de-creus/campanyes-ambientals/poster-ambiental/explotacio-didactica-la-meva-escola-el-nostre-entorn/credits/" target="_blank" rel="noopener noreferrer"><span style="font-size: 1.25em;"><strong>Crèdits</strong></span></a></div>
<div class="columna" style="width: 10%; text-align: center;"></div>
</div>
<p>&nbsp;</p>
<p>&nbsp;</p>
<p style="text-align: left;"><span style="font-weight: 400;">Així doncs, el pòster intenta plantejar, de manera amena i interrogativa, un seguit d’informacions per tal de dur el lector a qüestionar les seves accions, compromisos i comportaments ambientals.</span><a href="https://www.mediateca.cat/altemporda/recurs/poster-ambiental-la-meva-escola-el-nostre-entorn/" target="_blank" rel="noopener"><img loading="lazy" decoding="async" class="aligncenter wp-image-16787 size-full" src="https://serveiseducatius.xtec.cat/altemporda/wp-content/uploads/usu1156/2022/03/prestec-la-meva.png" alt="" width="229" height="227" srcset="https://serveiseducatius.xtec.cat/altemporda/wp-content/uploads/usu1156/2022/03/prestec-la-meva.png 229w, https://serveiseducatius.xtec.cat/altemporda/wp-content/uploads/usu1156/2022/03/prestec-la-meva-150x150.png 150w" sizes="auto, (max-width: 229px) 100vw, 229px" /></a></p>
<p style="text-align: center;"><span style="color: #008000;"><strong><span style="font-size: 18pt;">Accés al Préstec</span></strong></span></p>
<p style="text-align: justify;"><span style="font-weight: 400;">S’il·lustren <strong>40 comportaments ambientals</strong> que venen acompanyats d’una Guia que detalla cadascuna de les accions que desenvolupen els pictogrames, amb un apartat de [+info] que obre la porta a una gran quantitat de recursos didàctics per treballar el tema.</span></p>
<p style="text-align: justify;"><span style="font-weight: 400;">Acceptem el repte de millorar aquests hàbits. Ben segur que tots en sortirem beneficiats; famílies, escoles, administracions i medi ambient, tant de l’entorn més proper com del més llunyà. </span></p>
<p style="text-align: justify;"><span style="font-weight: 400;">Fer-ho no és responsabilitat dels altres, depèn de la nostra manera de sentir, de ser, d’escollir el futur que volem.</span></p>
<p style="text-align: justify;"><span style="font-weight: 400;">Aquest recurs va adreçat a l&#8217;alumnat de Llars d&#8217;infants, infantil, primària i secundària. Els materials que es troben al web contemplen diferents possibilitats de treball, lectura, interpretació i observació. El seu plantejament és del tot transversal i interdisciplinari, i permet treballar les diferents àrees curriculars des d&#8217;un punt de vista competencial.</span></p>
<p><b>Nota:</b> <i><span style="font-weight: 400;">S&#8217;han editat 2000 unitats del pòster ambiental que es repartiran a les famílies de l&#8217;Escala (TdE-E). El Setmanari Empordà realitzarà un segon tiratge de 8000 exemplars per encartar dins del diari i formar part del suplement &#8220;Diàlegs d&#8217;educació&#8221;. Aquest fet ens ha dut a introduir un codi QR per tal de poder visualitzar i disposar d&#8217;informació més detallada del treball del pòster per part dels centres.</span></i></p>
<p><span style="font-size: 14pt; color: #008000;"><strong>Recull de premsa:</strong></span></p>
<p>&nbsp;</p>
<p><a href="https://serveiseducatius.xtec.cat/altemporda/wp-content/uploads/usu1156/2022/03/1-mfvBQhwMfM5shcJm0mKXaue8WhdE9L4.jpg"><img loading="lazy" decoding="async" class="wp-image-16776 aligncenter" src="https://serveiseducatius.xtec.cat/altemporda/wp-content/uploads/usu1156/2022/03/1-mfvBQhwMfM5shcJm0mKXaue8WhdE9L4.jpg" alt="" width="1006" height="95" srcset="https://serveiseducatius.xtec.cat/altemporda/wp-content/uploads/usu1156/2022/03/1-mfvBQhwMfM5shcJm0mKXaue8WhdE9L4.jpg 900w, https://serveiseducatius.xtec.cat/altemporda/wp-content/uploads/usu1156/2022/03/1-mfvBQhwMfM5shcJm0mKXaue8WhdE9L4-300x28.jpg 300w, https://serveiseducatius.xtec.cat/altemporda/wp-content/uploads/usu1156/2022/03/1-mfvBQhwMfM5shcJm0mKXaue8WhdE9L4-768x73.jpg 768w" sizes="auto, (max-width: 1006px) 100vw, 1006px" /></a></p>

<p>El pòster ambiental que teniu a les mans és fruit del treball que, a partir de l’any 2009, ve desenvolupant la Taula de Debat educatiu de l’Escala (TDE-E). Aquesta Taula reuneix els responsables de les escoles del municipi, el tècnic d’Educació de l’ajuntament i el Servei educatiu de la zona per traçar i coordinar diferents [&hellip;]</p>
