{"id":16569,"date":"2022-03-07T16:37:35","date_gmt":"2022-03-07T15:37:35","guid":{"rendered":"https:\/\/serveiseducatius.xtec.cat\/altemporda\/?page_id=16569"},"modified":"2025-02-07T12:40:44","modified_gmt":"2025-02-07T11:40:44","slug":"una-recerca-amb-exit","status":"publish","type":"page","link":"https:\/\/serveiseducatius.xtec.cat\/altemporda\/forum-de-treballs-de-recerca-ftr\/una-recerca-amb-exit\/","title":{"rendered":"Una re\/cerca amb \u00e8xit"},"content":{"rendered":"<hr \/>\n<p><span style=\"font-size: 12pt;\">Aquest apartat ha estat elaborat conjuntament entre els membres del\u00a0<b>Grup de treball. BibliotecAE\u00a0<\/b>i el\u00a0<b>Grup de treball de Coordinadors\/es del\u00a0<\/b><a href=\"https:\/\/serveiseducatius.xtec.cat\/altemporda\/forum-de-treballs-de-recerca-ftr\/\" target=\"_blank\" rel=\"noopener\"><b>F\u00f2rum de treballs de recerca de l&#8217;Alt Empord\u00e0<\/b><\/a>.<\/span><\/p>\n<p><span style=\"font-size: 12pt;\"><b>Una recerca amb \u00e8xit, <\/b>forma part de les fitxes de treball que acompanyen la proposta<i>:\u00a0<u><b>Projectes.com? O com no perdre el nord d&#8217;un projecte<\/b><\/u> elaborat pel Servei educatiu de l&#8217;Alt Empord\u00e0.<\/i><\/span><\/p>\n<hr \/>\n<div>\n<div class=\"sites-embed-align-center-wrapping-off\">\n<div class=\"sites-embed-border-on sites-embed\">\n<table style=\"border-collapse: collapse; width: 100%;\">\n<tbody>\n<tr>\n<td style=\"width: 50%; border-style: hidden;\"><iframe loading=\"lazy\" id=\"381834605\" class=\"igm\" title=\"Fitxa 1\" src=\"https:\/\/mj89sp3sau2k7lj1eg3k40hkeppguj6j-a-sites-opensocial.googleusercontent.com\/gadgets\/ifr?url=http:\/\/www.gstatic.com\/sites-gadgets\/iframe\/iframe.xml&amp;container=enterprise&amp;view=default&amp;lang=ca&amp;country=ALL&amp;sanitize=0&amp;v=40753d033c6d88ca&amp;libs=core&amp;mid=251&amp;parent=https:\/\/sites.google.com\/a\/xtec.cat\/forum-treballs-de-recerca-alt-emporda\/per-on-comenco\/acompanyament-bibliotecae#up_scroll=auto&amp;up_iframeURL=https:\/\/docs.google.com\/viewer?a%3Dv%26pid%3Dexplorer%26chrome%3Dfalse%26embedded%3Dtrue%26srcid%3D0B0zHBF5nyE_QSDByR25pcTNlR2s&amp;st=e%3DAIHE3cBkNpO6JWCYJxG67aCC8l65JCq57TXKUJPDcvm1KKXoZbqxWjcrf7mb8rGuMIES4veuMu8hT8mHYkTXVZTqefxIwWGzoTcsg0e2kIDa2WV0f4GWG4aq4MTw98HzKL00ylzA1JZJ%26c%3Denterprise&amp;rpctoken=8030414765618642892\" name=\"381834605\" width=\"700\" height=\"650\" frameborder=\"0\" scrolling=\"auto\" data-ruffle-polyfilled=\"\" data-mce-fragment=\"1\"><\/iframe><\/p>\n<h4 class=\"sites-embed-title\" style=\"text-align: center;\">Fitxa 1. <a style=\"font-size: 16px; font-weight: normal;\" href=\"https:\/\/docs.google.com\/uc?authuser=1&amp;id=0B0zHBF5nyE_QSDByR25pcTNlR2s&amp;export=download\">Descarrega el fitxer<\/a><\/h4>\n<\/td>\n<td style=\"width: 50%; border-style: hidden;\"><iframe loading=\"lazy\" id=\"1123020369\" class=\"igm\" title=\"Fitxa 1\" src=\"https:\/\/mj89sp3sau2k7lj1eg3k40hkeppguj6j-a-sites-opensocial.googleusercontent.com\/gadgets\/ifr?url=http:\/\/www.gstatic.com\/sites-gadgets\/iframe\/iframe.xml&amp;container=enterprise&amp;view=default&amp;lang=ca&amp;country=ALL&amp;sanitize=0&amp;v=40753d033c6d88ca&amp;libs=core&amp;mid=96&amp;parent=https:\/\/sites.google.com\/a\/xtec.cat\/forum-treballs-de-recerca-alt-emporda\/per-on-comenco\/acompanyament-bibliotecae#up_scroll=auto&amp;up_iframeURL=https:\/\/docs.google.com\/viewer?a%3Dv%26pid%3Dexplorer%26chrome%3Dfalse%26embedded%3Dtrue%26srcid%3D0B0zHBF5nyE_QdmRVdGtNTlQxWVk&amp;st=e%3DAIHE3cDgH0TtH%252F1X251tWXLgWI81mPe3wvjHgyfMjIUISvoDybdH5ORDU6NSYu4ZlYIref%252BBhpPavrOw2hf8QUJLUHzax66AwMQ%252Fk33lIbM%252BkR92CJcKisN%252BbkBaNdAfGMl2z9nJaR1I%26c%3Denterprise&amp;rpctoken=-2089626218283793801\" name=\"1123020369\" width=\"700\" height=\"650\" frameborder=\"0\" scrolling=\"auto\" data-ruffle-polyfilled=\"\" data-mce-fragment=\"1\"><\/iframe><\/p>\n<h4 class=\"sites-embed-title\" style=\"text-align: center;\">Fitxa 2. <span style=\"font-size: 12pt;\"><a href=\"https:\/\/docs.google.com\/uc?authuser=1&amp;id=0B0zHBF5nyE_QdmRVdGtNTlQxWVk&amp;export=download\"><span style=\"color: #0000ff;\">Descarrega el fitxer<\/span><\/a><\/span><\/h4>\n<\/td>\n<\/tr>\n<\/tbody>\n<\/table>\n<h4 class=\"sites-embed-title\" style=\"text-align: center;\"><\/h4>\n<\/div>\n<\/div>\n<\/div>\n<div style=\"text-align: center;\">\n<div class=\"sites-embed-align-center-wrapping-off\">\n<div class=\"sites-embed-border-on sites-embed\">\n<hr \/>\n<h4 class=\"sites-embed-title\"><\/h4>\n<\/div>\n<\/div>\n<\/div>\n","protected":false},"excerpt":{"rendered":"<p>Aquest apartat ha estat elaborat conjuntament entre els membres del\u00a0Grup de treball. BibliotecAE\u00a0i el\u00a0Grup de treball de Coordinadors\/es del\u00a0F\u00f2rum de treballs de recerca de l&#8217;Alt Empord\u00e0. Una recerca amb \u00e8xit, forma part de les fitxes de treball que acompanyen la proposta:\u00a0Projectes.com? O com no perdre el nord d&#8217;un projecte elaborat pel Servei educatiu de l&#8217;Alt [&hellip;]<\/p>\n","protected":false},"author":4,"featured_media":0,"parent":13343,"menu_order":0,"comment_status":"closed","ping_status":"closed","template":"","meta":{"_bbp_topic_count":0,"_bbp_reply_count":0,"_bbp_total_topic_count":0,"_bbp_total_reply_count":0,"_bbp_voice_count":0,"_bbp_anonymous_reply_count":0,"_bbp_topic_count_hidden":0,"_bbp_reply_count_hidden":0,"_bbp_forum_subforum_count":0,"site-sidebar-layout":"default","site-content-layout":"","ast-site-content-layout":"","site-content-style":"default","site-sidebar-style":"default","ast-global-header-display":"","ast-banner-title-visibility":"","ast-main-header-display":"","ast-hfb-above-header-display":"","ast-hfb-below-header-display":"","ast-hfb-mobile-header-display":"","site-post-title":"","ast-breadcrumbs-content":"","ast-featured-img":"","footer-sml-layout":"","theme-transparent-header-meta":"","adv-header-id-meta":"","stick-header-meta":"","header-above-stick-meta":"","header-main-stick-meta":"","header-below-stick-meta":"","astra-migrate-meta-layouts":"default","ast-page-background-enabled":"default","ast-page-background-meta":{"desktop":{"background-color":"var(--ast-global-color-4)","background-image":"","background-repeat":"repeat","background-position":"center center","background-size":"auto","background-attachment":"scroll","background-type":"","background-media":"","overlay-type":"","overlay-color":"","overlay-opacity":"","overlay-gradient":""},"tablet":{"background-color":"","background-image":"","background-repeat":"repeat","background-position":"center center","background-size":"auto","background-attachment":"scroll","background-type":"","background-media":"","overlay-type":"","overlay-color":"","overlay-opacity":"","overlay-gradient":""},"mobile":{"background-color":"","background-image":"","background-repeat":"repeat","background-position":"center center","background-size":"auto","background-attachment":"scroll","background-type":"","background-media":"","overlay-type":"","overlay-color":"","overlay-opacity":"","overlay-gradient":""}},"ast-content-background-meta":{"desktop":{"background-color":"var(--ast-global-color-5)","background-image":"","background-repeat":"repeat","background-position":"center center","background-size":"auto","background-attachment":"scroll","background-type":"","background-media":"","overlay-type":"","overlay-color":"","overlay-opacity":"","overlay-gradient":""},"tablet":{"background-color":"var(--ast-global-color-5)","background-image":"","background-repeat":"repeat","background-position":"center center","background-size":"auto","background-attachment":"scroll","background-type":"","background-media":"","overlay-type":"","overlay-color":"","overlay-opacity":"","overlay-gradient":""},"mobile":{"background-color":"var(--ast-global-color-5)","background-image":"","background-repeat":"repeat","background-position":"center center","background-size":"auto","background-attachment":"scroll","background-type":"","background-media":"","overlay-type":"","overlay-color":"","overlay-opacity":"","overlay-gradient":""}},"footnotes":""},"class_list":["post-16569","page","type-page","status-publish","hentry"],"post_mailing_queue_ids":[],"_links":{"self":[{"href":"https:\/\/serveiseducatius.xtec.cat\/altemporda\/wp-json\/wp\/v2\/pages\/16569","targetHints":{"allow":["GET"]}}],"collection":[{"href":"https:\/\/serveiseducatius.xtec.cat\/altemporda\/wp-json\/wp\/v2\/pages"}],"about":[{"href":"https:\/\/serveiseducatius.xtec.cat\/altemporda\/wp-json\/wp\/v2\/types\/page"}],"author":[{"embeddable":true,"href":"https:\/\/serveiseducatius.xtec.cat\/altemporda\/wp-json\/wp\/v2\/users\/4"}],"replies":[{"embeddable":true,"href":"https:\/\/serveiseducatius.xtec.cat\/altemporda\/wp-json\/wp\/v2\/comments?post=16569"}],"version-history":[{"count":6,"href":"https:\/\/serveiseducatius.xtec.cat\/altemporda\/wp-json\/wp\/v2\/pages\/16569\/revisions"}],"predecessor-version":[{"id":24928,"href":"https:\/\/serveiseducatius.xtec.cat\/altemporda\/wp-json\/wp\/v2\/pages\/16569\/revisions\/24928"}],"up":[{"embeddable":true,"href":"https:\/\/serveiseducatius.xtec.cat\/altemporda\/wp-json\/wp\/v2\/pages\/13343"}],"wp:attachment":[{"href":"https:\/\/serveiseducatius.xtec.cat\/altemporda\/wp-json\/wp\/v2\/media?parent=16569"}],"curies":[{"name":"wp","href":"https:\/\/api.w.org\/{rel}","templated":true}]}}