{"id":16314,"date":"2022-02-21T19:06:55","date_gmt":"2022-02-21T18:06:55","guid":{"rendered":"https:\/\/serveiseducatius.xtec.cat\/altemporda\/?page_id=16314"},"modified":"2023-11-15T09:24:57","modified_gmt":"2023-11-15T08:24:57","slug":"ins-narcis-monturiol-figueres","status":"publish","type":"page","link":"https:\/\/serveiseducatius.xtec.cat\/altemporda\/clubs-de-lectura\/centres-participants\/ins-narcis-monturiol-figueres\/","title":{"rendered":"INS Narc\u00eds Monturiol (Figueres)"},"content":{"rendered":"<h4><b style=\"font-size: 14pt;\"><span style=\"font-family: verdana, sans-serif; line-height: 20.48px;\"><span style=\"background-color: #ff0000;\">\u00a0\u00a0<\/span> Web de refer\u00e8ncia<\/span><\/b><span style=\"font-family: verdana, sans-serif; font-size: medium;\"><span style=\"font-size: 14pt;\"><b>:<\/b><\/span><\/span><\/h4>\n<p style=\"text-align: center;\"><button><a style=\"color: #ffffff; font-size: 12pt;\" href=\"https:\/\/bibliomonturiol.blogspot.com\/\" target=\"_blank\" rel=\"noopener\">Biblio Monturiol<\/a><\/button>\u00a0\u00a0\u00a0<button><a style=\"color: #ffffff; font-size: 12pt;\" href=\"https:\/\/bibliomonturiol.blogspot.com\/p\/club-de-lectura.html\" target=\"_blank\" rel=\"noopener\">Club de lectura<\/a><\/button><\/p>\n<h4><span style=\"font-size: 14pt;\"><span style=\"font-family: verdana, sans-serif;\"><b><span style=\"color: #ff0000; background-color: #ffff00;\">\u00a0\u00a0<\/span> \u00a0Referents de centre<\/b><\/span><span style=\"font-family: verdana, sans-serif;\"><b>:\u00a0<\/b><\/span><span style=\"font-family: verdana, sans-serif;\"><b>\u00a0<\/b><\/span><\/span><\/h4>\n<ul style=\"list-style-type: circle;\">\n<li>Curs 2022-2023: \u00c0ngels Vila Safont<\/li>\n<li>Curs 2021-2022: \u00c0ngels Vila Safont<\/li>\n<li>Curs 2020-2021: \u00c0ngels Vila Safont<\/li>\n<li>Curs 2019-2020: Nadina Ros<\/li>\n<li>Curs 2018-2019: Nadina Ros<\/li>\n<\/ul>\n<h4><span style=\"font-family: verdana, sans-serif; font-size: 14pt;\"><b> <span style=\"background-color: #e69138;\">\u00a0\u00a0<\/span> Professorat acompanyant dins del centre: &#8211;<\/b><\/span><\/h4>\n<p>Gabriela G\u00f3mez i Maria Grasas, professores responsables de la biblioteca del centre.<\/p>\n<p>Professorat del departament de Lleng\u00fces<\/p>\n<h4><span style=\"font-family: verdana, sans-serif; font-size: medium;\"><span style=\"font-size: 14pt;\"><b><span style=\"color: #0b5394;\"><span style=\"background-color: #0b5394; color: #0b5394;\">\u00a0\u00a0<\/span> <\/span>Introducci\u00f3:<\/b><\/span><\/span><\/h4>\n<p>El club de lectura de l&#8217;institut Narc\u00eds Monturiol neix el curs 2015-16 quan en David Guixeras, cap del departament de lleng\u00fces, engega el projecte un cop comen\u00e7at el curs. Tot i no ser part\u00edcip des de principi de curs, el club va poder afegir-se a la trobada amb l&#8217;autor de final de curs. Dos cursos m\u00e9s tard, el 2017-18, la successora d&#8217;en David com a cap de departament, la Nadina Ros, es fa c\u00e0rrec del club de lectura de l&#8217;institut amb l&#8217;ajuda d&#8217;altres membres del departament com la Gabriela G\u00f3mez o la M\u00aa \u00c0ngels Vila, cap de departament actual. \u00c9s un projecte que ha mantingut viu el cuquet de l&#8217;alumnat envers els llibres alhora que ha buscat el gaudi i gust per la lectura.<\/p>\n<h4><b style=\"font-family: verdana, sans-serif; font-size: medium;\"><span style=\"font-size: 14pt;\"><span style=\"background-color: #ffff00;\">\u00a0\u00a0<\/span> Projecte marc:<\/span><\/b><\/h4>\n<p><span style=\"font-family: verdana, sans-serif; font-size: medium;\"><a href=\"https:\/\/angelsvilasafontiesmonturiol.blogspot.com\/\" rel=\"nofollow\">Els navegants de l&#8217;Ictinews<\/a><\/span><\/p>\n<h4><span style=\"font-family: verdana, sans-serif; font-size: 14pt;\"><b><span style=\"background-color: #e69138;\">\u00a0\u00a0<\/span> Calendari de sessions:<\/b><\/span><\/h4>\n<p>&nbsp;<\/p>\n<h4><span style=\"font-family: verdana, sans-serif; font-size: medium;\"><b><span style=\"font-size: 14pt;\"><span style=\"background-color: #0b5394;\">\u00a0\u00a0<\/span>\u00a0Galeria d&#8217;imatges:<\/span><\/b><\/span><\/h4>\n","protected":false},"excerpt":{"rendered":"<p>\u00a0\u00a0 Web de refer\u00e8ncia: Biblio Monturiol\u00a0\u00a0\u00a0Club de lectura \u00a0\u00a0 \u00a0Referents de centre:\u00a0\u00a0 Curs 2022-2023: \u00c0ngels Vila Safont Curs 2021-2022: \u00c0ngels Vila Safont Curs 2020-2021: \u00c0ngels Vila Safont Curs 2019-2020: Nadina Ros Curs 2018-2019: Nadina Ros \u00a0\u00a0 Professorat acompanyant dins del centre: &#8211; Gabriela G\u00f3mez i Maria Grasas, professores responsables de la biblioteca del centre. Professorat [&hellip;]<\/p>\n","protected":false},"author":4,"featured_media":0,"parent":16187,"menu_order":0,"comment_status":"closed","ping_status":"closed","template":"","meta":{"_bbp_topic_count":0,"_bbp_reply_count":0,"_bbp_total_topic_count":0,"_bbp_total_reply_count":0,"_bbp_voice_count":0,"_bbp_anonymous_reply_count":0,"_bbp_topic_count_hidden":0,"_bbp_reply_count_hidden":0,"_bbp_forum_subforum_count":0,"site-sidebar-layout":"default","site-content-layout":"","ast-site-content-layout":"","site-content-style":"default","site-sidebar-style":"default","ast-global-header-display":"","ast-banner-title-visibility":"","ast-main-header-display":"","ast-hfb-above-header-display":"","ast-hfb-below-header-display":"","ast-hfb-mobile-header-display":"","site-post-title":"","ast-breadcrumbs-content":"","ast-featured-img":"","footer-sml-layout":"","theme-transparent-header-meta":"","adv-header-id-meta":"","stick-header-meta":"","header-above-stick-meta":"","header-main-stick-meta":"","header-below-stick-meta":"","astra-migrate-meta-layouts":"default","ast-page-background-enabled":"default","ast-page-background-meta":{"desktop":{"background-color":"var(--ast-global-color-4)","background-image":"","background-repeat":"repeat","background-position":"center center","background-size":"auto","background-attachment":"scroll","background-type":"","background-media":"","overlay-type":"","overlay-color":"","overlay-opacity":"","overlay-gradient":""},"tablet":{"background-color":"","background-image":"","background-repeat":"repeat","background-position":"center center","background-size":"auto","background-attachment":"scroll","background-type":"","background-media":"","overlay-type":"","overlay-color":"","overlay-opacity":"","overlay-gradient":""},"mobile":{"background-color":"","background-image":"","background-repeat":"repeat","background-position":"center center","background-size":"auto","background-attachment":"scroll","background-type":"","background-media":"","overlay-type":"","overlay-color":"","overlay-opacity":"","overlay-gradient":""}},"ast-content-background-meta":{"desktop":{"background-color":"var(--ast-global-color-5)","background-image":"","background-repeat":"repeat","background-position":"center center","background-size":"auto","background-attachment":"scroll","background-type":"","background-media":"","overlay-type":"","overlay-color":"","overlay-opacity":"","overlay-gradient":""},"tablet":{"background-color":"var(--ast-global-color-5)","background-image":"","background-repeat":"repeat","background-position":"center center","background-size":"auto","background-attachment":"scroll","background-type":"","background-media":"","overlay-type":"","overlay-color":"","overlay-opacity":"","overlay-gradient":""},"mobile":{"background-color":"var(--ast-global-color-5)","background-image":"","background-repeat":"repeat","background-position":"center center","background-size":"auto","background-attachment":"scroll","background-type":"","background-media":"","overlay-type":"","overlay-color":"","overlay-opacity":"","overlay-gradient":""}},"footnotes":""},"class_list":["post-16314","page","type-page","status-publish","hentry"],"post_mailing_queue_ids":[],"_links":{"self":[{"href":"https:\/\/serveiseducatius.xtec.cat\/altemporda\/wp-json\/wp\/v2\/pages\/16314","targetHints":{"allow":["GET"]}}],"collection":[{"href":"https:\/\/serveiseducatius.xtec.cat\/altemporda\/wp-json\/wp\/v2\/pages"}],"about":[{"href":"https:\/\/serveiseducatius.xtec.cat\/altemporda\/wp-json\/wp\/v2\/types\/page"}],"author":[{"embeddable":true,"href":"https:\/\/serveiseducatius.xtec.cat\/altemporda\/wp-json\/wp\/v2\/users\/4"}],"replies":[{"embeddable":true,"href":"https:\/\/serveiseducatius.xtec.cat\/altemporda\/wp-json\/wp\/v2\/comments?post=16314"}],"version-history":[{"count":4,"href":"https:\/\/serveiseducatius.xtec.cat\/altemporda\/wp-json\/wp\/v2\/pages\/16314\/revisions"}],"predecessor-version":[{"id":21634,"href":"https:\/\/serveiseducatius.xtec.cat\/altemporda\/wp-json\/wp\/v2\/pages\/16314\/revisions\/21634"}],"up":[{"embeddable":true,"href":"https:\/\/serveiseducatius.xtec.cat\/altemporda\/wp-json\/wp\/v2\/pages\/16187"}],"wp:attachment":[{"href":"https:\/\/serveiseducatius.xtec.cat\/altemporda\/wp-json\/wp\/v2\/media?parent=16314"}],"curies":[{"name":"wp","href":"https:\/\/api.w.org\/{rel}","templated":true}]}}

INS Narcís Monturiol (Figueres)

<h4><b style="font-size: 14pt;"><span style="font-family: verdana, sans-serif; line-height: 20.48px;"><span style="background-color: #ff0000;">  </span> Web de referència</span></b><span style="font-family: verdana, sans-serif; font-size: medium;"><span style="font-size: 14pt;"><b>:</b></span></span></h4>
<p style="text-align: center;"><button><a style="color: #ffffff; font-size: 12pt;" href="https://bibliomonturiol.blogspot.com/" target="_blank" rel="noopener">Biblio Monturiol</a></button>   <button><a style="color: #ffffff; font-size: 12pt;" href="https://bibliomonturiol.blogspot.com/p/club-de-lectura.html" target="_blank" rel="noopener">Club de lectura</a></button></p>
<h4><span style="font-size: 14pt;"><span style="font-family: verdana, sans-serif;"><b><span style="color: #ff0000; background-color: #ffff00;">  </span>  Referents de centre</b></span><span style="font-family: verdana, sans-serif;"><b>: </b></span><span style="font-family: verdana, sans-serif;"><b> </b></span></span></h4>
<ul style="list-style-type: circle;">
<li>Curs 2022-2023: Àngels Vila Safont</li>
<li>Curs 2021-2022: Àngels Vila Safont</li>
<li>Curs 2020-2021: Àngels Vila Safont</li>
<li>Curs 2019-2020: Nadina Ros</li>
<li>Curs 2018-2019: Nadina Ros</li>
</ul>
<h4><span style="font-family: verdana, sans-serif; font-size: 14pt;"><b> <span style="background-color: #e69138;">  </span> Professorat acompanyant dins del centre: &#8211;</b></span></h4>
<p>Gabriela Gómez i Maria Grasas, professores responsables de la biblioteca del centre.</p>
<p>Professorat del departament de Llengües</p>
<h4><span style="font-family: verdana, sans-serif; font-size: medium;"><span style="font-size: 14pt;"><b><span style="color: #0b5394;"><span style="background-color: #0b5394; color: #0b5394;">  </span> </span>Introducció:</b></span></span></h4>
<p>El club de lectura de l&#8217;institut Narcís Monturiol neix el curs 2015-16 quan en David Guixeras, cap del departament de llengües, engega el projecte un cop començat el curs. Tot i no ser partícip des de principi de curs, el club va poder afegir-se a la trobada amb l&#8217;autor de final de curs. Dos cursos més tard, el 2017-18, la successora d&#8217;en David com a cap de departament, la Nadina Ros, es fa càrrec del club de lectura de l&#8217;institut amb l&#8217;ajuda d&#8217;altres membres del departament com la Gabriela Gómez o la Mª Àngels Vila, cap de departament actual. És un projecte que ha mantingut viu el cuquet de l&#8217;alumnat envers els llibres alhora que ha buscat el gaudi i gust per la lectura.</p>
<h4><b style="font-family: verdana, sans-serif; font-size: medium;"><span style="font-size: 14pt;"><span style="background-color: #ffff00;">  </span> Projecte marc:</span></b></h4>
<p><span style="font-family: verdana, sans-serif; font-size: medium;"><a href="https://angelsvilasafontiesmonturiol.blogspot.com/" rel="nofollow">Els navegants de l&#8217;Ictinews</a></span></p>
<h4><span style="font-family: verdana, sans-serif; font-size: 14pt;"><b><span style="background-color: #e69138;">  </span> Calendari de sessions:</b></span></h4>
<p>&nbsp;</p>
<h4><span style="font-family: verdana, sans-serif; font-size: medium;"><b><span style="font-size: 14pt;"><span style="background-color: #0b5394;">  </span> Galeria d&#8217;imatges:</span></b></span></h4>

<p>   Web de referència: Biblio Monturiol   Club de lectura     Referents de centre:   Curs 2022-2023: Àngels Vila Safont Curs 2021-2022: Àngels Vila Safont Curs 2020-2021: Àngels Vila Safont Curs 2019-2020: Nadina Ros Curs 2018-2019: Nadina Ros    Professorat acompanyant dins del centre: &#8211; Gabriela Gómez i Maria Grasas, professores responsables de la biblioteca del centre. Professorat [&hellip;]</p>
