{"id":16195,"date":"2022-02-21T10:40:56","date_gmt":"2022-02-21T09:40:56","guid":{"rendered":"https:\/\/serveiseducatius.xtec.cat\/altemporda\/?page_id=16195"},"modified":"2022-02-24T12:57:43","modified_gmt":"2022-02-24T11:57:43","slug":"base-de-dades-i-recomanacions","status":"publish","type":"page","link":"https:\/\/serveiseducatius.xtec.cat\/altemporda\/clubs-de-lectura\/base-de-dades-i-recomanacions\/","title":{"rendered":"Base de dades i recomanacions"},"content":{"rendered":"<p><span style=\"color: #000000;\">En aquest apartat hi trobareu un document Excel amb dues pestanyes:\u00a0<i>Registre\u00a0<\/i>i\u00a0<i>Recomanacions.<\/i><\/span><\/p>\n<p><span style=\"color: #000000;\">\u00c9s un\u00a0<i>document\u00a0viu\u00a0<\/i>que s&#8217;ha d&#8217;anar actualitzant i completant.<\/span><\/p>\n<p><b>\u00a0\u00a0 \u00a0Registre<\/b><\/p>\n<ul>\n<li>L&#8217;objectiu d&#8217;aquest apartat \u00e9s tenir recollida una\u00a0base de dades amb la relaci\u00f3 dels llibres que els centres ofereixen en pr\u00e9stec. Al document hi figura la persona de refer\u00e8ncia del centre, el correu electr\u00f2nic, els t\u00edtols dels llibres i el nombre d&#8217;exemplars disponibles, la valoraci\u00f3 i la data d&#8217;acabament del pr\u00e9stec.<\/li>\n<li>El professorat que estigui interessat a sol\u00b7licitar un t\u00edtol haur\u00e0 de posar-se en contacte directament amb la persona de refer\u00e8ncia del centre que t\u00e9 el llibre sol\u00b7licitat. Es pot utilitzar l&#8217;espai del SEAE per deixar o recollir els llibres.<\/li>\n<li>La persona que fa el pr\u00e9stec haur\u00e0 d&#8217;omplir l&#8217;apartat\u00a0<i>&#8220;En pr\u00e9stec fins a la data&#8221;<\/i>\u00a0de l&#8217;Excel.<\/li>\n<\/ul>\n<p><span style=\"color: #000000;\"><b><i>\u00a0\u00a0 \u00a0Recomanacions<\/i>\u00a0<\/b><\/span><\/p>\n<div>\n<ul>\n<li>L&#8217;objectiu d&#8217;aquest apartat \u00e9s tenir a disposici\u00f3 de tothom un registre de lectures que hagin estat ben valorades pels alumnes. Hi\u00a0trobareu el llistat de llibres, el curs o cicle al qual s&#8217;adre\u00e7a i la persona que el recomana.<\/li>\n<\/ul>\n<div>\n<div class=\"sites-embed-align-center-wrapping-off\">\n<div class=\"sites-embed-border-on sites-embed sites-embed-full-width\">\n<div class=\"sites-embed-content sites-embed-type-spreadsheet\"><iframe loading=\"lazy\" id=\"1182456809\" title=\"Registre llibres club de lectura\" src=\"https:\/\/docs.google.com\/spreadsheets\/d\/1P-80FUBuCa_PFZN0uEYIeXPvb3xG_YIrplVafwxcwUM\/htmlembed?authuser=0\" width=\"100%\" height=\"600\" frameborder=\"0\" data-ruffle-polyfilled=\"\" data-mce-fragment=\"1\"><\/iframe><\/div>\n<\/div>\n<\/div>\n<\/div>\n<div><a href=\"https:\/\/docs.google.com\/spreadsheets\/d\/1P-80FUBuCa_PFZN0uEYIeXPvb3xG_YIrplVafwxcwUM\/edit?authuser=0\" target=\"_blank\" rel=\"noopener\">Obre\u00a0<i>Registre llibres club de lectura<\/i><\/a><\/div>\n<\/div>\n","protected":false},"excerpt":{"rendered":"<p>En aquest apartat hi trobareu un document Excel amb dues pestanyes:\u00a0Registre\u00a0i\u00a0Recomanacions. \u00c9s un\u00a0document\u00a0viu\u00a0que s&#8217;ha d&#8217;anar actualitzant i completant. \u00a0\u00a0 \u00a0Registre L&#8217;objectiu d&#8217;aquest apartat \u00e9s tenir recollida una\u00a0base de dades amb la relaci\u00f3 dels llibres que els centres ofereixen en pr\u00e9stec. Al document hi figura la persona de refer\u00e8ncia del centre, el correu electr\u00f2nic, els t\u00edtols [&hellip;]<\/p>\n","protected":false},"author":4,"featured_media":0,"parent":16181,"menu_order":0,"comment_status":"closed","ping_status":"closed","template":"","meta":{"_bbp_topic_count":0,"_bbp_reply_count":0,"_bbp_total_topic_count":0,"_bbp_total_reply_count":0,"_bbp_voice_count":0,"_bbp_anonymous_reply_count":0,"_bbp_topic_count_hidden":0,"_bbp_reply_count_hidden":0,"_bbp_forum_subforum_count":0,"site-sidebar-layout":"default","site-content-layout":"","ast-site-content-layout":"","site-content-style":"default","site-sidebar-style":"default","ast-global-header-display":"","ast-banner-title-visibility":"","ast-main-header-display":"","ast-hfb-above-header-display":"","ast-hfb-below-header-display":"","ast-hfb-mobile-header-display":"","site-post-title":"","ast-breadcrumbs-content":"","ast-featured-img":"","footer-sml-layout":"","theme-transparent-header-meta":"","adv-header-id-meta":"","stick-header-meta":"","header-above-stick-meta":"","header-main-stick-meta":"","header-below-stick-meta":"","astra-migrate-meta-layouts":"default","ast-page-background-enabled":"default","ast-page-background-meta":{"desktop":{"background-color":"var(--ast-global-color-4)","background-image":"","background-repeat":"repeat","background-position":"center center","background-size":"auto","background-attachment":"scroll","background-type":"","background-media":"","overlay-type":"","overlay-color":"","overlay-opacity":"","overlay-gradient":""},"tablet":{"background-color":"","background-image":"","background-repeat":"repeat","background-position":"center center","background-size":"auto","background-attachment":"scroll","background-type":"","background-media":"","overlay-type":"","overlay-color":"","overlay-opacity":"","overlay-gradient":""},"mobile":{"background-color":"","background-image":"","background-repeat":"repeat","background-position":"center center","background-size":"auto","background-attachment":"scroll","background-type":"","background-media":"","overlay-type":"","overlay-color":"","overlay-opacity":"","overlay-gradient":""}},"ast-content-background-meta":{"desktop":{"background-color":"var(--ast-global-color-5)","background-image":"","background-repeat":"repeat","background-position":"center center","background-size":"auto","background-attachment":"scroll","background-type":"","background-media":"","overlay-type":"","overlay-color":"","overlay-opacity":"","overlay-gradient":""},"tablet":{"background-color":"var(--ast-global-color-5)","background-image":"","background-repeat":"repeat","background-position":"center center","background-size":"auto","background-attachment":"scroll","background-type":"","background-media":"","overlay-type":"","overlay-color":"","overlay-opacity":"","overlay-gradient":""},"mobile":{"background-color":"var(--ast-global-color-5)","background-image":"","background-repeat":"repeat","background-position":"center center","background-size":"auto","background-attachment":"scroll","background-type":"","background-media":"","overlay-type":"","overlay-color":"","overlay-opacity":"","overlay-gradient":""}},"footnotes":""},"class_list":["post-16195","page","type-page","status-publish","hentry"],"post_mailing_queue_ids":[],"_links":{"self":[{"href":"https:\/\/serveiseducatius.xtec.cat\/altemporda\/wp-json\/wp\/v2\/pages\/16195","targetHints":{"allow":["GET"]}}],"collection":[{"href":"https:\/\/serveiseducatius.xtec.cat\/altemporda\/wp-json\/wp\/v2\/pages"}],"about":[{"href":"https:\/\/serveiseducatius.xtec.cat\/altemporda\/wp-json\/wp\/v2\/types\/page"}],"author":[{"embeddable":true,"href":"https:\/\/serveiseducatius.xtec.cat\/altemporda\/wp-json\/wp\/v2\/users\/4"}],"replies":[{"embeddable":true,"href":"https:\/\/serveiseducatius.xtec.cat\/altemporda\/wp-json\/wp\/v2\/comments?post=16195"}],"version-history":[{"count":3,"href":"https:\/\/serveiseducatius.xtec.cat\/altemporda\/wp-json\/wp\/v2\/pages\/16195\/revisions"}],"predecessor-version":[{"id":16453,"href":"https:\/\/serveiseducatius.xtec.cat\/altemporda\/wp-json\/wp\/v2\/pages\/16195\/revisions\/16453"}],"up":[{"embeddable":true,"href":"https:\/\/serveiseducatius.xtec.cat\/altemporda\/wp-json\/wp\/v2\/pages\/16181"}],"wp:attachment":[{"href":"https:\/\/serveiseducatius.xtec.cat\/altemporda\/wp-json\/wp\/v2\/media?parent=16195"}],"curies":[{"name":"wp","href":"https:\/\/api.w.org\/{rel}","templated":true}]}}