{"id":16183,"date":"2022-02-21T10:39:02","date_gmt":"2022-02-21T09:39:02","guid":{"rendered":"https:\/\/serveiseducatius.xtec.cat\/altemporda\/?page_id=16183"},"modified":"2024-06-05T10:22:12","modified_gmt":"2024-06-05T08:22:12","slug":"imatge-grafica-i-credits","status":"publish","type":"page","link":"https:\/\/serveiseducatius.xtec.cat\/altemporda\/clubs-de-lectura\/imatge-grafica-i-credits\/","title":{"rendered":"Imatge gr\u00e0fica i cr\u00e8dits"},"content":{"rendered":"<p><img loading=\"lazy\" decoding=\"async\" class=\"aligncenter size-full wp-image-23375\" src=\"https:\/\/serveiseducatius.xtec.cat\/altemporda\/wp-content\/uploads\/usu1156\/2024\/06\/Capcalera.png\" alt=\"\" width=\"1706\" height=\"370\" srcset=\"https:\/\/serveiseducatius.xtec.cat\/altemporda\/wp-content\/uploads\/usu1156\/2024\/06\/Capcalera.png 1706w, https:\/\/serveiseducatius.xtec.cat\/altemporda\/wp-content\/uploads\/usu1156\/2024\/06\/Capcalera-300x65.png 300w, https:\/\/serveiseducatius.xtec.cat\/altemporda\/wp-content\/uploads\/usu1156\/2024\/06\/Capcalera-1024x222.png 1024w, https:\/\/serveiseducatius.xtec.cat\/altemporda\/wp-content\/uploads\/usu1156\/2024\/06\/Capcalera-768x167.png 768w, https:\/\/serveiseducatius.xtec.cat\/altemporda\/wp-content\/uploads\/usu1156\/2024\/06\/Capcalera-1536x333.png 1536w\" sizes=\"auto, (max-width: 1706px) 100vw, 1706px\" \/><br \/>\n&nbsp;<br \/>\n<img loading=\"lazy\" decoding=\"async\" class=\"aligncenter size-full wp-image-23376\" src=\"https:\/\/serveiseducatius.xtec.cat\/altemporda\/wp-content\/uploads\/usu1156\/2024\/06\/Cpcalera-1.png\" alt=\"\" width=\"900\" height=\"300\" srcset=\"https:\/\/serveiseducatius.xtec.cat\/altemporda\/wp-content\/uploads\/usu1156\/2024\/06\/Cpcalera-1.png 900w, https:\/\/serveiseducatius.xtec.cat\/altemporda\/wp-content\/uploads\/usu1156\/2024\/06\/Cpcalera-1-300x100.png 300w, https:\/\/serveiseducatius.xtec.cat\/altemporda\/wp-content\/uploads\/usu1156\/2024\/06\/Cpcalera-1-768x256.png 768w\" sizes=\"auto, (max-width: 900px) 100vw, 900px\" \/><br \/>\n&nbsp;<br \/>\n<img loading=\"lazy\" decoding=\"async\" class=\"aligncenter size-full wp-image-23373\" src=\"https:\/\/serveiseducatius.xtec.cat\/altemporda\/wp-content\/uploads\/usu1156\/2024\/06\/Capcalera-2.png\" alt=\"\" width=\"547\" height=\"355\" srcset=\"https:\/\/serveiseducatius.xtec.cat\/altemporda\/wp-content\/uploads\/usu1156\/2024\/06\/Capcalera-2.png 547w, https:\/\/serveiseducatius.xtec.cat\/altemporda\/wp-content\/uploads\/usu1156\/2024\/06\/Capcalera-2-300x195.png 300w\" sizes=\"auto, (max-width: 547px) 100vw, 547px\" \/><br \/>\n&nbsp;<br \/>\n<img loading=\"lazy\" decoding=\"async\" class=\"aligncenter size-full wp-image-23374\" src=\"https:\/\/serveiseducatius.xtec.cat\/altemporda\/wp-content\/uploads\/usu1156\/2024\/06\/Capcalera-3.png\" alt=\"\" width=\"492\" height=\"327\" srcset=\"https:\/\/serveiseducatius.xtec.cat\/altemporda\/wp-content\/uploads\/usu1156\/2024\/06\/Capcalera-3.png 492w, https:\/\/serveiseducatius.xtec.cat\/altemporda\/wp-content\/uploads\/usu1156\/2024\/06\/Capcalera-3-300x199.png 300w\" sizes=\"auto, (max-width: 492px) 100vw, 492px\" \/><\/p>\n<div>\n<hr \/>\n<h3 id=\"sites-page-title-header\" align=\"left\"><span id=\"sites-page-title\" dir=\"ltr\" tabindex=\"-1\">Cr\u00e8dits<\/span><\/h3>\n<h3 align=\"left\"><b style=\"font-size: medium;\">\u00a9 Clubs de lectura\u00a0<\/b><span style=\"font-size: medium; font-weight: normal;\">de Secund\u00e0ria de l&#8217;Alt Empord\u00e0<\/span><\/h3>\n<p style=\"font-family: 'Helvetica Neue', Helvetica, Helvetica, Arial, sans-serif; font-size: 14px;\"><span style=\"font-size: medium;\"><b>\u00a9\u00a0Equip impulsor:<\/b><\/span><\/p>\n<p style=\"font-family: 'Helvetica Neue', Helvetica, Helvetica, Arial, sans-serif; font-size: 14px;\"><b><span style=\"font-size: medium;\">\u00a9 Servei Educatiu de l\u2019Alt Empord\u00e0<\/span><\/b><\/p>\n<p style=\"font-family: 'Helvetica Neue', Helvetica, Helvetica, Arial, sans-serif; font-size: 14px;\"><span style=\"font-size: medium;\"><b>\u00a9\u00a0<\/b><b>2014<\/b><\/span><\/p>\n<p style=\"font-family: 'Helvetica Neue', Helvetica, Helvetica, Arial, sans-serif; font-size: 14px;\"><b><span style=\"font-size: medium;\">Departament d\u2019Ensenyament de la Generalitat de Catalunya<\/span><\/b><\/p>\n<p style=\"font-family: 'Helvetica Neue', Helvetica, Helvetica, Arial, sans-serif; font-size: 14px;\"><span style=\"font-size: medium;\">Avinguda Maria \u00c0ngels Anglada, 13 Figueres<\/span><\/p>\n<p style=\"font-family: 'Helvetica Neue', Helvetica, Helvetica, Arial, sans-serif; font-size: 14px;\"><a href=\"http:\/\/www.google.com\/url?q=http%3A%2F%2Fwww.sealtemporda.cat%2F&amp;sa=D&amp;sntz=1&amp;usg=AFrqEzcMhTlh-lyAgWLpIwZHdRTkx8faSQ\" rel=\"nofollow\"><span style=\"font-size: medium;\">www.sealtemporda.cat<\/span><\/a><\/p>\n<p style=\"font-family: 'Helvetica Neue', Helvetica, Helvetica, Arial, sans-serif; font-size: 14px;\"><a href=\"https:\/\/mail.google.com\/mail\/?view=cm&amp;fs=1&amp;tf=1&amp;to=crp-altemporda@xtec.cat\" target=\"_blank\" rel=\"noopener\"><span style=\"font-size: medium;\">crp-altemporda@xtec.cat<\/span><\/a><\/p>\n<p style=\"font-family: 'Helvetica Neue', Helvetica, Helvetica, Arial, sans-serif; font-size: 14px;\"><span style=\"font-size: medium;\"><b>Drets de reproducci\u00f3 i adaptaci\u00f3:\u00a0<\/b><span style=\"color: #000000;\">la reproducci\u00f3 d&#8217;aquest entorn\u00a0<i>web\u00a0<\/i>est\u00e0 autoritzada i agra\u00efda, tant si se cita o no el seu origen, amb la finalitat d&#8217;engrescar i divulgar aquesta iniciativa, tret dels casos que es vulgui fer, directament o indirectament, amb algun tipus de finalitat comercial o lucrativa.<\/span><\/span><\/p>\n<p style=\"font-family: 'Helvetica Neue', Helvetica, Helvetica, Arial, sans-serif; font-size: 14px;\"><span style=\"font-size: medium;\"><span style=\"font-family: Verdana;\"><span style=\"color: #274e13;\"><b>La petjada ecol\u00f2gica:<\/b>\u00a0en\u00a0<\/span><\/span><span style=\"color: #000000;\">l&#8217;edici\u00f3 impresa dels materials derivats d&#8217;aquest\u00a0<i>web\u00a0<\/i>es t\u00e9 en compte\u00a0fer servir materials respectuosos amb el medi ambient.<\/span><\/span><\/p>\n<\/div>\n","protected":false},"excerpt":{"rendered":"<p>&nbsp; &nbsp; &nbsp; Cr\u00e8dits \u00a9 Clubs de lectura\u00a0de Secund\u00e0ria de l&#8217;Alt Empord\u00e0 \u00a9\u00a0Equip impulsor: \u00a9 Servei Educatiu de l\u2019Alt Empord\u00e0 \u00a9\u00a02014 Departament d\u2019Ensenyament de la Generalitat de Catalunya Avinguda Maria \u00c0ngels Anglada, 13 Figueres www.sealtemporda.cat crp-altemporda@xtec.cat Drets de reproducci\u00f3 i adaptaci\u00f3:\u00a0la reproducci\u00f3 d&#8217;aquest entorn\u00a0web\u00a0est\u00e0 autoritzada i agra\u00efda, tant si se cita o no el seu [&hellip;]<\/p>\n","protected":false},"author":4,"featured_media":0,"parent":16181,"menu_order":0,"comment_status":"closed","ping_status":"closed","template":"","meta":{"_bbp_topic_count":0,"_bbp_reply_count":0,"_bbp_total_topic_count":0,"_bbp_total_reply_count":0,"_bbp_voice_count":0,"_bbp_anonymous_reply_count":0,"_bbp_topic_count_hidden":0,"_bbp_reply_count_hidden":0,"_bbp_forum_subforum_count":0,"site-sidebar-layout":"default","site-content-layout":"","ast-site-content-layout":"","site-content-style":"default","site-sidebar-style":"default","ast-global-header-display":"","ast-banner-title-visibility":"","ast-main-header-display":"","ast-hfb-above-header-display":"","ast-hfb-below-header-display":"","ast-hfb-mobile-header-display":"","site-post-title":"","ast-breadcrumbs-content":"","ast-featured-img":"","footer-sml-layout":"","theme-transparent-header-meta":"","adv-header-id-meta":"","stick-header-meta":"","header-above-stick-meta":"","header-main-stick-meta":"","header-below-stick-meta":"","astra-migrate-meta-layouts":"default","ast-page-background-enabled":"default","ast-page-background-meta":{"desktop":{"background-color":"var(--ast-global-color-4)","background-image":"","background-repeat":"repeat","background-position":"center center","background-size":"auto","background-attachment":"scroll","background-type":"","background-media":"","overlay-type":"","overlay-color":"","overlay-opacity":"","overlay-gradient":""},"tablet":{"background-color":"","background-image":"","background-repeat":"repeat","background-position":"center center","background-size":"auto","background-attachment":"scroll","background-type":"","background-media":"","overlay-type":"","overlay-color":"","overlay-opacity":"","overlay-gradient":""},"mobile":{"background-color":"","background-image":"","background-repeat":"repeat","background-position":"center center","background-size":"auto","background-attachment":"scroll","background-type":"","background-media":"","overlay-type":"","overlay-color":"","overlay-opacity":"","overlay-gradient":""}},"ast-content-background-meta":{"desktop":{"background-color":"var(--ast-global-color-5)","background-image":"","background-repeat":"repeat","background-position":"center center","background-size":"auto","background-attachment":"scroll","background-type":"","background-media":"","overlay-type":"","overlay-color":"","overlay-opacity":"","overlay-gradient":""},"tablet":{"background-color":"var(--ast-global-color-5)","background-image":"","background-repeat":"repeat","background-position":"center center","background-size":"auto","background-attachment":"scroll","background-type":"","background-media":"","overlay-type":"","overlay-color":"","overlay-opacity":"","overlay-gradient":""},"mobile":{"background-color":"var(--ast-global-color-5)","background-image":"","background-repeat":"repeat","background-position":"center center","background-size":"auto","background-attachment":"scroll","background-type":"","background-media":"","overlay-type":"","overlay-color":"","overlay-opacity":"","overlay-gradient":""}},"footnotes":""},"class_list":["post-16183","page","type-page","status-publish","hentry"],"post_mailing_queue_ids":[],"_links":{"self":[{"href":"https:\/\/serveiseducatius.xtec.cat\/altemporda\/wp-json\/wp\/v2\/pages\/16183","targetHints":{"allow":["GET"]}}],"collection":[{"href":"https:\/\/serveiseducatius.xtec.cat\/altemporda\/wp-json\/wp\/v2\/pages"}],"about":[{"href":"https:\/\/serveiseducatius.xtec.cat\/altemporda\/wp-json\/wp\/v2\/types\/page"}],"author":[{"embeddable":true,"href":"https:\/\/serveiseducatius.xtec.cat\/altemporda\/wp-json\/wp\/v2\/users\/4"}],"replies":[{"embeddable":true,"href":"https:\/\/serveiseducatius.xtec.cat\/altemporda\/wp-json\/wp\/v2\/comments?post=16183"}],"version-history":[{"count":5,"href":"https:\/\/serveiseducatius.xtec.cat\/altemporda\/wp-json\/wp\/v2\/pages\/16183\/revisions"}],"predecessor-version":[{"id":23378,"href":"https:\/\/serveiseducatius.xtec.cat\/altemporda\/wp-json\/wp\/v2\/pages\/16183\/revisions\/23378"}],"up":[{"embeddable":true,"href":"https:\/\/serveiseducatius.xtec.cat\/altemporda\/wp-json\/wp\/v2\/pages\/16181"}],"wp:attachment":[{"href":"https:\/\/serveiseducatius.xtec.cat\/altemporda\/wp-json\/wp\/v2\/media?parent=16183"}],"curies":[{"name":"wp","href":"https:\/\/api.w.org\/{rel}","templated":true}]}}