{"id":15119,"date":"2021-11-29T18:47:03","date_gmt":"2021-11-29T17:47:03","guid":{"rendered":"https:\/\/serveiseducatius.xtec.cat\/altemporda\/?page_id=15119"},"modified":"2026-01-30T10:29:09","modified_gmt":"2026-01-30T09:29:09","slug":"premis","status":"publish","type":"page","link":"https:\/\/serveiseducatius.xtec.cat\/altemporda\/forum-de-treballs-de-recerca-ftr\/premis\/","title":{"rendered":"Premis TdR"},"content":{"rendered":"<div dir=\"ltr\">\n<p><span style=\"font-family: inherit; font-size: 1em;\">Us presentem tot seguit una llista dels premis als quals podeu presentar els vostres treballs. <\/span><span style=\"font-family: inherit; font-size: 1em;\">Atesa la situaci\u00f3 canviant, comproveu la vig\u00e8ncia i actualitzaci\u00f3 de les convocat\u00f2ries.<\/span><\/p>\n<hr \/>\n<h3><strong>Premis de Treballs de Recerca a l&#8217;Alt Empord\u00e0<\/strong><\/h3>\n<ul>\n<li>\n<h4><a href=\"https:\/\/iee.cat\/convocatoria\/\">PREMIS: INSTITUT D&#8217;ESTUDIS EMPORDANESOS<\/a><\/h4>\n<\/li>\n<\/ul>\n<p style=\"padding-left: 40px;\">XXIII Premi Albert Compte a treballs de recerca d\u2019humanitats i ci\u00e8ncies socials <em>XXXIV Premi Josep M. \u00c1lvarez a treballs de recerca de medi ambient i natura III Premi F\u00e0tima Bosch a treballs de recerca de ci\u00e8ncies.<\/em><\/p>\n<ul>\n<li>\n<h4><a href=\"https:\/\/www.omnium.cat\/ca\/seus\/alt-emporda\/\" target=\"_blank\" rel=\"noopener\">PREMIS \u00d2MNIUM CULTURAL<\/a><\/h4>\n<\/li>\n<\/ul>\n<p style=\"padding-left: 40px;\">Premi \u00d2mnium Cultural de llengua, literatura i cultura catalanes.<\/p>\n<ul>\n<li>\n<h4><a href=\"https:\/\/www.amicsmuseusdali.com\/ca\/salvador-dali-premi-de-recerca-2026.html\">PREMIS: AMICS DELS MUSEUS DAL\u00cd<\/a><\/h4>\n<\/li>\n<\/ul>\n<p style=\"padding-left: 40px;\">Premis als Treballs de recerca de l&#8217;\u00e0mbit de Dal\u00ed.<\/p>\n<h3><strong>NOVETATS<\/strong><\/h3>\n<ul>\n<li>\n<h4><a href=\"https:\/\/www.udg.edu\/ca\/catedres\/vi-i-oli-emporda\/premis-i-beques\">PREMIS : C\u00c0TEDRA DEL VI I L&#8217;OLI A LA UdG (CVO-UdG)<\/a><\/h4>\n<\/li>\n<\/ul>\n<p>Els premis als treballs de recerca de batxillerat i cicles formatius que ofereix la C\u00e0tedra del Vi i de l\u2019Oli de l\u2019Empord\u00e0, i que s\u00f3n convocats amb car\u00e0cter anual, tenen per objectiu la promoci\u00f3\u00a0 \u00a0 \u00a0 \u00a0 \u00a0 de la recerca aplicada a l\u2019\u00e0mbit tem\u00e0tic de la vinya i el vi, i de l\u2019olivera i l\u2019oli, en els camps de les humanitats, les ci\u00e8ncies socials, les ci\u00e8ncies naturals i la tecnologia.<\/p>\n<ul>\n<li>\n<h4><strong><a href=\"http:\/\/www.centreobertarquitectura.com\/apren\/#PremideRecercaSniaDalet\">PREMIS: CENTRE OBERT D&#8217;ARQUITECTURA.<\/a><\/strong><\/h4>\n<\/li>\n<\/ul>\n<p>En el marc del programa educatiu\u00a0<a href=\"https:\/\/www.centreobertarquitectura.com\/apren\/\" target=\"_blank\" rel=\"noopener\">ArquiEscola<\/a>, i despr\u00e9s de l\u2019\u00e8xit de la primera edici\u00f3, el COAC convoca la tercera edici\u00f3 del\u00a0<strong>Premi S\u00f2nia Dalet<\/strong><strong>\u00a0de treballs de recerca a batxillerat i d\u2019innovaci\u00f3 docent a l\u2019ESO en l\u2019\u00e0mbit de l\u2019arquitectura<\/strong>.<\/p>\n<hr \/>\n<h3><strong>Altres premis de Treballs de Recerca<\/strong><\/h3>\n<div class=\"h5p-iframe-wrapper\"><iframe id=\"h5p-iframe-3\" class=\"h5p-iframe\" data-content-id=\"3\" style=\"height:1px\" src=\"about:blank\" frameBorder=\"0\" scrolling=\"no\" title=\"Premis TdR\"><\/iframe><\/div>\n<\/div>\n","protected":false},"excerpt":{"rendered":"<p>Us presentem tot seguit una llista dels premis als quals podeu presentar els vostres treballs. Atesa la situaci\u00f3 canviant, comproveu la vig\u00e8ncia i actualitzaci\u00f3 de les convocat\u00f2ries. Premis de Treballs de Recerca a l&#8217;Alt Empord\u00e0 PREMIS: INSTITUT D&#8217;ESTUDIS EMPORDANESOS XXIII Premi Albert Compte a treballs de recerca d\u2019humanitats i ci\u00e8ncies socials XXXIV Premi Josep M. [&hellip;]<\/p>\n","protected":false},"author":4,"featured_media":0,"parent":13343,"menu_order":0,"comment_status":"closed","ping_status":"closed","template":"","meta":{"_bbp_topic_count":0,"_bbp_reply_count":0,"_bbp_total_topic_count":0,"_bbp_total_reply_count":0,"_bbp_voice_count":0,"_bbp_anonymous_reply_count":0,"_bbp_topic_count_hidden":0,"_bbp_reply_count_hidden":0,"_bbp_forum_subforum_count":0,"site-sidebar-layout":"default","site-content-layout":"","ast-site-content-layout":"","site-content-style":"default","site-sidebar-style":"default","ast-global-header-display":"","ast-banner-title-visibility":"","ast-main-header-display":"","ast-hfb-above-header-display":"","ast-hfb-below-header-display":"","ast-hfb-mobile-header-display":"","site-post-title":"","ast-breadcrumbs-content":"","ast-featured-img":"","footer-sml-layout":"","theme-transparent-header-meta":"","adv-header-id-meta":"","stick-header-meta":"","header-above-stick-meta":"","header-main-stick-meta":"","header-below-stick-meta":"","astra-migrate-meta-layouts":"default","ast-page-background-enabled":"default","ast-page-background-meta":{"desktop":{"background-color":"var(--ast-global-color-4)","background-image":"","background-repeat":"repeat","background-position":"center center","background-size":"auto","background-attachment":"scroll","background-type":"","background-media":"","overlay-type":"","overlay-color":"","overlay-opacity":"","overlay-gradient":""},"tablet":{"background-color":"","background-image":"","background-repeat":"repeat","background-position":"center center","background-size":"auto","background-attachment":"scroll","background-type":"","background-media":"","overlay-type":"","overlay-color":"","overlay-opacity":"","overlay-gradient":""},"mobile":{"background-color":"","background-image":"","background-repeat":"repeat","background-position":"center center","background-size":"auto","background-attachment":"scroll","background-type":"","background-media":"","overlay-type":"","overlay-color":"","overlay-opacity":"","overlay-gradient":""}},"ast-content-background-meta":{"desktop":{"background-color":"var(--ast-global-color-5)","background-image":"","background-repeat":"repeat","background-position":"center center","background-size":"auto","background-attachment":"scroll","background-type":"","background-media":"","overlay-type":"","overlay-color":"","overlay-opacity":"","overlay-gradient":""},"tablet":{"background-color":"var(--ast-global-color-5)","background-image":"","background-repeat":"repeat","background-position":"center center","background-size":"auto","background-attachment":"scroll","background-type":"","background-media":"","overlay-type":"","overlay-color":"","overlay-opacity":"","overlay-gradient":""},"mobile":{"background-color":"var(--ast-global-color-5)","background-image":"","background-repeat":"repeat","background-position":"center center","background-size":"auto","background-attachment":"scroll","background-type":"","background-media":"","overlay-type":"","overlay-color":"","overlay-opacity":"","overlay-gradient":""}},"footnotes":""},"class_list":["post-15119","page","type-page","status-publish","hentry"],"post_mailing_queue_ids":[],"_links":{"self":[{"href":"https:\/\/serveiseducatius.xtec.cat\/altemporda\/wp-json\/wp\/v2\/pages\/15119","targetHints":{"allow":["GET"]}}],"collection":[{"href":"https:\/\/serveiseducatius.xtec.cat\/altemporda\/wp-json\/wp\/v2\/pages"}],"about":[{"href":"https:\/\/serveiseducatius.xtec.cat\/altemporda\/wp-json\/wp\/v2\/types\/page"}],"author":[{"embeddable":true,"href":"https:\/\/serveiseducatius.xtec.cat\/altemporda\/wp-json\/wp\/v2\/users\/4"}],"replies":[{"embeddable":true,"href":"https:\/\/serveiseducatius.xtec.cat\/altemporda\/wp-json\/wp\/v2\/comments?post=15119"}],"version-history":[{"count":8,"href":"https:\/\/serveiseducatius.xtec.cat\/altemporda\/wp-json\/wp\/v2\/pages\/15119\/revisions"}],"predecessor-version":[{"id":26973,"href":"https:\/\/serveiseducatius.xtec.cat\/altemporda\/wp-json\/wp\/v2\/pages\/15119\/revisions\/26973"}],"up":[{"embeddable":true,"href":"https:\/\/serveiseducatius.xtec.cat\/altemporda\/wp-json\/wp\/v2\/pages\/13343"}],"wp:attachment":[{"href":"https:\/\/serveiseducatius.xtec.cat\/altemporda\/wp-json\/wp\/v2\/media?parent=15119"}],"curies":[{"name":"wp","href":"https:\/\/api.w.org\/{rel}","templated":true}]}}