{"id":14670,"date":"2021-11-03T16:58:54","date_gmt":"2021-11-03T15:58:54","guid":{"rendered":"https:\/\/serveiseducatius.xtec.cat\/altemporda\/?page_id=14670"},"modified":"2021-11-03T17:05:59","modified_gmt":"2021-11-03T16:05:59","slug":"14-conclusions","status":"publish","type":"page","link":"https:\/\/serveiseducatius.xtec.cat\/altemporda\/concurs-oratoria-alt-emporda\/lart-de-parlar\/14-conclusions\/","title":{"rendered":"14. Conclusions"},"content":{"rendered":"<p><a style=\"font-size: 13.6000003814697px; line-height: 17.0666656494141px;\" href=\"https:\/\/sites.google.com\/a\/xtec.cat\/concurs-d-oratoria-juvenil-de-l-alt-emporda\/l-art-de-parlar\" target=\"_blank\" rel=\"noopener\">Torna a l&#8217;\u00edndex<\/a><span style=\"font-size: 13.6000003814697px; line-height: 17.0666656494141px;\">]<\/span><\/p>\n<div style=\"line-height: 17.0666656494141px;\">\n<p style=\"font-size: 13.6000003814697px; background-image: none; background-repeat: repeat;\"><span style=\"background-color: #660000;\"><b><span style=\"font-family: Verdana,sans-serif; color: white;\">Fitxa 14: Conclusions<\/span><\/b><\/span><\/p>\n<p style=\"font-size: 13.6000003814697px;\"><span style=\"font-size: 1.0pt; line-height: 115%;\">\u00a0<\/span><\/p>\n<p style=\"font-size: 13.6000003814697px; background-image: initial; background-color: #c0504d; background-repeat: initial;\"><b><span style=\"font-family: Verdana,sans-serif; color: white;\">Descriptor <\/span><\/b><\/p>\n<table style=\"font-size: 13.6px; border-collapse: collapse; border: none; width: 99.1173%;\" border=\"1\" cellspacing=\"0\" cellpadding=\"0\">\n<tbody>\n<tr style=\"height: 184.8pt;\">\n<td style=\"width: 100%; border: 1pt solid windowtext; padding: 0cm 5.4pt; height: 184.8pt;\" valign=\"top\" width=\"652\">\n<p style=\"text-align: center; line-height: normal;\"><span style=\"color: #000000;\"><b><span style=\"font-size: 10.0pt; font-family: Verdana,sans-serif;\">Tot va b\u00e9 si acaba b\u00e9<\/span><\/b><\/span><\/p>\n<p style=\"line-height: normal; text-align: left;\"><span style=\"font-size: 10.0pt; font-family: Verdana,sans-serif;\">La fase final del discurs \u00e9s el que en l&#8217;orat\u00f2ria cl\u00e0ssica s&#8217;anomenava la <i>peroratio<\/i> o ep\u00edleg. <\/span><\/p>\n<p style=\"line-height: normal; text-align: left;\"><span style=\"font-size: 10.0pt; font-family: Verdana,sans-serif;\">Els cl\u00e0ssics ja deien que el final del discurs era important\u00edssim a l\u2019hora d\u2019inclinar la voluntat de l\u2019oient. Per a aix\u00f2 sabien que calia apel\u00b7lar als seus afectes i emocions i provocar-los b\u00e9 compassi\u00f3 (<i>conquestio<\/i> o <i>commiseratio<\/i>) o b\u00e9 indignaci\u00f3 (<i>indignatio<\/i>).<\/span><\/p>\n<p style=\"line-height: normal; text-align: left;\"><span style=\"font-size: 10.0pt; font-family: Verdana,sans-serif;\">Quan arribem al final de la nostra exposici\u00f3, doncs, es tracta de sintetitzar els aspectes fonamentals del discurs i d\u2019aconseguir, a m\u00e9s, commoure l\u2019oient.<br \/>\n<\/span><\/p>\n<p style=\"line-height: normal; text-align: left;\"><span style=\"font-size: 10.0pt; font-family: Verdana,sans-serif;\">Aix\u00f2 vol dir que haurem de recollir sum\u00e0riament els arguments principals del nostre discurs per fer-ne mem\u00f2ria als nostres oients (per\u00f2 sense pretendre destacar-los tots) i tenir pensada alguna an\u00e8cdota o exemple que ens ajudi a arribar a l&#8217;auditori i a tancar amb \u00e8xit la intervenci\u00f3.<\/span><\/p>\n<p style=\"line-height: normal; text-align: left;\"><span style=\"font-size: 10.0pt; font-family: Verdana,sans-serif;\">Les caracter\u00edstiques b\u00e0siques d\u2019un bon final s\u00f3n:<\/span><\/p>\n<div style=\"margin-left: 40px;\"><span style=\"font-size: 10.0pt; font-family: Symbol;\">\u00b7<span style=\"font: 7.0pt 'Times New Roman';\"> \u00a0\u00a0\u00a0\u00a0\u00a0\u00a0<\/span><\/span><span style=\"font-size: 10.0pt; font-family: Verdana,sans-serif;\">Fa una s\u00edntesi dels arguments exposats.<\/span><\/div>\n<div style=\"margin-left: 40px;\">\n<p>&nbsp;<\/p>\n<\/div>\n<div style=\"margin-left: 40px;\"><span style=\"font-size: 10.0pt; font-family: Symbol;\">\u00b7<span style=\"font: 7.0pt 'Times New Roman';\"> \u00a0\u00a0\u00a0\u00a0\u00a0\u00a0\u00a0<\/span><\/span><span style=\"font-size: 10.0pt; font-family: Verdana,sans-serif;\">Est\u00e0 formulat de manera incisiva a partir dels mots clau<\/span>.<\/div>\n<p>&nbsp;<\/p>\n<div style=\"margin-left: 40px;\"><span style=\"font-size: 10.0pt; font-family: Symbol;\">\u00b7<span style=\"font: 7.0pt 'Times New Roman';\">\u00a0\u00a0\u00a0\u00a0\u00a0 <\/span><\/span><span style=\"font-size: 10.0pt; font-family: Verdana,sans-serif;\">Busca la complicitat definitiva amb el p\u00fablic: pot alliberar la tensi\u00f3 creada per mitj\u00e0 d\u2019un\u00a0\u00a0 gir humor\u00edstic, una breu reflexi\u00f3 emotiva. <\/span><\/div>\n<p>&nbsp;<\/p>\n<div style=\"margin-left: 40px;\"><span style=\"font-size: 10.0pt; font-family: Symbol;\">\u00b7<span style=\"font: 7.0pt 'Times New Roman';\"> \u00a0\u00a0\u00a0\u00a0\u00a0\u00a0\u00a0<\/span><\/span><span style=\"font-size: 10.0pt; font-family: Verdana,sans-serif;\">Exigeix dels espectadors que actu\u00efn en un sentit determinat (els fa prendre partit)<\/span>.<\/div>\n<p style=\"line-height: normal; text-align: left;\"><span style=\"font-size: 10.0pt; font-family: Verdana,sans-serif;\">\u00a0<\/span><\/p>\n<p style=\"line-height: normal; text-align: left;\"><span style=\"font-size: 10.0pt; font-family: Verdana,sans-serif;\">Cal tenir sempre present que un bon final pot compensar un discurs m\u00e9s aviat mediocre, per\u00f2 que un discurs brillant pot acabar fracassant per culpa d\u2019un final dolent.<\/span><\/p>\n<\/td>\n<\/tr>\n<\/tbody>\n<\/table>\n<p style=\"font-size: 13.6000003814697px; margin-top: 12pt; background-image: initial; background-color: #c0504d; background-repeat: initial;\"><b><span style=\"font-family: Verdana,sans-serif; color: white;\">Idees clau<\/span><\/b><\/p>\n<table style=\"font-size: 13.6px; border-collapse: collapse; border: none; width: 99.8341%;\" border=\"1\" cellspacing=\"0\" cellpadding=\"0\">\n<tbody>\n<tr style=\"height: 186.8pt;\">\n<td style=\"width: 100%; border: 1pt solid windowtext; padding: 0cm 5.4pt; height: 186.8pt;\" valign=\"top\" width=\"652\">\n<ul>\n<li><span style=\"font-size: 10.0pt; font-family: Verdana,sans-serif;\">\u00c9s convenient fer saber a l\u2019auditori que ens disposem a concloure la nostra exposici\u00f3, ser directes i no allargar-nos innecess\u00e0riament a fi d\u2019aconseguir captar la seva atenci\u00f3 en el tram final.<\/span><\/li>\n<\/ul>\n<ul>\n<li><span style=\"font-size: 10.0pt; font-family: Verdana,sans-serif;\">Resumir breument les idees exposades, reafirmar la idea central i induir a l\u2019acci\u00f3 donant raons per a fer-ho quan s\u2019escaigui s\u00f3n formes b\u00e0siques de concloure un discurs.<\/span><\/li>\n<\/ul>\n<ul>\n<li><span style=\"font-size: 10.0pt; font-family: Verdana,sans-serif;\">Saber trobar un argument contundent per tancar el discurs en el punt m\u00e9s \u00e0lgid no \u00e9s gens f\u00e0cil. No hi ha lloc per a la improvisaci\u00f3: cal que la naturalitat aparent sigui preparada.<\/span><span style=\"font-size: 10.0pt; font-family: Verdana,sans-serif;\"> La breu reflexi\u00f3 emotiva pot partir de:<\/span>\n<div style=\"margin-left: 40px;\"><span style=\"font-size: 10.0pt; font-family: Symbol;\">\u00b7 <\/span><span style=\"font-size: 10.0pt; font-family: Verdana,sans-serif;\">Un cop d\u2019efecte<\/span><br \/>\n<span style=\"font-size: 10.0pt; font-family: Symbol;\">\u00b7 <\/span><span style=\"font-size: 10.0pt; font-family: Verdana,sans-serif;\">Un elogi al p\u00fablic<\/span><\/div>\n<\/li>\n<\/ul>\n<ul>\n<li><span style=\"font-size: 10.0pt; font-family: Verdana,sans-serif;\">Tamb\u00e9 hem de tenir en compte que la part final mantingui una proporcionalitat adequada amb el conjunt del discurs i no s\u2019allargui excessivament (mantenir la proporcionalitat adequada al temps global del discurs).<\/span><\/li>\n<\/ul>\n<ul>\n<li><span style=\"font-size: 10.0pt; font-family: Verdana,sans-serif;\">La reflexi\u00f3 i la f\u00f3rmula de comiat s\u2019han d\u2019haver preparat. I recordeu que no cal disculpar-se ni estendre\u2019s excessivament en els agra\u00efments(segurament ja no ens estaran escoltant). <\/span>I, sempre, hem de recordar tancar la intervenci\u00f3 amb un somriure i mirant fixament el p\u00fablic.<\/li>\n<\/ul>\n<\/td>\n<\/tr>\n<\/tbody>\n<\/table>\n<p style=\"font-size: 13.6000003814697px; margin-top: 12pt; background-image: initial; background-color: #c0504d; background-repeat: initial;\"><span style=\"color: #ffffff; font-family: Verdana, sans-serif;\"><b>Pr\u00e0ctica<\/b><\/span><\/p>\n<p><span style=\"font-size: 13.6000003814697px; font-family: Verdana,sans-serif;\">\u00a0<\/span><\/p>\n<div style=\"border: 1pt solid windowtext; padding: 1pt 4pt;\">\n<p style=\"font-size: 13.6000003814697px; padding: 0cm; text-align: center;\"><a href=\"http:\/\/youtu.be\/YT-HTkUwO-M\"><span style=\"font-family: Verdana,sans-serif;\">Discurs de Quim Monz\u00f3 a la Fira del Llibre de Frankfurt 2007<\/span><\/a><\/p>\n<p><center><iframe loading=\"lazy\" title=\"YouTube video player\" src=\"https:\/\/www.youtube.com\/embed\/YT-HTkUwO-M\" width=\"560\" height=\"315\" frameborder=\"0\" allowfullscreen=\"allowfullscreen\"><\/iframe><\/center><\/p>\n<div style=\"font-size: 13.6000003814697px; text-align: center;\"><span style=\"font-size: small;\"><a href=\"https:\/\/www.youtube.com\/watch?x-yt-cl=85114404&amp;x-yt-ts=1422579428&amp;v=YT-HTkUwO-M\">https:\/\/www.youtube.com\/watch?x-yt-cl=85114404&amp;x-yt-ts=1422579428&amp;v=YT-HTkUwO-M<\/a><\/span><\/div>\n<div style=\"text-align: center;\"><span style=\"font-size: small;\">\u00a0<\/span><\/div>\n<div style=\"text-align: center;\">\n<div style=\"text-align: left;\"><span style=\"line-height: 17.0666656494141px; text-align: left; font-size: small;\"><span style=\"font-family: verdana,sans-serif;\"><u><span style=\"color: #660000;\"><b><br \/>\nActivitat 1<\/b><\/span><\/u><\/span><\/span><\/div>\n<p><span style=\"line-height: 17.0666656494141px; text-align: left; font-size: small;\">\u00a0<\/span><\/p>\n<div style=\"text-align: left;\">\n<p><span style=\"line-height: 17.0666656494141px; text-align: left; font-size: small;\"><span style=\"font-family: Verdana,sans-serif;\">Despr\u00e9s de veure i escoltar el discurs d&#8217;inauguraci\u00f3 de la Fira de Frankfurt del 2007 i de fixar-nos en la seva peculiar forma, us convidem a veure la valoraci\u00f3 que en fan alguns companys escriptors, que el qualifiquen de &#8220;discurs rod\u00f3&#8221;. Per qu\u00e8?<\/span><\/span><\/p>\n<\/div>\n<div style=\"font-size: 13.6000003814697px; line-height: 17.0666656494141px;\">\n<p><span style=\"font-size: small;\"><span style=\"font-family: Verdana,sans-serif;\"><a href=\"https:\/\/www.youtube.com\/watch?v=PqoGNJTofrs\">&#8220;Ha estat un discurs rod\u00f3&#8221;<\/a><\/span><\/span><span style=\"font-family: Verdana,sans-serif;\"><br \/>\n<\/span><span style=\"font-family: Verdana,sans-serif;\"><br \/>\n<\/span><\/p>\n<p><center><iframe loading=\"lazy\" title=\"YouTube video player\" src=\"https:\/\/www.youtube.com\/embed\/PqoGNJTofrs\" width=\"560\" height=\"315\" frameborder=\"0\" allowfullscreen=\"allowfullscreen\"><\/iframe><\/center><span style=\"font-family: Verdana,sans-serif;\"><a><br \/>\n<\/a><span style=\"font-size: small;\"><a href=\"https:\/\/www.youtube.com\/watch?x-yt-ts=1422579428&amp;v=PqoGNJTofrs&amp;x-yt-cl=85114404\">https:\/\/www.youtube.com\/watch?x-yt-ts=1422579428&amp;v=PqoGNJTofrs&amp;x-yt-cl=85114404<\/a><\/span><\/span><\/p>\n<div style=\"text-align: left;\"><span style=\"font-size: small;\"><span style=\"font-size: small;\"><span style=\"font-family: verdana,sans-serif;\"><b><br \/>\n<u><span style=\"color: #660000;\">Activitat 2<\/span><\/u><\/b><\/span><\/span><\/span><\/div>\n<div><\/div>\n<div style=\"text-align: left;\">Ara, analitzeu-ne especialment els dos darrers minuts, \u00e9s a dir, la conclusi\u00f3.<\/div>\n<div style=\"text-align: left;\"><span style=\"font-size: small;\"><span style=\"font-family: verdana,sans-serif;\">\u00a0<\/span><\/span><\/div>\n<div style=\"text-align: left;\">\n<p><span style=\"font-size: small;\"><span style=\"font-family: verdana,sans-serif;\"><b><u><span style=\"color: #660000;\">Activitat 3<\/span><\/u><\/b><\/span><\/span><\/p>\n<p>En petits grups, imagineu finals alternatius i exposeu-los davant dels vostres companys.<span style=\"font-family: Verdana, sans-serif; font-size: 13.6px; text-align: center;\">\u00a0<\/span><\/p>\n<\/div>\n<\/div>\n<\/div>\n<\/div>\n<\/div>\n","protected":false},"excerpt":{"rendered":"<p>Torna a l&#8217;\u00edndex] Fitxa 14: Conclusions \u00a0 Descriptor Tot va b\u00e9 si acaba b\u00e9 La fase final del discurs \u00e9s el que en l&#8217;orat\u00f2ria cl\u00e0ssica s&#8217;anomenava la peroratio o ep\u00edleg. Els cl\u00e0ssics ja deien que el final del discurs era important\u00edssim a l\u2019hora d\u2019inclinar la voluntat de l\u2019oient. Per a aix\u00f2 sabien que calia apel\u00b7lar [&hellip;]<\/p>\n","protected":false},"author":71,"featured_media":0,"parent":14322,"menu_order":14,"comment_status":"closed","ping_status":"closed","template":"","meta":{"_bbp_topic_count":0,"_bbp_reply_count":0,"_bbp_total_topic_count":0,"_bbp_total_reply_count":0,"_bbp_voice_count":0,"_bbp_anonymous_reply_count":0,"_bbp_topic_count_hidden":0,"_bbp_reply_count_hidden":0,"_bbp_forum_subforum_count":0,"site-sidebar-layout":"default","site-content-layout":"","ast-site-content-layout":"","site-content-style":"default","site-sidebar-style":"default","ast-global-header-display":"","ast-banner-title-visibility":"","ast-main-header-display":"","ast-hfb-above-header-display":"","ast-hfb-below-header-display":"","ast-hfb-mobile-header-display":"","site-post-title":"","ast-breadcrumbs-content":"","ast-featured-img":"","footer-sml-layout":"","theme-transparent-header-meta":"","adv-header-id-meta":"","stick-header-meta":"","header-above-stick-meta":"","header-main-stick-meta":"","header-below-stick-meta":"","astra-migrate-meta-layouts":"default","ast-page-background-enabled":"default","ast-page-background-meta":{"desktop":{"background-color":"var(--ast-global-color-4)","background-image":"","background-repeat":"repeat","background-position":"center center","background-size":"auto","background-attachment":"scroll","background-type":"","background-media":"","overlay-type":"","overlay-color":"","overlay-opacity":"","overlay-gradient":""},"tablet":{"background-color":"","background-image":"","background-repeat":"repeat","background-position":"center center","background-size":"auto","background-attachment":"scroll","background-type":"","background-media":"","overlay-type":"","overlay-color":"","overlay-opacity":"","overlay-gradient":""},"mobile":{"background-color":"","background-image":"","background-repeat":"repeat","background-position":"center center","background-size":"auto","background-attachment":"scroll","background-type":"","background-media":"","overlay-type":"","overlay-color":"","overlay-opacity":"","overlay-gradient":""}},"ast-content-background-meta":{"desktop":{"background-color":"var(--ast-global-color-5)","background-image":"","background-repeat":"repeat","background-position":"center center","background-size":"auto","background-attachment":"scroll","background-type":"","background-media":"","overlay-type":"","overlay-color":"","overlay-opacity":"","overlay-gradient":""},"tablet":{"background-color":"var(--ast-global-color-5)","background-image":"","background-repeat":"repeat","background-position":"center center","background-size":"auto","background-attachment":"scroll","background-type":"","background-media":"","overlay-type":"","overlay-color":"","overlay-opacity":"","overlay-gradient":""},"mobile":{"background-color":"var(--ast-global-color-5)","background-image":"","background-repeat":"repeat","background-position":"center center","background-size":"auto","background-attachment":"scroll","background-type":"","background-media":"","overlay-type":"","overlay-color":"","overlay-opacity":"","overlay-gradient":""}},"footnotes":""},"class_list":["post-14670","page","type-page","status-publish","hentry"],"post_mailing_queue_ids":[],"_links":{"self":[{"href":"https:\/\/serveiseducatius.xtec.cat\/altemporda\/wp-json\/wp\/v2\/pages\/14670","targetHints":{"allow":["GET"]}}],"collection":[{"href":"https:\/\/serveiseducatius.xtec.cat\/altemporda\/wp-json\/wp\/v2\/pages"}],"about":[{"href":"https:\/\/serveiseducatius.xtec.cat\/altemporda\/wp-json\/wp\/v2\/types\/page"}],"author":[{"embeddable":true,"href":"https:\/\/serveiseducatius.xtec.cat\/altemporda\/wp-json\/wp\/v2\/users\/71"}],"replies":[{"embeddable":true,"href":"https:\/\/serveiseducatius.xtec.cat\/altemporda\/wp-json\/wp\/v2\/comments?post=14670"}],"version-history":[{"count":3,"href":"https:\/\/serveiseducatius.xtec.cat\/altemporda\/wp-json\/wp\/v2\/pages\/14670\/revisions"}],"predecessor-version":[{"id":14678,"href":"https:\/\/serveiseducatius.xtec.cat\/altemporda\/wp-json\/wp\/v2\/pages\/14670\/revisions\/14678"}],"up":[{"embeddable":true,"href":"https:\/\/serveiseducatius.xtec.cat\/altemporda\/wp-json\/wp\/v2\/pages\/14322"}],"wp:attachment":[{"href":"https:\/\/serveiseducatius.xtec.cat\/altemporda\/wp-json\/wp\/v2\/media?parent=14670"}],"curies":[{"name":"wp","href":"https:\/\/api.w.org\/{rel}","templated":true}]}}