{"id":14596,"date":"2021-11-03T10:11:34","date_gmt":"2021-11-03T09:11:34","guid":{"rendered":"https:\/\/serveiseducatius.xtec.cat\/altemporda\/?page_id=14596"},"modified":"2021-11-03T10:24:07","modified_gmt":"2021-11-03T09:24:07","slug":"7-laudiencia","status":"publish","type":"page","link":"https:\/\/serveiseducatius.xtec.cat\/altemporda\/concurs-oratoria-alt-emporda\/lart-de-parlar\/7-laudiencia\/","title":{"rendered":"7. L&#8217;audi\u00e8ncia"},"content":{"rendered":"<p><span style=\"font-size: 13.6000003814697px; line-height: 17.0666656494141px;\">[<\/span><a style=\"font-size: 13.6000003814697px; line-height: 17.0666656494141px;\" href=\"https:\/\/sites.google.com\/a\/xtec.cat\/concurs-d-oratoria-juvenil-de-l-alt-emporda\/l-art-de-parlar\" target=\"_blank\" rel=\"noopener\">Torna a l&#8217;\u00edndex<\/a><span style=\"font-size: 13.6000003814697px; line-height: 17.0666656494141px;\">]<\/span><span style=\"font-size: 1pt; line-height: 115%; background-color: transparent;\">\u00a0<\/span><\/p>\n<div>\n<p style=\"font-size: 13.6000003814697px; line-height: 17.0666656494141px; background-image: none; background-repeat: repeat;\"><span style=\"background-color: #990000;\"><b><span style=\"font-family: Verdana,sans-serif; color: white;\">Fitxa 7: L\u2019audi\u00e8ncia<\/span><\/b><\/span><\/p>\n<p style=\"font-size: 13.6000003814697px; line-height: 17.0666656494141px; background-image: initial; background-color: #c0504d; background-repeat: initial;\"><b><span style=\"font-family: Verdana,sans-serif; color: white;\">Descriptor <\/span><\/b><\/p>\n<table style=\"font-size: 13.6px; line-height: 17.0667px; border-collapse: collapse; border: none; width: 99.4836%;\" border=\"1\" cellspacing=\"0\" cellpadding=\"0\">\n<tbody>\n<tr style=\"height: 184.8pt;\">\n<td style=\"width: 100%; border: 1pt solid windowtext; padding: 0cm 5.4pt; height: 184.8pt;\" valign=\"top\" width=\"652\">\n<p style=\"margin-bottom: 0.0001pt; text-align: center; line-height: normal;\"><span style=\"color: #000000;\"><b><span style=\"font-size: small;\"><span style=\"font-family: verdana,sans-serif;\"><span style=\"text-decoration: none;\">When dealing with people, remember you are not dealing<br \/>\nwith creatures of logic, but creatures of emotion.<\/span><\/span><\/span><\/b><br \/>\n<span style=\"font-size: small;\"><span style=\"font-family: verdana,sans-serif;\">(Dale Carnegie)<\/span><\/span><\/span><\/p>\n<p style=\"text-align: justify;\"><span style=\"color: #000000;\">\u00a0<\/span><span style=\"font-size: 10.0pt; font-family: Verdana,sans-serif;\">En qualsevol discurs no n\u2019hi ha prou d\u2019acotar amb precisi\u00f3 el tema si no som capa\u00e7os d\u2019aturar-nos a pensar en el receptor i en les seves expectatives. <\/span><span style=\"font-size: 10.0pt; font-family: Verdana,sans-serif;\">Cal, doncs, que pensem en el p\u00fablic a qui ens dirigim i que no deixem res a l\u2019atzar.<br \/>\nHem de valorar la composici\u00f3 del p\u00fablic (nombre d\u2019oients), les seves caracter\u00edstiques, proced\u00e8ncia, edat, grau de coneixement del tema&#8230; \u00c9s igualment important saber-ne el grau de motivaci\u00f3: han acudit a escoltar-nos de forma volunt\u00e0ria o s\u2019hi han vist obligats?<\/span><\/p>\n<p style=\"text-align: justify;\"><span style=\"font-size: 10.0pt; font-family: Verdana,sans-serif;\">Un darrer aspecte a considerar: pot ser que la nostra audi\u00e8ncia tingui informaci\u00f3 sobre nosaltres i ja parteixin d\u2019una opini\u00f3 preconcebuda sobre nosaltres, favorable o desfavorable.\u00a0<\/span><span style=\"font-size: 10.0pt; font-family: Verdana,sans-serif;\">Tots aquests aspectes afectaran el discurs: si no som capa\u00e7os d\u2019adaptar-lo a les caracter\u00edstiques i expectatives de l\u2019audi\u00e8ncia, el resultat pot ser avorrit, decebedor o est\u00e8ril. En resum: un frac\u00e0s en la nostra voluntat de comunicar-nos.<\/span><\/p>\n<p style=\"margin-bottom: .0001pt; text-align: justify; line-height: normal;\"><span style=\"font-family: verdana,sans-serif;\"><span style=\"font-size: 10pt;\">I aix\u00f2, no ho oblidem, tant ens val per a un gran discurs com per a qualsevol ocasi\u00f3 en qu\u00e8 haguem de parlar amb alg\u00fa.\u00a0<\/span><\/span><span style=\"font-family: verdana,sans-serif;\"><span style=\"font-size: 10pt;\">Tot plegat ho sabien prou b\u00e9 els cl\u00e0ssics: la <i>captatio benevolentiae<\/i> era un bon recurs ret\u00f2ric per posar-se el p\u00fablic de cara.<\/span><\/span><\/p>\n<p style=\"text-align: justify; line-height: normal; margin: 0cm 31.55pt .0001pt 35.4pt;\"><span style=\"font-family: verdana,sans-serif;\"><i><span style=\"font-size: 10pt;\">\u201cEls bons oradors estan centrats en l\u2019audi\u00e8ncia. Saben que el prop\u00f2sit primordial de la parla en p\u00fablic no \u00e9s mostrar all\u00f2 que hom ha apr\u00e8s o mostrar superioritat, sin\u00f3 obtenir la resposta desitjada dels oients.\u201d <\/span><\/i><span style=\"font-size: 10pt;\">(S.E. Lucas (1995): <i>The art of public speaking. <\/i>Nova York. McGraw-Hill.)<\/span><\/span><\/p>\n<p style=\"text-align: justify; line-height: normal; margin: 0cm 31.55pt .0001pt 35.4pt;\"><span style=\"font-family: verdana,sans-serif;\"><span style=\"font-size: 10pt;\">\u00a0<\/span><\/span><\/p>\n<\/td>\n<\/tr>\n<\/tbody>\n<\/table>\n<p style=\"font-size: 13.6000003814697px; line-height: 17.0666656494141px; margin-top: 12pt; background-image: initial; background-color: #c0504d; background-repeat: initial;\"><b><span style=\"font-family: Verdana,sans-serif; color: white;\">Idees clau<\/span><\/b><\/p>\n<table style=\"font-size: 13.6px; line-height: 17.0667px; border-collapse: collapse; border: none; width: 99.4807%;\" border=\"1\" cellspacing=\"0\" cellpadding=\"0\">\n<tbody>\n<tr style=\"height: 186.8pt;\">\n<td style=\"width: 100%; border: 1pt solid windowtext; padding: 0cm 5.4pt; height: 186.8pt;\" valign=\"top\" width=\"652\">\n<p style=\"margin-bottom: .0001pt; text-align: justify; line-height: normal;\"><span style=\"font-family: verdana,sans-serif;\"><span style=\"font-size: 10pt;\">Cal<br \/>\nvalorar les caracter\u00edstiques de l\u2019auditori <i>abans <\/i>de preparar el discurs, <i>durant <\/i>tot el proc\u00e9s de planificaci\u00f3 i tamb\u00e9 <i>en el moment<\/i> mateix de la intervenci\u00f3. Per a aix\u00f2 caldr\u00e0 informar-se abans i tamb\u00e9 saber estar atents a les reaccions del p\u00fablic durant la intervenci\u00f3.<\/span><\/span><\/p>\n<p style=\"margin-bottom: .0001pt; text-align: justify; line-height: normal;\"><span style=\"font-family: verdana,sans-serif;\"><span style=\"font-size: 10pt;\">Cal analitzar aquests aspectes:<\/span><\/span><\/p>\n<ul>\n<li><span style=\"font-family: verdana,sans-serif;\"><span style=\"font-size: 10pt;\">Caracter\u00edstiques intr\u00ednseques:<\/span><\/span><\/li>\n<\/ul>\n<p style=\"text-align: justify; line-height: normal; margin: 0cm 0cm .0001pt 49.55pt;\"><span style=\"font-family: verdana,sans-serif;\"><span style=\"font-size: 10pt;\">1.<span style=\"font-style: normal; font-weight: normal; font-size: 7pt; line-height: normal; font-size-adjust: none; font-stretch: normal; font-variant: normal;\">\u00a0 <\/span><\/span><span style=\"font-size: 10pt;\">Edat, experi\u00e8ncies i referents generacionals<\/span><\/span><\/p>\n<p><span style=\"font-family: verdana,sans-serif;\">\u00a0<\/span><\/p>\n<p style=\"text-align: justify; line-height: normal; margin: 0cm 0cm .0001pt 49.55pt;\"><span style=\"font-family: verdana,sans-serif;\"><span style=\"font-size: 10pt;\">2.<span style=\"font-style: normal; font-weight: normal; font-size: 7pt; line-height: normal; font-size-adjust: none; font-stretch: normal; font-variant: normal;\">\u00a0 <\/span><\/span><span style=\"font-size: 10pt;\">Referents comuns: pertanyen a un partit pol\u00edtic, equip esportiu, associaci\u00f3, etc.?<\/span><\/span><\/p>\n<p><span style=\"font-family: verdana,sans-serif;\">\u00a0<\/span><\/p>\n<p style=\"text-align: justify; line-height: normal; margin: 0cm 0cm .0001pt 49.55pt;\"><span style=\"font-family: verdana,sans-serif;\"><span style=\"font-size: 10pt;\">3.<span style=\"font-style: normal; font-weight: normal; font-size: 7pt; line-height: normal; font-size-adjust: none; font-stretch: normal; font-variant: normal;\">\u00a0 <\/span><\/span><span style=\"font-size: 10pt;\">Coneixen l\u2019orador?<\/span><\/span><\/p>\n<p><span style=\"font-family: verdana,sans-serif;\">\u00a0<\/span><\/p>\n<p style=\"text-align: justify; line-height: normal; margin: 0cm 0cm .0001pt 49.55pt;\"><span style=\"font-family: verdana,sans-serif;\"><span style=\"font-size: 10pt;\">4.<span style=\"font-style: normal; font-weight: normal; font-size: 7pt; line-height: normal; font-size-adjust: none; font-stretch: normal; font-variant: normal;\">\u00a0 <\/span><\/span><span style=\"font-size: 10pt;\">Coneixements previs sobre el tema del discurs<\/span><\/span><\/p>\n<p><span style=\"font-family: verdana,sans-serif;\">\u00a0<\/span><span style=\"font-family: verdana,sans-serif;\">\u00a0<\/span><\/p>\n<ul>\n<li><span style=\"font-family: verdana,sans-serif;\"><span style=\"font-size: 10pt;\"><span style=\"font-style: normal; font-weight: normal; font-size: 7pt; line-height: normal; font-size-adjust: none; font-stretch: normal; font-variant: normal;\">\u00a0<\/span><\/span><span style=\"font-size: 10pt;\">Caracter\u00edstiques circumstancials:<\/span><\/span><\/li>\n<\/ul>\n<p style=\"text-align: justify; line-height: normal; margin: 0cm 0cm .0001pt 53.4pt;\"><span style=\"font-family: verdana,sans-serif;\"><span style=\"font-size: 10pt;\">1.<span style=\"font-style: normal; font-weight: normal; font-size: 7pt; line-height: normal; font-size-adjust: none; font-stretch: normal; font-variant: normal;\">\u00a0\u00a0\u00a0 <\/span><\/span><span style=\"font-size: 10pt;\">Nombre d\u2019oients<\/span><\/span><span style=\"font-family: verdana,sans-serif;\">\u00a0<\/span><\/p>\n<p style=\"text-align: justify; line-height: normal; margin: 0cm 0cm .0001pt 53.4pt;\"><span style=\"font-family: verdana,sans-serif;\"><span style=\"font-size: 10pt;\">2.<span style=\"font-style: normal; font-weight: normal; font-size: 7pt; line-height: normal; font-size-adjust: none; font-stretch: normal; font-variant: normal;\">\u00a0\u00a0\u00a0 <\/span><\/span><span style=\"font-size: 10pt;\">Grau de formalitat de la situaci\u00f3<\/span><\/span><span style=\"font-family: verdana,sans-serif;\">\u00a0<\/span><\/p>\n<p style=\"text-align: justify; line-height: normal; margin: 0cm 0cm .0001pt 53.4pt;\"><span style=\"font-family: verdana,sans-serif;\"><span style=\"font-size: 10pt;\">3.<span style=\"font-style: normal; font-weight: normal; font-size: 7pt; line-height: normal; font-size-adjust: none; font-stretch: normal; font-variant: normal;\">\u00a0\u00a0\u00a0 <\/span><\/span><span style=\"font-size: 10pt;\">Lloc i hora de l\u2019acte<\/span><\/span><span style=\"font-family: verdana,sans-serif;\">\u00a0<\/span><\/p>\n<p style=\"text-align: justify; line-height: normal; margin: 0cm 0cm .0001pt 53.4pt;\"><span style=\"font-family: verdana,sans-serif;\"><span style=\"font-size: 10pt;\">4.<span style=\"font-style: normal; font-weight: normal; font-size: 7pt; line-height: normal; font-size-adjust: none; font-stretch: normal; font-variant: normal;\">\u00a0\u00a0\u00a0 <\/span><\/span><span style=\"font-size: 10pt;\">Predisposici\u00f3 i actitud de l\u2019auditori<\/span><\/span><span style=\"font-family: verdana,sans-serif;\">\u00a0<\/span><\/p>\n<p style=\"text-align: justify; line-height: normal; margin: 0cm 0cm .0001pt 53.4pt;\"><span style=\"font-family: verdana,sans-serif;\"><span style=\"font-size: 10pt;\">5.<span style=\"font-style: normal; font-weight: normal; font-size: 7pt; line-height: normal; font-size-adjust: none; font-stretch: normal; font-variant: normal;\">\u00a0\u00a0\u00a0 <\/span><\/span><span style=\"font-size: 10pt;\">Reaccions de l\u2019audi\u00e8ncia durant el discurs<\/span><\/span><\/p>\n<p>&nbsp;<\/p>\n<p style=\"margin-bottom: .0001pt; text-align: justify; line-height: normal;\"><span style=\"font-family: verdana,sans-serif;\"><span style=\"font-size: 10pt;\">Nom\u00e9s si es tenen en compte aquests aspectes es pot crear <i>feedback <\/i>amb el p\u00fablic i garantir una bona comunicaci\u00f3.\u00a0<\/span><\/span><span style=\"font-size: small;\"><span style=\"font-family: verdana,sans-serif;\">Tot seguit s\u2019ofereix una llista de preguntes que poden ens ajudar a situar-nos en aquesta an\u00e0lisi:<\/span><\/span><\/p>\n<ul>\n<li><span style=\"font-size: small;\"><span style=\"font-family: verdana,sans-serif;\">Quina organitzaci\u00f3 celebra l\u2019acte?<\/span><\/span><\/li>\n<li><span style=\"font-size: small;\"><span style=\"font-family: verdana,sans-serif;\">Quins s\u00f3n els objectius d\u2019aquesta organitzaci\u00f3?<\/span><\/span><\/li>\n<li><span style=\"font-size: small;\"><span style=\"font-family: verdana,sans-serif;\">Quina \u00e9s la naturalesa de l\u2019acte?<\/span><\/span><\/li>\n<li><span style=\"font-size: small;\"><span style=\"font-family: verdana,sans-serif;\">Es tracta d\u2019un acte pol\u00edtic?<\/span><\/span><\/li>\n<li><span style=\"font-size: small;\"><span style=\"font-family: verdana,sans-serif;\">Quin ser\u00e0 el nivell de formalitat de l\u2019acte?<\/span><\/span><\/li>\n<li><span style=\"font-size: small;\"><span style=\"font-family: verdana,sans-serif;\">Per qu\u00e8 se\u2019ns ha demanat que hi parlem?<\/span><\/span><\/li>\n<li><span style=\"font-size: small;\"><span style=\"font-family: verdana,sans-serif;\">Qu\u00e8 s\u2019espera de nosaltres?<\/span><\/span><\/li>\n<li><span style=\"font-size: small;\"><span style=\"font-family: verdana,sans-serif;\">Hi haur\u00e0 altres oradors?<\/span><\/span><\/li>\n<li><span style=\"font-size: small;\"><span style=\"font-family: verdana,sans-serif;\">Si \u00e9s aix\u00ed: quins seran?, quins temes abordaran?, parlaran abans o despr\u00e9s de nosaltres?<\/span><\/span><\/li>\n<li><span style=\"font-size: small;\"><span style=\"font-family: verdana,sans-serif;\">De quant temps disposem?<\/span><\/span><\/li>\n<li><span style=\"font-size: small;\"><span style=\"font-family: verdana,sans-serif;\">Quan comen\u00e7aren a parlar?<\/span><\/span><\/li>\n<li><span style=\"font-size: small;\"><span style=\"font-family: verdana,sans-serif;\">Hi haur\u00e0 preguntes finals?<\/span><\/span><\/li>\n<li><span style=\"font-size: small;\"><span style=\"font-family: verdana,sans-serif;\">Es tracta d\u2019una taula rodona?<\/span><\/span><\/li>\n<li><span style=\"font-size: small;\"><span style=\"font-family: verdana,sans-serif;\">Hi haur\u00e0 alg\u00fa encarregat de presidir l\u2019acte?<\/span><\/span><\/li>\n<li><span style=\"font-size: small;\"><span style=\"font-family: verdana,sans-serif;\">Hi haur\u00e0 autoritats presents?<\/span><\/span><\/li>\n<li><span style=\"font-size: small;\"><span style=\"font-family: verdana,sans-serif;\">Quina roba ser\u00e0 la m\u00e9s apropiada?<\/span><\/span><\/li>\n<li><span style=\"font-size: small;\"><span style=\"font-family: verdana,sans-serif;\">Hi haur\u00e0 mitjans?<\/span><\/span><\/li>\n<li><span style=\"font-size: small;\"><span style=\"font-family: verdana,sans-serif;\">Vol tenir repercussi\u00f3?<\/span><\/span><\/li>\n<\/ul>\n<p style=\"margin-bottom: 0.0001pt; line-height: normal;\"><span style=\"font-size: small;\"><span style=\"font-family: verdana,sans-serif;\">\u00a0<\/span><\/span><span style=\"font-size: small;\"><span style=\"font-family: verdana,sans-serif;\">Si som capa\u00e7os de respondre&#8217;ns aquestes preguntes podrem preparar de manera m\u00e9s adequada el nostre discurs per aconseguir l&#8217;objectiu previst.<\/span><\/span><\/p>\n<p style=\"margin-bottom: 0.0001pt; line-height: normal;\"><span style=\"font-size: small;\"><span style=\"font-family: verdana,sans-serif;\">Finalment, cal tenir en compte que esperem que el p\u00fablic ens concedeixi el seu temps i atenci\u00f3; per tant, hem de procurar <u>no demanar disculpes<\/u>. Hem de donar la impressi\u00f3 al p\u00fablic que all\u00f2 que direm val la pena i \u00e9s interessant i no ho farem si mostrem inseguretat o demanem clem\u00e8ncia.<\/span><\/span><\/p>\n<p style=\"margin-bottom: .0001pt; text-align: justify; line-height: normal;\"><span style=\"font-size: 10.0pt; font-family: Verdana,sans-serif;\">\u00a0<\/span><\/p>\n<\/td>\n<\/tr>\n<\/tbody>\n<\/table>\n<p style=\"font-size: 13.6000003814697px; line-height: 17.0666656494141px; margin-top: 12pt; background-image: initial; background-color: #c0504d; background-repeat: initial;\"><b><span style=\"font-family: Verdana,sans-serif; color: white;\">Pr\u00e0ctica<\/span><\/b><\/p>\n<div style=\"border: 1pt solid windowtext; padding: 1pt 4pt;\">\n<p style=\"line-height: 17.0667px; padding: 0cm;\"><span style=\"font-family: verdana, sans-serif; font-size: small;\">1. <i>The Secrets of Food Marketing<\/i>\u00a0de Kate Cooper.\u00a0<\/span><\/p>\n<p><center><iframe loading=\"lazy\" title=\"YouTube video player\" src=\"https:\/\/www.youtube.com\/embed\/mKTORFmMycQ\" width=\"560\" height=\"315\" frameborder=\"0\" allowfullscreen=\"allowfullscreen\"><\/iframe><\/center><\/p>\n<div><\/div>\n<p><span style=\"font-size: small;\">\u00a0<\/span><span style=\"font-size: small;\">2. <span style=\"font-family: verdana,sans-serif;\">&#8220;C\u00f3mo analizar tu audiencia cuando preparas un discurso&#8221;:<\/span><\/span><\/p>\n<p style=\"font-size: 13.6px; line-height: 17.0667px; padding: 0cm; margin-left: 40px; text-align: center;\"><a href=\"https:\/\/www.google.com\/url?q=https%3A%2F%2Fretorica.wikispaces.com%2FC%25C3%25B3mo%2Banalizar%2Ba%2Btu%2Baudiencia%2Bcuando%2Bpreparas%2Bun%2Bdiscurso&amp;sa=D&amp;sntz=1&amp;usg=AFrqEzdWDAVPEGWmkbMl4tyj8MtIUWN90w\"><span style=\"font-family: verdana,sans-serif;\">https:\/\/retorica.wikispaces.com\/C%C3%B3mo+analizar+a+tu+audiencia+cuando+preparas+un+discurso<\/span><\/a><\/p>\n<p style=\"text-align: center;\">NO FUNCIONA L&#8217;ENLLA\u00c7<\/p>\n<p style=\"font-size: 13.6000003814697px; line-height: 17.0666656494141px; border: none; padding: 0cm;\"><span style=\"font-family: Verdana,sans-serif;\">\u00a0<\/span><b style=\"font-family: Verdana,sans-serif; font-size: small; line-height: 17.0666656494141px; background-color: transparent;\"><u><span style=\"color: #660000;\">Activitat 1<\/span><\/u><\/b><\/p>\n<p style=\"font-size: 13.6000003814697px; line-height: 17.0666656494141px; padding: 0cm;\"><span style=\"font-size: small;\"><span style=\"font-family: Verdana,sans-serif;\">Kate Cooper t\u00e9 en compte l&#8217;audi\u00e8ncia a qui es dirigeix i ho fa expl\u00edcit.<br \/>\n<\/span><\/span><\/p>\n<p style=\"font-size: 13.6000003814697px; line-height: 17.0666656494141px; padding: 0cm;\"><span style=\"font-size: small;\"><span style=\"font-family: Verdana,sans-serif;\">Organitzeu-vos en petits grups. Observeu el final del discurs i enumereu i analizeu-ne tots els aspectes que demostrin que es t\u00e9 en compte el p\u00fablic. Comenteu-los amb els companys de grup.<br \/>\n<\/span><\/span><\/p>\n<p style=\"font-size: 13.6000003814697px; line-height: 17.0666656494141px; padding: 0cm;\"><span style=\"font-size: small;\"><span style=\"font-family: Verdana,sans-serif;\">\u00a0<\/span><\/span><\/p>\n<p style=\"font-size: 13.6000003814697px; line-height: 17.0666656494141px; padding: 0cm;\"><span style=\"font-size: small;\"><span style=\"font-family: Verdana,sans-serif;\"><b><u><span style=\"color: #660000;\">Activitat 2<\/span><\/u><\/b><br \/>\n<\/span><\/span><\/p>\n<p style=\"font-size: 13.6000003814697px; line-height: 17.0666656494141px; padding: 0cm;\"><span style=\"font-size: small;\"><span style=\"font-family: Verdana,sans-serif;\">En la p\u00e0gina web vista es proposa que analitzeu les caracter\u00edstiques de l&#8217;auditori (un grup d&#8217;empleats d&#8217;una empresa) a qui heu de fer una xerrada per comunicar uns canvis en el programari utilitzat.<br \/>\n<\/span><\/span><\/p>\n<p style=\"font-size: 13.6000003814697px; line-height: 17.0666656494141px; padding: 0cm;\"><span style=\"font-size: small;\"><span style=\"font-family: Verdana,sans-serif;\">Intenteu imaginar-vos una situaci\u00f3 m\u00e9s propera a vosaltres. Per exemple, preteneu organitzar una festa nocturna a l&#8217;institut.\u00a0 Primer haureu de conv\u00e8ncer els companys de classe i als dels altres grups, despr\u00e9s us caldr\u00e0 posar de la vostra banda el tutor, plantejar la proposta al director i, finalment, si tot va b\u00e9, aconseguir que els vostres pares us deixin quedar a dormir al centre. Teniu un \u00fanic objectiu, per\u00f2 la selecci\u00f3 de la informaci\u00f3, el vocabulari, el to, etc. seran diferents en cada cas.<br \/>\n<\/span><\/span><\/p>\n<p style=\"font-size: 13.6000003814697px; line-height: 17.0666656494141px; border: none; padding: 0cm;\"><span style=\"font-family: Verdana,sans-serif;\">\u00a0<\/span><\/p>\n<p style=\"font-size: 13.6000003814697px; line-height: 17.0666656494141px; padding: 0cm;\"><span style=\"font-size: small;\"><span style=\"font-family: Verdana,sans-serif;\">Per grups, prepareu el discurs que fareu en cada cas i representeu la situaci\u00f3 davant dels vostres companys. Podeu votar els discursos que us semblin m\u00e9s efectius i veure quin \u00e9s el grup vencedor.<\/span><\/span><\/p>\n<\/div>\n<p style=\"font-size: 13.6000003814697px; line-height: 17.0666656494141px;\"><span style=\"font-family: Verdana,sans-serif;\">\u00a0<\/span><\/p>\n<\/div>\n","protected":false},"excerpt":{"rendered":"<p>[Torna a l&#8217;\u00edndex]\u00a0 Fitxa 7: L\u2019audi\u00e8ncia Descriptor When dealing with people, remember you are not dealing with creatures of logic, but creatures of emotion. (Dale Carnegie) \u00a0En qualsevol discurs no n\u2019hi ha prou d\u2019acotar amb precisi\u00f3 el tema si no som capa\u00e7os d\u2019aturar-nos a pensar en el receptor i en les seves expectatives. Cal, doncs, [&hellip;]<\/p>\n","protected":false},"author":71,"featured_media":0,"parent":14322,"menu_order":7,"comment_status":"closed","ping_status":"closed","template":"","meta":{"_bbp_topic_count":0,"_bbp_reply_count":0,"_bbp_total_topic_count":0,"_bbp_total_reply_count":0,"_bbp_voice_count":0,"_bbp_anonymous_reply_count":0,"_bbp_topic_count_hidden":0,"_bbp_reply_count_hidden":0,"_bbp_forum_subforum_count":0,"site-sidebar-layout":"default","site-content-layout":"","ast-site-content-layout":"","site-content-style":"default","site-sidebar-style":"default","ast-global-header-display":"","ast-banner-title-visibility":"","ast-main-header-display":"","ast-hfb-above-header-display":"","ast-hfb-below-header-display":"","ast-hfb-mobile-header-display":"","site-post-title":"","ast-breadcrumbs-content":"","ast-featured-img":"","footer-sml-layout":"","theme-transparent-header-meta":"","adv-header-id-meta":"","stick-header-meta":"","header-above-stick-meta":"","header-main-stick-meta":"","header-below-stick-meta":"","astra-migrate-meta-layouts":"default","ast-page-background-enabled":"default","ast-page-background-meta":{"desktop":{"background-color":"var(--ast-global-color-4)","background-image":"","background-repeat":"repeat","background-position":"center center","background-size":"auto","background-attachment":"scroll","background-type":"","background-media":"","overlay-type":"","overlay-color":"","overlay-opacity":"","overlay-gradient":""},"tablet":{"background-color":"","background-image":"","background-repeat":"repeat","background-position":"center center","background-size":"auto","background-attachment":"scroll","background-type":"","background-media":"","overlay-type":"","overlay-color":"","overlay-opacity":"","overlay-gradient":""},"mobile":{"background-color":"","background-image":"","background-repeat":"repeat","background-position":"center center","background-size":"auto","background-attachment":"scroll","background-type":"","background-media":"","overlay-type":"","overlay-color":"","overlay-opacity":"","overlay-gradient":""}},"ast-content-background-meta":{"desktop":{"background-color":"var(--ast-global-color-5)","background-image":"","background-repeat":"repeat","background-position":"center center","background-size":"auto","background-attachment":"scroll","background-type":"","background-media":"","overlay-type":"","overlay-color":"","overlay-opacity":"","overlay-gradient":""},"tablet":{"background-color":"var(--ast-global-color-5)","background-image":"","background-repeat":"repeat","background-position":"center center","background-size":"auto","background-attachment":"scroll","background-type":"","background-media":"","overlay-type":"","overlay-color":"","overlay-opacity":"","overlay-gradient":""},"mobile":{"background-color":"var(--ast-global-color-5)","background-image":"","background-repeat":"repeat","background-position":"center center","background-size":"auto","background-attachment":"scroll","background-type":"","background-media":"","overlay-type":"","overlay-color":"","overlay-opacity":"","overlay-gradient":""}},"footnotes":""},"class_list":["post-14596","page","type-page","status-publish","hentry"],"post_mailing_queue_ids":[],"_links":{"self":[{"href":"https:\/\/serveiseducatius.xtec.cat\/altemporda\/wp-json\/wp\/v2\/pages\/14596","targetHints":{"allow":["GET"]}}],"collection":[{"href":"https:\/\/serveiseducatius.xtec.cat\/altemporda\/wp-json\/wp\/v2\/pages"}],"about":[{"href":"https:\/\/serveiseducatius.xtec.cat\/altemporda\/wp-json\/wp\/v2\/types\/page"}],"author":[{"embeddable":true,"href":"https:\/\/serveiseducatius.xtec.cat\/altemporda\/wp-json\/wp\/v2\/users\/71"}],"replies":[{"embeddable":true,"href":"https:\/\/serveiseducatius.xtec.cat\/altemporda\/wp-json\/wp\/v2\/comments?post=14596"}],"version-history":[{"count":3,"href":"https:\/\/serveiseducatius.xtec.cat\/altemporda\/wp-json\/wp\/v2\/pages\/14596\/revisions"}],"predecessor-version":[{"id":14605,"href":"https:\/\/serveiseducatius.xtec.cat\/altemporda\/wp-json\/wp\/v2\/pages\/14596\/revisions\/14605"}],"up":[{"embeddable":true,"href":"https:\/\/serveiseducatius.xtec.cat\/altemporda\/wp-json\/wp\/v2\/pages\/14322"}],"wp:attachment":[{"href":"https:\/\/serveiseducatius.xtec.cat\/altemporda\/wp-json\/wp\/v2\/media?parent=14596"}],"curies":[{"name":"wp","href":"https:\/\/api.w.org\/{rel}","templated":true}]}}