{"id":14327,"date":"2021-10-22T13:15:16","date_gmt":"2021-10-22T11:15:16","guid":{"rendered":"https:\/\/serveiseducatius.xtec.cat\/altemporda\/?page_id=14327"},"modified":"2021-11-03T17:54:45","modified_gmt":"2021-11-03T16:54:45","slug":"recursos-educatius","status":"publish","type":"page","link":"https:\/\/serveiseducatius.xtec.cat\/altemporda\/concurs-oratoria-alt-emporda\/recursos-educatius\/","title":{"rendered":"Recursos educatius"},"content":{"rendered":"<p>En aquesta secci\u00f3 trobareu diferents recursos bibliogr\u00e0fics, manuals i documents sobre com parlar en p\u00fablic, alguns v\u00eddeos amb els millors discursos de la hist\u00f2ria i models de r\u00fabriques d&#8217;avaluaci\u00f3.<\/p>\n<hr width=\"1px\/\" \/>\n<div class=\"columna\" style=\"width: 25%;\"><a class=\"boto_taula\" style=\"color: #000000;\" href=\"https:\/\/serveiseducatius.xtec.cat\/altemporda\/concurs-oratoria-alt-emporda\/recursos-educatius\/bibliografia\/\" target=\"_blank\" rel=\"noopener noreferrer\"><span style=\"font-size: 110%;\"><strong>Bibliografia<\/strong><\/span><\/a><\/div>\n<div class=\"columna\" style=\"width: 25%;\"><a class=\"boto_taula\" style=\"color: #000000;\" href=\"https:\/\/serveiseducatius.xtec.cat\/altemporda\/concurs-oratoria-alt-emporda\/recursos-educatius\/manuals-parlar-en-public\/\" target=\"_blank\" rel=\"noopener noreferrer\"><span style=\"font-size: 105%;\"><strong>Manuals. Parlar en p\u00fablic<\/strong><\/span><\/a><\/div>\n<div class=\"columna\" style=\"width: 25%;\"><a class=\"boto_taula\" style=\"color: #000000;\" href=\"https:\/\/serveiseducatius.xtec.cat\/altemporda\/concurs-oratoria-alt-emporda\/recursos-educatius\/els-millors-discursos-de-la-historia\/\" target=\"_blank\" rel=\"noopener noreferrer\"><span style=\"font-size: 105%;\"><strong>Els millors discursos de la hist\u00f2ria<\/strong><\/span><\/a><\/div>\n<div class=\"columna\" style=\"width: 25%;\"><a class=\"boto_taula\" style=\"color: #000000;\" href=\"https:\/\/serveiseducatius.xtec.cat\/altemporda\/concurs-oratoria-alt-emporda\/recursos-educatius\/rubriques\/\" target=\"_blank\" rel=\"noopener noreferrer\"><span style=\"font-size: 105%;\"><strong>R\u00fabriques d&#8217;avaluaci\u00f3<\/strong><\/span><\/a><\/div>\n<div class=\"columna\" style=\"width: 25%;\"><\/div>\n<hr width=\"1px\/\" \/>\n","protected":false},"excerpt":{"rendered":"<p>En aquesta secci\u00f3 trobareu diferents recursos bibliogr\u00e0fics, manuals i documents sobre com parlar en p\u00fablic, alguns v\u00eddeos amb els millors discursos de la hist\u00f2ria i models de r\u00fabriques d&#8217;avaluaci\u00f3. Bibliografia Manuals. Parlar en p\u00fablic Els millors discursos de la hist\u00f2ria R\u00fabriques d&#8217;avaluaci\u00f3<\/p>\n","protected":false},"author":1,"featured_media":0,"parent":14340,"menu_order":5,"comment_status":"closed","ping_status":"closed","template":"","meta":{"_bbp_topic_count":0,"_bbp_reply_count":0,"_bbp_total_topic_count":0,"_bbp_total_reply_count":0,"_bbp_voice_count":0,"_bbp_anonymous_reply_count":0,"_bbp_topic_count_hidden":0,"_bbp_reply_count_hidden":0,"_bbp_forum_subforum_count":0,"site-sidebar-layout":"default","site-content-layout":"","ast-site-content-layout":"","site-content-style":"default","site-sidebar-style":"default","ast-global-header-display":"","ast-banner-title-visibility":"","ast-main-header-display":"","ast-hfb-above-header-display":"","ast-hfb-below-header-display":"","ast-hfb-mobile-header-display":"","site-post-title":"","ast-breadcrumbs-content":"","ast-featured-img":"","footer-sml-layout":"","theme-transparent-header-meta":"","adv-header-id-meta":"","stick-header-meta":"","header-above-stick-meta":"","header-main-stick-meta":"","header-below-stick-meta":"","astra-migrate-meta-layouts":"default","ast-page-background-enabled":"default","ast-page-background-meta":{"desktop":{"background-color":"var(--ast-global-color-4)","background-image":"","background-repeat":"repeat","background-position":"center center","background-size":"auto","background-attachment":"scroll","background-type":"","background-media":"","overlay-type":"","overlay-color":"","overlay-opacity":"","overlay-gradient":""},"tablet":{"background-color":"","background-image":"","background-repeat":"repeat","background-position":"center center","background-size":"auto","background-attachment":"scroll","background-type":"","background-media":"","overlay-type":"","overlay-color":"","overlay-opacity":"","overlay-gradient":""},"mobile":{"background-color":"","background-image":"","background-repeat":"repeat","background-position":"center center","background-size":"auto","background-attachment":"scroll","background-type":"","background-media":"","overlay-type":"","overlay-color":"","overlay-opacity":"","overlay-gradient":""}},"ast-content-background-meta":{"desktop":{"background-color":"var(--ast-global-color-5)","background-image":"","background-repeat":"repeat","background-position":"center center","background-size":"auto","background-attachment":"scroll","background-type":"","background-media":"","overlay-type":"","overlay-color":"","overlay-opacity":"","overlay-gradient":""},"tablet":{"background-color":"var(--ast-global-color-5)","background-image":"","background-repeat":"repeat","background-position":"center center","background-size":"auto","background-attachment":"scroll","background-type":"","background-media":"","overlay-type":"","overlay-color":"","overlay-opacity":"","overlay-gradient":""},"mobile":{"background-color":"var(--ast-global-color-5)","background-image":"","background-repeat":"repeat","background-position":"center center","background-size":"auto","background-attachment":"scroll","background-type":"","background-media":"","overlay-type":"","overlay-color":"","overlay-opacity":"","overlay-gradient":""}},"footnotes":""},"class_list":["post-14327","page","type-page","status-publish","hentry"],"post_mailing_queue_ids":[],"_links":{"self":[{"href":"https:\/\/serveiseducatius.xtec.cat\/altemporda\/wp-json\/wp\/v2\/pages\/14327","targetHints":{"allow":["GET"]}}],"collection":[{"href":"https:\/\/serveiseducatius.xtec.cat\/altemporda\/wp-json\/wp\/v2\/pages"}],"about":[{"href":"https:\/\/serveiseducatius.xtec.cat\/altemporda\/wp-json\/wp\/v2\/types\/page"}],"author":[{"embeddable":true,"href":"https:\/\/serveiseducatius.xtec.cat\/altemporda\/wp-json\/wp\/v2\/users\/1"}],"replies":[{"embeddable":true,"href":"https:\/\/serveiseducatius.xtec.cat\/altemporda\/wp-json\/wp\/v2\/comments?post=14327"}],"version-history":[{"count":4,"href":"https:\/\/serveiseducatius.xtec.cat\/altemporda\/wp-json\/wp\/v2\/pages\/14327\/revisions"}],"predecessor-version":[{"id":27167,"href":"https:\/\/serveiseducatius.xtec.cat\/altemporda\/wp-json\/wp\/v2\/pages\/14327\/revisions\/27167"}],"up":[{"embeddable":true,"href":"https:\/\/serveiseducatius.xtec.cat\/altemporda\/wp-json\/wp\/v2\/pages\/14340"}],"wp:attachment":[{"href":"https:\/\/serveiseducatius.xtec.cat\/altemporda\/wp-json\/wp\/v2\/media?parent=14327"}],"curies":[{"name":"wp","href":"https:\/\/api.w.org\/{rel}","templated":true}]}}