{"id":14325,"date":"2021-10-22T13:11:43","date_gmt":"2021-10-22T11:11:43","guid":{"rendered":"https:\/\/serveiseducatius.xtec.cat\/altemporda\/?page_id=14325"},"modified":"2026-03-10T15:48:17","modified_gmt":"2026-03-10T14:48:17","slug":"recull-de-premsa","status":"publish","type":"page","link":"https:\/\/serveiseducatius.xtec.cat\/altemporda\/concurs-oratoria-alt-emporda\/recull-de-premsa\/","title":{"rendered":"Fotografies i premsa"},"content":{"rendered":"<div>\n<div>\n<div>\n<div>\n<div><b style=\"background-color: transparent; font-size: large;\">2026<\/b><\/div>\n<div>\n<ul>\n<li><a href=\"https:\/\/youtu.be\/ZDX52HbT8D8\" target=\"_blank\" rel=\"noopener\"><span style=\"font-size: 10pt;\">Videoresum X edici\u00f3<\/span><\/a><\/li>\n<li><a href=\"https:\/\/photos.app.goo.gl\/8zUi2rD4sTz8p7L5A\" target=\"_blank\" rel=\"noopener\"><span style=\"font-size: 10pt;\">Buidat fotogr\u00e0fi<\/span><span style=\"font-size: 10pt;\">c X edici\u00f3<\/span><\/a><\/li>\n<li><a href=\"https:\/\/drive.google.com\/file\/d\/1S8gp7PsDVe9TvEPdLzWV8cz8X-BQw_k8\/view?usp=drive_link\" target=\"_blank\" rel=\"noopener\"><span style=\"font-size: 10pt;\">Resum fotogr\u00e0fic 10 edicions<\/span><\/a><\/li>\n<\/ul>\n<\/div>\n<\/div>\n<div><b style=\"background-color: transparent; font-size: large;\">2025<\/b><\/div>\n<div>\n<ul>\n<li><a href=\"https:\/\/youtu.be\/AmGd0wy9hLE\" target=\"_blank\" rel=\"noopener\"><span style=\"font-size: 10pt;\">Videoresum IX edici\u00f3<\/span><\/a><\/li>\n<li><a href=\"https:\/\/photos.app.goo.gl\/ARZqXSiiU2UhK1Vo8\" target=\"_blank\" rel=\"noopener\"><span style=\"font-size: 10pt;\">Buidat fotogr\u00e0fi<\/span><span style=\"font-size: 10pt;\">c IX edici\u00f3<\/span><\/a><\/li>\n<li><a href=\"https:\/\/www.emporda.info\/comarca\/2025\/04\/22\/anna-alfranca-l-ins-monturiol-116143746.html\"><span style=\"font-size: 10pt;\">Anna Alfranca, de l\u2019INS Monturiol, guanya el Concurs d\u2019Orat\u00f2ria Juvenil de l&#8217;Alt Empord\u00e0. Setmanari Empord\u00e0.<\/span><\/a><\/li>\n<li><a href=\"https:\/\/drive.google.com\/file\/d\/1b6N02e9vtwEATzMMLZy48rvjM1WHl5_1\/view?usp=drive_link\"><span style=\"font-size: 10pt;\">Not\u00edcia Setmanari Empord\u00e0.<\/span><\/a><\/li>\n<\/ul>\n<\/div>\n<\/div>\n<div><b style=\"background-color: transparent; font-size: large;\">2024<\/b><\/div>\n<div>\n<ul>\n<li><a href=\"https:\/\/www.youtube.com\/watch?v=26obIlnopA4\" target=\"_blank\" rel=\"noopener\"><span style=\"font-size: 10pt;\">Videoresum VIII edici\u00f3<\/span><\/a><\/li>\n<li><a href=\"https:\/\/photos.app.goo.gl\/KoFUoRJ3GB6JsV7q8\" target=\"_blank\" rel=\"noopener\"><span style=\"font-size: 10pt;\">Buidat fotogr\u00e0fic VIII edici\u00f3\u00a0<\/span><\/a><\/li>\n<li><a href=\"https:\/\/www.emporda.info\/comarca\/2024\/03\/11\/vuite-concurs-oratoria-juvenil-alt-emporda-99318886.html\" target=\"_blank\" rel=\"noopener\"><span style=\"font-size: 10pt;\">Jordi Camps de la Salle guanya el vuit\u00e8 Concurs d\u2019Orat\u00f2ria Juvenil de l\u2019Alt Empord\u00e0.<\/span><\/a><\/li>\n<\/ul>\n<\/div>\n<\/div>\n<div><b style=\"background-color: transparent; font-size: large;\">2023<\/b><\/div>\n<div>\n<ul>\n<li><span style=\"font-size: 10pt;\"><a href=\"https:\/\/www.youtube.com\/watch?v=eEUrz4IwgPw\" target=\"_blank\" rel=\"noopener\" data-saferedirecturl=\"https:\/\/www.google.com\/url?q=https:\/\/www.youtube.com\/watch?v%3DeEUrz4IwgPw&amp;source=gmail&amp;ust=1679575307391000&amp;usg=AOvVaw08vXKIsOd_yuC2rJ8kqGuZ\">Videoresum VII edici\u00f3<\/a><\/span><\/li>\n<li><a href=\"https:\/\/photos.app.goo.gl\/qWAdC4HXMDauXTTk9\" target=\"_blank\" rel=\"noopener\"><span style=\"font-size: 10pt;\">Buidat fotogr\u00e0fic VII edici\u00f3<\/span><\/a><\/li>\n<\/ul>\n<\/div>\n<div><b style=\"background-color: transparent; font-size: large;\">2022<\/b><\/div>\n<div>\n<ul style=\"font-size: 13.3333px;\">\n<li><a href=\"https:\/\/www.youtube.com\/watch?v=9S8zDR9fDS0\" target=\"_blank\" rel=\"noopener\">Videoresum VI edici\u00f3<\/a><\/li>\n<li><a href=\"https:\/\/photos.app.goo.gl\/6uSSZr1tuWmYTueLA\" target=\"_blank\" rel=\"noopener\">Buidat fotogr\u00e0fic VI edici\u00f3<\/a><\/li>\n<li><a href=\"https:\/\/drive.google.com\/file\/d\/14ng0Fn_3UvEJ0nQDAOeHak2OjdRikBeJ\/view?usp=sharing\">Alae El Hamidi, de l&#8217;Institut Castell\u00f3, guanya el Concurs d&#8217;Orat\u00f2ria Juvenil. Setmanari Empord\u00e0.<\/a><\/li>\n<\/ul>\n<\/div>\n<p><b style=\"background-color: transparent; font-size: large;\">2019<\/b><\/p>\n<\/div>\n<div>\n<ul style=\"font-size: 13.3333px;\">\n<li><a href=\"https:\/\/youtu.be\/78T4Sq0Hnxw\" target=\"_blank\" rel=\"noopener\">Videoresum V edici\u00f3<\/a><\/li>\n<li><a href=\"https:\/\/photos.app.goo.gl\/NyDVLAPeFZMV4Zws8\" target=\"_blank\" rel=\"noopener\">Buidat fotogr\u00e0fic V edici\u00f3<\/a><\/li>\n<li>El concurs d&#8217;orat\u00f2ria reuneix vint-i-sis alumnes amb habilitats comunicatives. Setmanari Empord\u00e0<\/li>\n<li><a href=\"https:\/\/www.emporda.info\/comarca\/2019\/07\/09\/necessitem-horaris-que-corresponguin-nostra\/438448.html\" target=\"_blank\" rel=\"noopener\">Necessitem uns horaris que es corresponguin amb la nostra societat<\/a><\/li>\n<li><a href=\"http:\/\/www.viladeroses.cat\/la-jove-rosinca-judith-muelas-guanya-el-v-concurs-doratoria-juvenil-de-lalt-emporda\/\" target=\"_blank\" rel=\"noopener\">La jove rosinca Judith Muelas guanya el V Concurs d&#8217;Orat\u00f2ria Juvenil de l&#8217;Alt Empord\u00e0<\/a><\/li>\n<\/ul>\n<\/div>\n<div><b style=\"background-color: transparent; font-size: large;\">2018<\/b><\/div>\n<div>\n<ul>\n<li><span style=\"font-size: 10pt;\"><a href=\"https:\/\/youtu.be\/ZBrSWE2X7bw\" target=\"_blank\" rel=\"noopener\">Videoresum IV edici\u00f3<\/a><\/span><\/li>\n<li><span style=\"font-size: 10pt;\"><a href=\"https:\/\/www.flickr.com\/photos\/espaiarmengol\/26470067477\/in\/album-72157665573265267\/\" target=\"_blank\" rel=\"noopener\">Buidat fotogr\u00e0fic IV edici\u00f3<\/a><\/span><\/li>\n<li><span style=\"font-size: 10pt;\"><a href=\"https:\/\/sites.google.com\/a\/xtec.cat\/concurs-d-oratoria-juvenil-de-l-alt-emporda\/punt-de-trobada\/noticies-1\/janamorondelalexandredeulofeuguanyaelconcursdoratoriadelaltemporda\" target=\"_blank\" rel=\"noopener\">Jana Mor\u00f3n, de l&#8217;institut Alexandre Deulofeu, guanya el Concurs d&#8217;Orat\u00f2ria de l&#8217;Alt Empord\u00e0<\/a><\/span><\/li>\n<li><span style=\"font-size: 10pt;\"><a href=\"https:\/\/sites.google.com\/a\/xtec.cat\/concurs-d-oratoria-juvenil-de-l-alt-emporda\/punt-de-trobada\/noticies-1\/institutolivargranfigueres\" target=\"_blank\" rel=\"noopener\">Preparatius Institut Olivar Gran<\/a><\/span><\/li>\n<li><span style=\"font-size: 10pt;\"><a href=\"https:\/\/sites.google.com\/a\/xtec.cat\/concurs-d-oratoria-juvenil-de-l-alt-emporda\/punt-de-trobada\/noticies-1\/imstitutilladerodesrosesapunt\" target=\"_blank\" rel=\"noopener\">Preparatius Institut Illa de Rodes<\/a><\/span><\/li>\n<li><span style=\"font-size: 10pt;\"><a href=\"https:\/\/sites.google.com\/a\/xtec.cat\/concurs-d-oratoria-juvenil-de-l-alt-emporda\/punt-de-trobada\/noticies-1\/institutlajonqueraapunt\" target=\"_blank\" rel=\"noopener\">Preparatius Institut de La Jonquera<\/a><\/span><\/li>\n<\/ul>\n<\/div>\n<div><b style=\"font-size: large;\">2017<\/b><\/div>\n<div>\n<ul>\n<li><span style=\"color: #000000; font-family: arial, sans-serif; font-size: small;\"><a href=\"https:\/\/youtu.be\/4jJGvgkuFi4\" target=\"_blank\" rel=\"noopener\"><span style=\"font-size: 10pt;\">Videoresum III edici\u00f3<\/span><\/a><\/span><\/li>\n<li><span style=\"font-size: 10pt;\"><a href=\"https:\/\/sites.google.com\/a\/xtec.cat\/concurs-d-oratoria-juvenil-de-l-alt-emporda\/punt-de-trobada\/noticies-1\/lluisromanividalalumnedelcapnorfeuderosesguanyaelconcursdoratoriajuvenil\" target=\"_blank\" rel=\"noopener\">Llu\u00eds Romani Vidal, alumne del Cap Norfeu de Roses, guanya el Concurs d&#8217;Orat\u00f2ria Juvenil<\/a><\/span><\/li>\n<li><span style=\"font-size: 10pt;\"><a href=\"https:\/\/sites.google.com\/a\/xtec.cat\/concurs-d-oratoria-juvenil-de-l-alt-emporda\/punt-de-trobada\/noticies-1\/preparatiusinstitutramonmuntaner\" target=\"_blank\" rel=\"noopener\">Preparatius Institut Ramon Muntaner. 3a edici\u00f3<\/a><\/span><\/li>\n<li><span style=\"font-size: 10pt;\"><a href=\"https:\/\/sites.google.com\/a\/xtec.cat\/concurs-d-oratoria-juvenil-de-l-alt-emporda\/punt-de-trobada\/noticies-1\/preparatiusinstitutalexandredeulofeu3aedicio\" target=\"_blank\" rel=\"noopener\">Preparatius Institut Alexandre Deulofeu. 3a edici\u00f3<\/a><\/span><\/li>\n<li><span style=\"font-size: 10pt;\"><a href=\"https:\/\/sites.google.com\/a\/xtec.cat\/concurs-d-oratoria-juvenil-de-l-alt-emporda\/punt-de-trobada\/noticies-1\/elsjovesempordanesosde16anysaprenenaparlarenpublic\" target=\"_blank\" rel=\"noopener\">Els joves empordanesos de 16 anys aprenen a parlar en p\u00fablic<\/a><\/span><\/li>\n<\/ul>\n<\/div>\n<div>\n<p><b style=\"font-size: large;\">2016<\/b><\/p>\n<ul>\n<li><span style=\"line-height: 1.6; font-size: 10pt; background-color: transparent;\"><a href=\"https:\/\/youtu.be\/uyaoMwVBGDc\" target=\"_blank\" rel=\"noopener\">Videoresum II edici\u00f3<\/a>. Espai Armengol<\/span><\/li>\n<li><a style=\"font-size: 10pt; font-family: inherit;\" href=\"http:\/\/www.emporda.info\/fets-gent\/2015\/11\/10\/juanjo-fernandez-pitjor-que-comencar\/291776.html\" target=\"_blank\" rel=\"noopener\">Juanjo Fern\u00e1ndez: &#8220;Pitjor que comen\u00e7ar a sortir per WhatsApp \u00e9s tallar per WhatsApp&#8221;<\/a><\/li>\n<\/ul>\n<div>\n<p><span style=\"font-size: large;\"><b>2015 <\/b><\/span><\/p>\n<\/div>\n<div>\n<ul>\n<li><span style=\"line-height: 1.6; font-size: 10pt; background-color: transparent;\"><a href=\"https:\/\/youtu.be\/xHTdbcxDQ9k\" target=\"_blank\" rel=\"noopener\">V\u00eddeoresum I edici\u00f3<\/a>. Espai Armengol (13\/05\/2015)<\/span><\/li>\n<li><span style=\"line-height: 1.6; font-size: 10pt; background-color: transparent;\"><a href=\"https:\/\/docs.google.com\/a\/xtec.cat\/file\/d\/0B0zHBF5nyE_QRExwdHVBdHQ4R0U\/preview\" target=\"_blank\" rel=\"noopener\">Comunicat de premsa I edici\u00f3<\/a><\/span><\/li>\n<li><a style=\"line-height: 1.6; font-size: 10pt; background-color: transparent;\" href=\"https:\/\/sites.google.com\/a\/xtec.cat\/seae\/dialegs-d-educacio\/dialegsdeducacioany6num51\" target=\"_blank\" rel=\"noopener\">L&#8217;habilitat dels joves per parlar en p\u00fablic<\/a><span style=\"line-height: 1.6; font-size: 10pt; background-color: transparent;\"> (Di\u00e0legs d&#8217;educaci\u00f3. n\u00fam 51)<\/span><\/li>\n<li><a style=\"line-height: 1.6; font-size: 10pt; background-color: transparent;\" href=\"https:\/\/sites.google.com\/a\/xtec.cat\/seae\/dialegs-d-educacio\/dialegsdeducacioany6num51\" target=\"_blank\" rel=\"noopener\">El faristol com a material pedag\u00f2gic<\/a><span style=\"line-height: 1.6; font-size: 10pt; background-color: transparent;\"> (Setmanari Empord\u00e0 5\/05\/2015)<\/span><\/li>\n<\/ul>\n<\/div>\n<hr \/>\n<div>\n<div>\n<p><span style=\"background-color: #990000;\">\u00a0 \u00a0<\/span><span style=\"font-size: small;\">\u00a0 Ensenyament i Espai Armengol organitzen el I Concurs d&#8217;Orat\u00f2ria Juvenil Alt Empord\u00e0.[11\/11\/2014 Espai Armengol]<\/span><\/p>\n<\/div>\n<div>\n<div>\n<p><span style=\"font-family: inherit; font-size: 1em;\">El Servei Educatiu de l\u2019Alt Empord\u00e0 (SEAE), del Departament <\/span>d\u2019Ensenyament, i l\u2019Espai Armengol de Vilaju\u00efga acaben de posar en marxa la primera edici\u00f3 del Concurs d\u2019Orat\u00f2ria Juvenil Alt Empord\u00e0, que es desenvolupar\u00e0 durant el curs 2014-2015. L\u2019objectiu d\u2019aquesta iniciativa \u00e9s conscienciar i promoure entre els alumnes i les seves fam\u00edlies la necessitat de millorar l\u2019expressi\u00f3 oral i la import\u00e0ncia creixent de saber-se expressar en p\u00fablic amb naturalitat i efic\u00e0cia, utilitzant els recursos argumentatius i ret\u00f2rics adients.<\/p>\n<p>El concurs est\u00e0 adre\u00e7at als alumnes matriculats als centres escolars altempordanesos, en les edats compreses entre els 15 i 16 anys, corresponent a l\u2019alumnat de 4t d\u2019ESO d\u2019educaci\u00f3 secund\u00e0ria obligat\u00f2ria.<\/p>\n<p><b>Metodologia del concurs <\/b><\/p>\n<p>Pel que fa a la metodologia, es far\u00e0 una selecci\u00f3 pr\u00e8via als instituts per escollir els semifinalistes del concurs entre els 1.100 alumnes dels instituts de l\u2019Alt Empord\u00e0. Cada institut escollir\u00e0 un nombre determinat de representants en funci\u00f3 del nombre d\u2019alumnes del centre.<br \/>\nEn conjunt, els instituts triaran una vintena de semifinalistes que hauran de disputar una semifinal a l\u2019Espai Armengol durant la qual hauran de fer una presentaci\u00f3 d\u2019uns minuts al voltant d\u2019una tem\u00e0tica que se\u2019ls comunicar\u00e0 amb antelaci\u00f3.<\/p>\n<p>D\u2019entre els semifinalistes, el jurat del concurs escollir\u00e0 els 5 finalistes que disputaran la final a l\u2019Espai Armengol i que hauran de fer una presentaci\u00f3 al voltant d\u2019una tem\u00e0tica que tamb\u00e9 se\u2019ls comunicar\u00e0 amb antelaci\u00f3. El mateix dia de la final es comunicaran els guanyadors. Les presentacions es faran sense suport visual i es podran fer en llengua catalana i en espanyol. Els organitzadors concediran un guard\u00f3 als cinc finalistes: tres premis als tres primers i dos acc\u00e8ssits al quart i cinqu\u00e8 classificat.<\/p>\n<p>La iniciativa ha estat presentada avui amb la pres\u00e8ncia del director dels Serveis Territorials del Departament d\u2019Ensenyament a Girona, Albert Bayot; el director creatiu de Visual13 i impulsor de l\u2019Espai Armengol, Vicen\u00e7 Asensio, i representants del professorats que s\u2019encarregar\u00e0 de dinamitzar el concurs.<\/p>\n<p><a href=\"https:\/\/sites.google.com\/a\/xtec.cat\/concurs-d-oratoria-juvenil-de-l-alt-emporda\/punt-de-trobada\/noticies\" target=\"_blank\" rel=\"noopener\"> El Servei Educatiu de l\u2019Alt Empord\u00e0<\/a><br \/>\n\u00e9s un \u00f2rgan de suport permanent a la tasca docent dels i les mestres, dels professors i professores i dels centres educatius, que es constitueixen en nuclis de dinamitzaci\u00f3 pedag\u00f2gica, d\u2019orientaci\u00f3 psicopedag\u00f2gica, de recerca de noves metodologies i d\u2019acostament de l\u2019escola a l\u2019entorn.<\/p>\n<p><a href=\"http:\/\/www.espaiarmengol.com\" target=\"_blank\" rel=\"noopener\"> L&#8217;Espai Armengol<\/a><br \/>\n\u00e9s el projecte de Responsabilitat Social Corporativa (RSC) de Visual 13, la productora audiovisual i empresa de comunicaci\u00f3 impulsada pels emprenedors Marta Puigsegur i Vicen\u00e7 Asensio. L&#8217;Espai Armengol \u00e9s un espai obert a la ciutadania que estructura la seva programaci\u00f3 a trav\u00e9s de quatre eixos: audiovisual, internet, noves tecnologies i territori.<br \/>\nEl centre acaba de complir els quatre anys de funcionament i anualment organitza m\u00e9s d\u2019una vintena d\u2019activitats entre confer\u00e8ncies,<i> workshops<\/i> i activitats infantils.<\/p>\n<\/div>\n<div><span style=\"color: #990000; font-family: verdana, sans-serif; font-size: medium;\"><span style=\"background-color: #990000;\">\u00a0 <\/span>\u00a0not\u00edcies relacionades:<\/span><\/div>\n<div>\n<ul>\n<li><span style=\"line-height: 1.6; font-size: 10pt; background-color: transparent;\"><a href=\"http:\/\/www.ara.cat\/tema_del_dia\/Ensenyar-bon-orador-lassignatura-pendent_0_1295270538.html#.VMyLMKeGmHU.\" target=\"_blank\" rel=\"noopener\">Ensenyar a ser un bon orador, l&#8217;assignatura pendent<\/a> (31\/01\/2015 ARA)<\/span><\/li>\n<\/ul>\n<\/div>\n<\/div>\n<\/div>\n<\/div>\n","protected":false},"excerpt":{"rendered":"<p>2026 Videoresum X edici\u00f3 Buidat fotogr\u00e0fic X edici\u00f3 Resum fotogr\u00e0fic 10 edicions 2025 Videoresum IX edici\u00f3 Buidat fotogr\u00e0fic IX edici\u00f3 Anna Alfranca, de l\u2019INS Monturiol, guanya el Concurs d\u2019Orat\u00f2ria Juvenil de l&#8217;Alt Empord\u00e0. Setmanari Empord\u00e0. Not\u00edcia Setmanari Empord\u00e0. 2024 Videoresum VIII edici\u00f3 Buidat fotogr\u00e0fic VIII edici\u00f3\u00a0 Jordi Camps de la Salle guanya el vuit\u00e8 Concurs [&hellip;]<\/p>\n","protected":false},"author":1,"featured_media":0,"parent":14340,"menu_order":7,"comment_status":"closed","ping_status":"closed","template":"","meta":{"_bbp_topic_count":0,"_bbp_reply_count":0,"_bbp_total_topic_count":0,"_bbp_total_reply_count":0,"_bbp_voice_count":0,"_bbp_anonymous_reply_count":0,"_bbp_topic_count_hidden":0,"_bbp_reply_count_hidden":0,"_bbp_forum_subforum_count":0,"site-sidebar-layout":"default","site-content-layout":"","ast-site-content-layout":"default","site-content-style":"default","site-sidebar-style":"default","ast-global-header-display":"","ast-banner-title-visibility":"","ast-main-header-display":"","ast-hfb-above-header-display":"","ast-hfb-below-header-display":"","ast-hfb-mobile-header-display":"","site-post-title":"","ast-breadcrumbs-content":"","ast-featured-img":"","footer-sml-layout":"","theme-transparent-header-meta":"","adv-header-id-meta":"","stick-header-meta":"","header-above-stick-meta":"","header-main-stick-meta":"","header-below-stick-meta":"","astra-migrate-meta-layouts":"set","ast-page-background-enabled":"default","ast-page-background-meta":{"desktop":{"background-color":"var(--ast-global-color-4)","background-image":"","background-repeat":"repeat","background-position":"center center","background-size":"auto","background-attachment":"scroll","background-type":"","background-media":"","overlay-type":"","overlay-color":"","overlay-opacity":"","overlay-gradient":""},"tablet":{"background-color":"","background-image":"","background-repeat":"repeat","background-position":"center center","background-size":"auto","background-attachment":"scroll","background-type":"","background-media":"","overlay-type":"","overlay-color":"","overlay-opacity":"","overlay-gradient":""},"mobile":{"background-color":"","background-image":"","background-repeat":"repeat","background-position":"center center","background-size":"auto","background-attachment":"scroll","background-type":"","background-media":"","overlay-type":"","overlay-color":"","overlay-opacity":"","overlay-gradient":""}},"ast-content-background-meta":{"desktop":{"background-color":"var(--ast-global-color-5)","background-image":"","background-repeat":"repeat","background-position":"center center","background-size":"auto","background-attachment":"scroll","background-type":"","background-media":"","overlay-type":"","overlay-color":"","overlay-opacity":"","overlay-gradient":""},"tablet":{"background-color":"var(--ast-global-color-5)","background-image":"","background-repeat":"repeat","background-position":"center center","background-size":"auto","background-attachment":"scroll","background-type":"","background-media":"","overlay-type":"","overlay-color":"","overlay-opacity":"","overlay-gradient":""},"mobile":{"background-color":"var(--ast-global-color-5)","background-image":"","background-repeat":"repeat","background-position":"center center","background-size":"auto","background-attachment":"scroll","background-type":"","background-media":"","overlay-type":"","overlay-color":"","overlay-opacity":"","overlay-gradient":""}},"footnotes":""},"class_list":["post-14325","page","type-page","status-publish","hentry"],"post_mailing_queue_ids":[],"_links":{"self":[{"href":"https:\/\/serveiseducatius.xtec.cat\/altemporda\/wp-json\/wp\/v2\/pages\/14325","targetHints":{"allow":["GET"]}}],"collection":[{"href":"https:\/\/serveiseducatius.xtec.cat\/altemporda\/wp-json\/wp\/v2\/pages"}],"about":[{"href":"https:\/\/serveiseducatius.xtec.cat\/altemporda\/wp-json\/wp\/v2\/types\/page"}],"author":[{"embeddable":true,"href":"https:\/\/serveiseducatius.xtec.cat\/altemporda\/wp-json\/wp\/v2\/users\/1"}],"replies":[{"embeddable":true,"href":"https:\/\/serveiseducatius.xtec.cat\/altemporda\/wp-json\/wp\/v2\/comments?post=14325"}],"version-history":[{"count":6,"href":"https:\/\/serveiseducatius.xtec.cat\/altemporda\/wp-json\/wp\/v2\/pages\/14325\/revisions"}],"predecessor-version":[{"id":27270,"href":"https:\/\/serveiseducatius.xtec.cat\/altemporda\/wp-json\/wp\/v2\/pages\/14325\/revisions\/27270"}],"up":[{"embeddable":true,"href":"https:\/\/serveiseducatius.xtec.cat\/altemporda\/wp-json\/wp\/v2\/pages\/14340"}],"wp:attachment":[{"href":"https:\/\/serveiseducatius.xtec.cat\/altemporda\/wp-json\/wp\/v2\/media?parent=14325"}],"curies":[{"name":"wp","href":"https:\/\/api.w.org\/{rel}","templated":true}]}}