{"id":14118,"date":"2021-10-01T13:52:36","date_gmt":"2021-10-01T11:52:36","guid":{"rendered":"https:\/\/serveiseducatius.xtec.cat\/altemporda\/?page_id=14118"},"modified":"2022-06-16T13:04:37","modified_gmt":"2022-06-16T11:04:37","slug":"clva-2014","status":"publish","type":"page","link":"https:\/\/serveiseducatius.xtec.cat\/altemporda\/certamen-de-lectura-en-veu-alta\/clva-2014\/","title":{"rendered":"CLVA 2014"},"content":{"rendered":"<p><span style=\"background-color: #38761d;\"><span style=\"color: #ffffff; font-size: large;\"><b><span style=\"background-color: #38761d;\">Calendari<\/span><br \/>\n<\/b><\/span><\/span><\/p>\n<div style=\"line-height: normal; color: #333399;\"><b style=\"color: #cc0000;\"><span style=\"font-family: arial, sans-serif; font-size: medium;\">Les dates previstes\u00a0<\/span><\/b><\/div>\n<div>\n<ul style=\"line-height: normal;\">\n<li style=\"color: #333399; margin-left: 15px;\"><span style=\"font-family: arial, sans-serif; font-size: medium;\"><b><span lang=\"CA\" style=\"background-color: yellow;\">Els quarts de final<\/span><\/b><span lang=\"CA\">\u00a0a l&#8217;Alt Empord\u00e0 es poden concretar amb:<\/span><br \/>\n<\/span><\/p>\n<ul style=\"color: #222222;\">\n<li style=\"margin-left: 15px;\"><span style=\"color: #333399;\"><span style=\"font-family: arial, sans-serif; font-size: medium;\">Lloc: Servei Educatiu de l&#8217;Alt Empord\u00e0, Av. M. \u00c0ngels Anglada, 13 &#8211; \u00a017600 Figueres<\/span><\/span><\/li>\n<li style=\"margin-left: 15px;\"><span lang=\"CA\" style=\"color: #333399;\"><span style=\"font-family: arial, sans-serif; font-size: medium;\">Data: dijous, <a href=\"http:\/\/llegimenveualta.blogspot.com.es\/\" target=\"_blank\" rel=\"noopener\">3 d&#8217;abril de\u00a0<span style=\"background-color: #ffffcc; color: #222222; background-repeat: initial initial;\">2014<\/span><\/a><\/span><\/span><\/li>\n<li style=\"margin-left: 15px;\"><span lang=\"CA\" style=\"color: #333399;\"><span style=\"font-family: arial, sans-serif; font-size: medium;\">Hora: 2\/4 de10 del mat\u00ed<\/span><\/span><\/li>\n<\/ul>\n<\/li>\n<li style=\"margin-left: 15px;\"><span style=\"font-family: arial, sans-serif; font-size: medium;\"><b><span lang=\"CA\" style=\"background-color: yellow;\"><span style=\"color: #222222;\">L<\/span><span style=\"color: #0b5394;\">a semifinal<\/span><\/span><\/b><span lang=\"CA\" style=\"color: #222222;\"><span style=\"color: #0b5394;\">\u00a0ser\u00e0 el dimarts 29 d&#8217;abril de\u00a0<span style=\"background-color: #ffffcc; color: #222222; background-repeat: initial initial;\">2014<\/span>, a l&#8217;Auditori de l&#8217;EspaiCaixa de Girona\u00a0<\/span><\/span><\/span><\/li>\n<li style=\"color: #222222; margin-left: 15px;\"><span style=\"font-family: arial, sans-serif; font-size: medium;\"><b style=\"color: #0b5394;\"><span lang=\"CA\" style=\"background-color: yellow;\">La final<\/span><span lang=\"CA\">,<\/span><\/b><span lang=\"CA\" style=\"color: #0b5394;\">\u00a0el 4 de juny al TNC<\/span><\/span><\/li>\n<\/ul>\n<div style=\"line-height: normal; color: #222222;\"><span style=\"color: #444444; line-height: 28.799999237060547px;\"><span style=\"line-height: 42.66666793823242px; text-align: center;\"><span style=\"color: #ffffff;\"><span style=\"font-weight: bold; font-size: large;\"><span style=\"background-color: #38761d;\">Lectures proposades: <\/span><span style=\"background-color: #ffffff;\">\u00a0<\/span><\/span><span style=\"background-color: #ffffff; font-size: medium;\"><a href=\"https:\/\/docs.google.com\/a\/xtec.cat\/file\/d\/0B16WVk0PCnaZOEVycUtORUowM1E\/preview\" target=\"_blank\" rel=\"noopener\">grumets vermells,<\/a>;<a href=\"https:\/\/docs.google.com\/a\/xtec.cat\/file\/d\/0B16WVk0PCnaZdnlIRjlzczhfaDg\/preview\" target=\"_blank\" rel=\"noopener\">grumets verds,<\/a>,<a href=\"https:\/\/docs.google.com\/a\/xtec.cat\/file\/d\/0B16WVk0PCnaZZFNzWnRQR1NlYW8\/preview\" target=\"_blank\" rel=\"noopener\">timoners,<\/a>,<a href=\"https:\/\/docs.google.com\/a\/xtec.cat\/file\/d\/0B16WVk0PCnaZN1hyZ1FURE44NVE\/preview\" target=\"_blank\" rel=\"noopener\">corsaris,<\/a> <a href=\"https:\/\/docs.google.com\/a\/xtec.cat\/file\/d\/0B16WVk0PCnaZb2tDSW5ScmVEV3M\/preview\" target=\"_blank\" rel=\"noopener\">tropa de corsaris<\/a><\/span><\/span><\/span><\/span><\/div>\n<div style=\"line-height: normal;\"><b style=\"line-height: 28.799999237060547px;\"><span style=\"line-height: 42.66666793823242px; text-align: center;\"><span style=\"color: #ffffff; font-size: large;\"><span style=\"background-color: #38761d;\">Centres i alumnes participants en els quarts de final a Figueres \u00a0 \u00a0 \u00a0<\/span><\/span><\/span><\/b><\/div>\n<div><\/div>\n<div style=\"color: #222222; line-height: 21.3333320617676px;\">\n<table style=\"font-size: medium; line-height: 28.7999992370605px; color: #ff0000; border-collapse: collapse; border-color: #888888; border-width: 1px; background-color: #2b9277;\" border=\"1\" cellspacing=\"0\">\n<tbody>\n<tr>\n<td style=\"text-align: center; width: 751px; height: 55px;\"><span style=\"font-family: verdana, sans-serif; font-size: large;\"><b>\u00a0<span style=\"color: #ffffff;\">CENTRES PARTICIPANTS<br \/>\n<\/span><\/b><\/span><\/td>\n<\/tr>\n<\/tbody>\n<\/table>\n<\/div>\n<div style=\"color: #222222; line-height: 21.3333320617676px;\"><\/div>\n<div style=\"color: #222222; line-height: 21.3333320617676px;\">\n<table style=\"color: #444444; line-height: 21.3333320617676px; text-align: center; border-collapse: collapse; border-color: #888888; border-width: 1px;\" border=\"1\" cellspacing=\"0\">\n<tbody>\n<tr>\n<td style=\"text-align: left; width: 366px; height: 222px;\">\n<ul>\n<li><span style=\"line-height: 21.3333320617676px; font-family: arial,sans,sans-serif; background-color: transparent;\"><span style=\"font-size: medium;\"><span style=\"color: #38761d;\"><b>ESC Joan Regl\u00e0<\/b><\/span>\u00a0(B\u00e0scara) \u00a0 \u00a0 \u00a0 \u00a0 \u00a0 \u00a0 \u00a0<\/span><\/span><\/li>\n<li><span style=\"line-height: 21.3333320617676px; background-color: transparent;\"><span style=\"font-size: medium;\"><span style=\"color: #38761d;\"><b>ESC Moss\u00e8n Josep M\u00aa Albert<\/b><\/span>\u00a0(Cistella)<\/span><\/span><\/li>\n<li style=\"text-align: left;\"><span style=\"line-height: 21.3333320617676px; background-color: transparent;\"><span style=\"font-size: medium;\"><b><span style=\"color: #38761d;\">ESC Josep Pallach<\/span><\/b>\u00a0(Figueres)<\/span><\/span><\/li>\n<li><span style=\"line-height: 21.3333320617676px; background-color: transparent;\"><span style=\"font-size: medium;\"><span style=\"color: #38761d;\"><b>ESC M\u00aa \u00c0ngels Anglada\u00a0<\/b><\/span>(Figueres)<\/span><\/span><\/li>\n<li><span style=\"line-height: 21.3333320617676px; background-color: transparent;\"><span style=\"font-size: medium;\"><span style=\"color: #38761d;\"><b>ESC Carme Guasch i Darn\u00e9\u00a0<\/b><\/span>(Figueres)<\/span><\/span><\/li>\n<li><span style=\"font-size: medium; line-height: 21.3333320617676px; color: #38761d;\"><b>ESC Sant Pau<\/b><\/span><span style=\"font-size: medium; line-height: 21.3333320617676px;\">\u00a0(Figueres)<\/span><\/li>\n<li><span style=\"line-height: 21.3333320617676px; background-color: transparent;\"><span style=\"font-size: medium;\"><span style=\"color: #38761d;\"><b>ESC de Garrig\u00e0s<\/b><\/span>\u00a0(Garrig\u00e0s)<\/span><\/span><span style=\"line-height: 21.3333320617676px; font-size: 10pt; background-color: transparent;\"><span style=\"font-size: medium;\">\u00a0\u00a0<\/span><\/span><span style=\"line-height: 21.3333320617676px; font-size: 10pt; background-color: transparent;\">\u00a0 \u00a0 \u00a0 \u00a0 \u00a0 \u00a0 \u00a0 \u00a0 \u00a0 \u00a0\u00a0<\/span><\/li>\n<\/ul>\n<\/td>\n<td style=\"width: 379px; height: 222px;\">\n<ul>\n<li style=\"text-align: left;\"><span style=\"line-height: 21.3333320617676px; background-color: transparent;\"><span style=\"font-size: medium;\"><span style=\"color: #38761d;\"><b>ESC Mart\u00ed Ingl\u00e8s<\/b><\/span>\u00a0(Palau-saverdera)<\/span><\/span><\/li>\n<li style=\"text-align: left;\"><span style=\"line-height: 21.3333320617676px; background-color: transparent;\"><span style=\"font-size: medium;\"><b><span style=\"color: #38761d;\">ESC Santiago Rat\u00e9s<\/span><\/b>\u00a0(Vilaju\u00efga)<\/span><\/span><\/li>\n<li style=\"text-align: left;\"><span style=\"line-height: 21.3333320617676px; background-color: transparent;\"><span style=\"font-size: medium;\"><b><span style=\"color: #38761d;\">ESC Tramuntana<\/span><\/b>\u00a0(Vilanant)<\/span><\/span><\/li>\n<li style=\"text-align: left;\"><span style=\"line-height: 21.3333320617676px; background-color: transparent;\"><span style=\"font-size: medium;\"><b><span style=\"color: #38761d;\">CC- Empord\u00e0-San Jos\u00e9<\/span><\/b>\u00a0(Roses)<\/span><\/span><\/li>\n<li style=\"text-align: left;\"><span style=\"line-height: 21.3333320617676px; background-color: transparent;\"><span style=\"font-size: medium;\"><b><span style=\"color: #38761d;\">ESC Salvador Dal\u00ed\u00a0<\/span><\/b>(Figueres)<\/span><\/span><\/li>\n<li style=\"text-align: left;\"><span style=\"font-size: medium; line-height: 21.3333320617676px; color: #38761d;\"><b>INS Narc\u00eds Monturiol\u00a0<\/b><\/span><span style=\"font-size: medium; line-height: 21.3333320617676px;\">(Figueres)<\/span><\/li>\n<li style=\"text-align: left;\"><span style=\"line-height: 21.3333320617676px; background-color: transparent;\"><span style=\"font-size: medium;\"><span style=\"color: #38761d;\"><b>INS Illa de Rodes<\/b><\/span>\u00a0(Roses)<\/span><\/span><\/li>\n<\/ul>\n<div style=\"text-align: left;\"><\/div>\n<div><\/div>\n<\/td>\n<\/tr>\n<\/tbody>\n<\/table>\n<\/div>\n<div style=\"line-height: normal;\"><b style=\"font-size: 10pt; line-height: 28.799999237060547px;\"><span style=\"line-height: 42.66666793823242px; text-align: center;\"><span style=\"color: #ffffff; font-size: large;\"><span style=\"background-color: #38761d;\">Alumnes PARTICIPANTS: 33<\/span><\/span><\/span><\/b><\/div>\n<div style=\"line-height: normal;\"><b style=\"font-size: 10pt; line-height: 28.799999237060547px;\"><span style=\"line-height: 42.66666793823242px; text-align: center;\"><span style=\"color: #ffffff; font-size: large;\"><span style=\"background-color: #38761d;\">Alumnes finalistes\u00a0 \u00a0<\/span><\/span><\/span><\/b><\/div>\n<div>\n<p><span style=\"font-weight: 400;\">Alt Empord\u00e0. PASSEN A LA SEMIFINAL:\u00a0<\/span><\/p>\n<p><span style=\"font-weight: 400;\">GRUMETS VERMELLS:<\/span><\/p>\n<ul>\n<li style=\"font-weight: 400;\" aria-level=\"1\"><span style=\"font-weight: 400;\">N\u00faria Dumanj\u00f3 Andreu\u00a0 \u00a0 SANT PAU\u00a0 DE FIGUERES<\/span><\/li>\n<li style=\"font-weight: 400;\" aria-level=\"1\"><span style=\"font-weight: 400;\">Ka\u00e8lum Escolano Arana \u00a0 ESC JOAN REGL\u00c0 DE B\u00c0SCARA<\/span><\/li>\n<\/ul>\n<p><span style=\"font-weight: 400;\">GRUMETS VERDS:<\/span><\/p>\n<ul>\n<li style=\"font-weight: 400;\" aria-level=\"1\"><span style=\"font-weight: 400;\">Anna Barraza \u00a0 \u00a0 ESC MART\u00cd INGL\u00c8S DE\u00a0 PALAU SAVERDERA<\/span><\/li>\n<li style=\"font-weight: 400;\" aria-level=\"1\"><span style=\"font-weight: 400;\">Marta Abad Batllori \u00a0 ESC\u00a0 SANTIAGO RAT\u00c9S DE VILAJU\u00cfGA<\/span><\/li>\n<\/ul>\n<p><span style=\"font-weight: 400;\">TIMONERS:<\/span><\/p>\n<ul>\n<li style=\"font-weight: 400;\" aria-level=\"1\"><span style=\"font-weight: 400;\">Hachim Saddic \u00a0 \u00a0 \u00a0 \u00a0 \u00a0 \u00a0 \u00a0 ESC DAL\u00cd\u00a0 FIGUERES<\/span><\/li>\n<\/ul>\n<p><span style=\"font-weight: 400;\">CORSARIS:<\/span><\/p>\n<ul>\n<li style=\"font-weight: 400;\" aria-level=\"1\"><span style=\"font-weight: 400;\">Eduard Soler Martorell \u00a0 INS N. MONTURIOL DE FIGUERES<\/span><\/li>\n<\/ul>\n<p><span style=\"font-weight: 400;\">TROPA DE CORSARIS:<\/span><\/p>\n<ul>\n<li style=\"font-weight: 400;\" aria-level=\"1\"><span style=\"font-weight: 400;\">Pablo Loro<\/span><\/li>\n<li style=\"font-weight: 400;\" aria-level=\"1\"><span style=\"font-weight: 400;\">Zinea Moreno\u00a0 \u00a0 \u00a0 \u00a0 \u00a0 \u00a0 \u00a0 \u00a0 \u00a0 INS N. MONTURIOL DE FIGUERES<\/span><\/li>\n<li style=\"font-weight: 400;\" aria-level=\"1\"><span style=\"font-weight: 400;\">Gemma Vil\u00e0<\/span><\/li>\n<\/ul>\n<\/div>\n<\/div>\n<p><span style=\"color: #ffffff; font-size: large;\"><span style=\"line-height: 28.7999992370605px; background-color: #38761d;\"><b>Reviu la Final del X Certamen Nacional infantil i juvenil de lectura en veu alta<\/b><\/span><\/span><\/p>\n<div><center><iframe loading=\"lazy\" title=\"YouTube video player\" src=\"https:\/\/www.youtube.com\/embed\/YI08H7yf_bU\" width=\"560\" height=\"315\" frameborder=\"0\" allowfullscreen=\"allowfullscreen\"><\/iframe><\/center><span style=\"color: #ffffff; font-size: large;\"><span style=\"line-height: 42.6666679382324px; background-color: #38761d;\"><b>Mem\u00f2ria IX Certamen de lectura 2014<\/b><\/span><\/span><\/p>\n<div style=\"display: block; text-align: center; margin-right: auto; margin-left: auto;\"><a href=\"https:\/\/drive.google.com\/a\/xtec.cat\/file\/d\/0B22pZTS9eeThZDdqQXFkWGppQ00\/view?usp=sharing\" target=\"_blank\" rel=\"noopener\"><img decoding=\"async\" src=\"https:\/\/drive.google.com\/uc?id=0B22pZTS9eeThQTZLSmF0QlQ3Y28\" alt=\" \" border=\"0\" \/><\/a><\/div>\n<p>&nbsp;<\/p>\n<div style=\"text-align: left;\">\n<hr \/>\n<\/div>\n<\/div>\n","protected":false},"excerpt":{"rendered":"<p>Calendari Les dates previstes\u00a0 Els quarts de final\u00a0a l&#8217;Alt Empord\u00e0 es poden concretar amb: Lloc: Servei Educatiu de l&#8217;Alt Empord\u00e0, Av. M. \u00c0ngels Anglada, 13 &#8211; \u00a017600 Figueres Data: dijous, 3 d&#8217;abril de\u00a02014 Hora: 2\/4 de10 del mat\u00ed La semifinal\u00a0ser\u00e0 el dimarts 29 d&#8217;abril de\u00a02014, a l&#8217;Auditori de l&#8217;EspaiCaixa de Girona\u00a0 La final,\u00a0el 4 de [&hellip;]<\/p>\n","protected":false},"author":4,"featured_media":0,"parent":11470,"menu_order":2,"comment_status":"closed","ping_status":"closed","template":"page-templates\/side-menu.php","meta":{"_bbp_topic_count":0,"_bbp_reply_count":0,"_bbp_total_topic_count":0,"_bbp_total_reply_count":0,"_bbp_voice_count":0,"_bbp_anonymous_reply_count":0,"_bbp_topic_count_hidden":0,"_bbp_reply_count_hidden":0,"_bbp_forum_subforum_count":0,"site-sidebar-layout":"default","site-content-layout":"","ast-site-content-layout":"","site-content-style":"default","site-sidebar-style":"default","ast-global-header-display":"","ast-banner-title-visibility":"","ast-main-header-display":"","ast-hfb-above-header-display":"","ast-hfb-below-header-display":"","ast-hfb-mobile-header-display":"","site-post-title":"","ast-breadcrumbs-content":"","ast-featured-img":"","footer-sml-layout":"","theme-transparent-header-meta":"","adv-header-id-meta":"","stick-header-meta":"","header-above-stick-meta":"","header-main-stick-meta":"","header-below-stick-meta":"","astra-migrate-meta-layouts":"default","ast-page-background-enabled":"default","ast-page-background-meta":{"desktop":{"background-color":"var(--ast-global-color-4)","background-image":"","background-repeat":"repeat","background-position":"center center","background-size":"auto","background-attachment":"scroll","background-type":"","background-media":"","overlay-type":"","overlay-color":"","overlay-opacity":"","overlay-gradient":""},"tablet":{"background-color":"","background-image":"","background-repeat":"repeat","background-position":"center center","background-size":"auto","background-attachment":"scroll","background-type":"","background-media":"","overlay-type":"","overlay-color":"","overlay-opacity":"","overlay-gradient":""},"mobile":{"background-color":"","background-image":"","background-repeat":"repeat","background-position":"center center","background-size":"auto","background-attachment":"scroll","background-type":"","background-media":"","overlay-type":"","overlay-color":"","overlay-opacity":"","overlay-gradient":""}},"ast-content-background-meta":{"desktop":{"background-color":"var(--ast-global-color-5)","background-image":"","background-repeat":"repeat","background-position":"center center","background-size":"auto","background-attachment":"scroll","background-type":"","background-media":"","overlay-type":"","overlay-color":"","overlay-opacity":"","overlay-gradient":""},"tablet":{"background-color":"var(--ast-global-color-5)","background-image":"","background-repeat":"repeat","background-position":"center center","background-size":"auto","background-attachment":"scroll","background-type":"","background-media":"","overlay-type":"","overlay-color":"","overlay-opacity":"","overlay-gradient":""},"mobile":{"background-color":"var(--ast-global-color-5)","background-image":"","background-repeat":"repeat","background-position":"center center","background-size":"auto","background-attachment":"scroll","background-type":"","background-media":"","overlay-type":"","overlay-color":"","overlay-opacity":"","overlay-gradient":""}},"footnotes":""},"class_list":["post-14118","page","type-page","status-publish","hentry"],"post_mailing_queue_ids":[],"_links":{"self":[{"href":"https:\/\/serveiseducatius.xtec.cat\/altemporda\/wp-json\/wp\/v2\/pages\/14118","targetHints":{"allow":["GET"]}}],"collection":[{"href":"https:\/\/serveiseducatius.xtec.cat\/altemporda\/wp-json\/wp\/v2\/pages"}],"about":[{"href":"https:\/\/serveiseducatius.xtec.cat\/altemporda\/wp-json\/wp\/v2\/types\/page"}],"author":[{"embeddable":true,"href":"https:\/\/serveiseducatius.xtec.cat\/altemporda\/wp-json\/wp\/v2\/users\/4"}],"replies":[{"embeddable":true,"href":"https:\/\/serveiseducatius.xtec.cat\/altemporda\/wp-json\/wp\/v2\/comments?post=14118"}],"version-history":[{"count":4,"href":"https:\/\/serveiseducatius.xtec.cat\/altemporda\/wp-json\/wp\/v2\/pages\/14118\/revisions"}],"predecessor-version":[{"id":14240,"href":"https:\/\/serveiseducatius.xtec.cat\/altemporda\/wp-json\/wp\/v2\/pages\/14118\/revisions\/14240"}],"up":[{"embeddable":true,"href":"https:\/\/serveiseducatius.xtec.cat\/altemporda\/wp-json\/wp\/v2\/pages\/11470"}],"wp:attachment":[{"href":"https:\/\/serveiseducatius.xtec.cat\/altemporda\/wp-json\/wp\/v2\/media?parent=14118"}],"curies":[{"name":"wp","href":"https:\/\/api.w.org\/{rel}","templated":true}]}}