{"id":14112,"date":"2021-10-01T13:51:39","date_gmt":"2021-10-01T11:51:39","guid":{"rendered":"https:\/\/serveiseducatius.xtec.cat\/altemporda\/?page_id=14112"},"modified":"2022-06-16T13:01:23","modified_gmt":"2022-06-16T11:01:23","slug":"clva-2017","status":"publish","type":"page","link":"https:\/\/serveiseducatius.xtec.cat\/altemporda\/certamen-de-lectura-en-veu-alta\/clva-2017\/","title":{"rendered":"CLVA 2017"},"content":{"rendered":"<div><\/div>\n<div style=\"text-align: left;\"><\/div>\n<div><b style=\"font-size: 13.3333px; text-align: justify;\"><span style=\"background-color: #b6d7a8; font-size: x-large;\">*** \u00a0<\/span><span style=\"font-size: medium;\"><span style=\"background-color: #b6d7a8;\">FINAL: 30 de maig 2017 al teatre Nacional de Catalunya <\/span><span style=\"background-color: #ffffff;\">\u00a0 \u00a0<\/span><\/span><\/b><span style=\"font-family: Oswald,sans-serif; text-transform: uppercase; word-spacing: 5px; color: #000000; font-size: small;\"><b style=\"background-color: #b6d7a8;\">LA FINAL EN DIRECTE<\/b><\/span><span style=\"color: #676767; font-family: Oswald,sans-serif; text-transform: uppercase; word-spacing: 5px; background-color: transparent; font-size: 22px;\">\u00a0<\/span><a style=\"font-family: Oswald,sans-serif; text-transform: uppercase; word-spacing: 5px; background-color: transparent; font-size: 22px;\" href=\"http:\/\/www.lecturaenveualta.cat\/la-final-en-directe-30-de-maig-tnc\/\" target=\"_blank\" rel=\"nofollow noopener\">[+]<\/a><\/div>\n<div style=\"line-height: 21.3333px;\">\n<blockquote style=\"margin: 0px 0px 0px 40px; border: none; padding: 0px;\">\n<div style=\"font-size: 13.3333px;\">\n<div style=\"line-height: 21.3333px;\">\n<div style=\"font-family: tahoma,sans-serif; color: #333399;\"><b style=\"color: #444444; font-family: Arial,Verdana,sans-serif; text-align: justify;\"><span style=\"font-style: normal; font-size: medium;\">Guanyador a nivell de Catalunya!!<\/span><\/b><\/div>\n<\/div>\n<\/div>\n<div>\n<div style=\"line-height: 21.3333px;\">\n<div style=\"font-family: tahoma,sans-serif; color: #333399;\"><span style=\"font-style: normal; font-size: large;\"><span style=\"color: #222222; font-family: arial,sans-serif;\"><b><span style=\"background-color: #ffff00;\">Grumets vermells:\u00a0<\/span><\/b><\/span><span style=\"color: #444444; font-family: Arial,Verdana,sans-serif;\"><b style=\"background-color: #ffff00;\">David Peral Lezcanode<\/b><span style=\"background-color: #ffff00;\">\u00a0<\/span><\/span><span style=\"color: #444444; font-family: Arial,Verdana,sans-serif; background-color: #ffff00;\">l&#8217;<\/span><\/span><b style=\"color: #222222; font-family: arial,sans-serif; background-color: transparent;\"><span style=\"background-color: #ffff00; font-style: normal;\"><span style=\"font-size: large;\">\u00a0ESCOLA\u00a0SANT PAU,\u00a0Figueres<\/span><\/span><span style=\"font-size: 12.8px;\"><span style=\"font-style: normal;\">\u00a0<\/span>&#8230;&#8230;.<\/span><span style=\"font-size: 12.8px; color: #333399; font-family: tahoma,sans-serif;\">FELICITATS<\/span><span style=\"font-size: 12.8px; color: #333399; font-family: tahoma,sans-serif;\">!!!\u00a0<\/span><\/b><span style=\"font-size: 12.8px; margin-right: 0.2ex; margin-left: 0.2ex;\"><img decoding=\"async\" style=\"font-size: 12.8px; background-color: transparent; margin: 0px 0.2ex; vertical-align: middle; max-height: 24px;\" src=\"https:\/\/mail.google.com\/mail\/e\/1f44f\" alt=\"\ud83d\udc4f\" \/><img decoding=\"async\" style=\"font-size: 12.8px; background-color: transparent; margin: 0px 0.2ex; vertical-align: middle; max-height: 24px;\" src=\"https:\/\/mail.google.com\/mail\/e\/1f44f\" alt=\"\ud83d\udc4f\" \/><img decoding=\"async\" style=\"font-size: 12.8px; background-color: transparent; margin: 0px 0.2ex; vertical-align: middle; max-height: 24px;\" src=\"https:\/\/mail.google.com\/mail\/e\/1f44d\" alt=\"\ud83d\udc4d\" \/><\/span><\/div>\n<div>\n<div style=\"margin: 0px 0px 30px; padding: 30px 0px; border-width: 0px 0px 1px; border-collapse: separate; border-spacing: 0px; overflow: hidden; clear: both; border-color: initial initial #eeeeee initial; border-style: initial initial solid initial;\">\n<h1 style=\"margin: 0px; padding: 0px; border: 0px; border-collapse: separate; border-spacing: 0px; clear: both; line-height: 28px;\"><a name=\"TOC-LA-FINAL-EN-DIRECTE-Volem-compartir-la-final-del-XIII-Certamen-de-lectura-en-veu-alta-amb-tots-vosaltres-\"><\/a><\/h1>\n<div><b style=\"font-style: normal; font-size: medium; background-color: #d9ead3;\">\u00a0<\/b><b style=\"font-size: 10pt; font-style: normal; background-color: #d9ead3;\"><span style=\"font-size: xx-large;\">*\u00a0<\/span><\/b><b style=\"font-style: normal; font-size: medium; background-color: #d9ead3;\">\u00a0Celebraci\u00f3 dels <u>quarts de final<\/u> a l&#8217;Alt Empord\u00e0<\/b><\/div>\n<\/div>\n<\/div>\n<\/div>\n<\/div>\n<\/blockquote>\n<\/div>\n<div>\n<div style=\"font-family: arial,sans-serif;\">\n<ul>\n<li style=\"color: #222222; font-size: 12.8px; margin-left: 15px;\"><span style=\"color: #073763; font-family: tahoma, sans-serif;\"><span style=\"color: #073763; font-family: tahoma, sans-serif;\">Dia:<br \/>\n<\/span><\/span><\/p>\n<div style=\"font-size: 12.8px; display: inline;\"><span style=\"font-size: medium;\">\u200b\u00a0<\/span><\/div>\n<p><span style=\"font-size: medium;\">\u200b \u00a0 \u00a0 \u00a0 \u00a0 \u00a0 dimecres, 5 d&#8217;abril de 2017<\/span><\/li>\n<li style=\"color: #222222; font-size: 12.8px; margin-left: 15px;\"><span style=\"color: #073763; font-family: tahoma, sans-serif;\"><span style=\"color: #073763; font-family: tahoma, sans-serif;\">Hora:<br \/>\n<\/span><\/span><\/p>\n<div style=\"font-size: 12.8px; display: inline;\"><span style=\"font-size: medium;\">\u200b \u00a0 \u00a0 \u00a0 \u00a0<\/span><\/div>\n<p><span style=\"font-size: medium;\">\u200b \u00a02\/4 de 10 del mat\u00ed\u200b &#8211; 2\/4 d&#8217;1 del migdia<\/span><\/li>\n<li style=\"color: #222222; font-size: 12.8px; margin-left: 15px;\"><span style=\"color: #073763; font-family: tahoma, sans-serif;\"><span style=\"color: #073763; font-family: tahoma, sans-serif;\">Lloc (adre\u00e7a):<br \/>\n<\/span><\/span><\/p>\n<div style=\"font-size: 12.8px; display: inline;\"><span style=\"font-size: medium;\">Auditori dels Caputxins. \u00a0<\/span><\/div>\n<p><span style=\"font-size: 12.8px; text-align: justify; line-height: 18.2px;\">C\/\u00a0Rec \u00a0Arnau<\/span><span style=\"font-size: 12.8px; text-align: justify; line-height: 18.2px;\">, 8.\u00a0<\/span><\/p>\n<p><span style=\"color: #073763; font-family: tahoma, sans-serif;\"><span style=\"font-size: 12.8px; text-align: justify; line-height: 18.2px;\">\u00a0<\/span><\/span>Figueres\u00a0<a href=\"https:\/\/sites.google.com\/a\/xtec.cat\/llengua-ae\/goog_657775619\" target=\"_blank\" rel=\"noopener\">\u00a0<\/a><span style=\"background-color: transparent; color: #000000; line-height: 19.3939px;\"><span style=\"font-size: xx-small;\"><a href=\"https:\/\/www.google.es\/maps\/@42.2703138,2.9629178,3a,75y,46.98h,75.09t\/data=!3m6!1e1!3m4!1sA44ZaMu4zZjGwookyNnI9w!2e0!7i13312!8i6656!6m1!1e1\" target=\"_blank\" rel=\"noopener\">(street view)<\/a><\/span><\/span><\/li>\n<li style=\"color: #222222; font-size: 12.8px; margin-left: 15px;\"><span style=\"color: #444444; font-family: Arial,Verdana,sans-serif; font-size: 13.3333px;\">Informaci\u00f3 general\u00a0<\/span><b style=\"color: #444444; font-family: Arial,Verdana,sans-serif; background-color: transparent; font-size: 13.3333px;\"><u><\/u><\/b><\/li>\n<\/ul>\n<\/div>\n<\/div>\n<blockquote style=\"margin: 0 0 0 40px; border: none; padding: 0px;\">\n<blockquote style=\"margin: 0 0 0 40px; border: none; padding: 0px;\">\n<blockquote style=\"margin: 0 0 0 40px; border: none; padding: 0px;\">\n<blockquote style=\"margin: 0 0 0 40px; border: none; padding: 0px;\">\n<div>\n<div style=\"font-family: arial,sans-serif;\">\n<div style=\"color: #222222; font-size: 12.8px; text-align: justify;\">\n<p style=\"color: #444444; font-family: Arial,Verdana,sans-serif; font-size: 13.3333px; margin-bottom: 0.0001pt; background-image: initial; background-repeat: initial;\"><b>SEMIFINALS: 28 d&#8217;abril 2017 al teatre de Salt de 10:30 a 13h.<\/b><\/p>\n<\/div>\n<\/div>\n<\/div>\n<\/blockquote>\n<\/blockquote>\n<\/blockquote>\n<blockquote style=\"margin: 0 0 0 40px; border: none; padding: 0px;\">\n<blockquote style=\"margin: 0 0 0 40px; border: none; padding: 0px;\">\n<blockquote style=\"margin: 0 0 0 40px; border: none; padding: 0px;\">\n<div>\n<div style=\"font-family: arial,sans-serif;\">\n<div style=\"color: #222222; font-size: 12.8px; text-align: justify;\">\n<p style=\"color: #444444; font-family: Arial,Verdana,sans-serif; font-size: 13.3333px; margin-bottom: 0.0001pt; background-image: initial; background-repeat: initial;\"><b>FINAL: 30 de maig 2017 al teatre Nacional de Catalunya<\/b><\/p>\n<\/div>\n<\/div>\n<\/div>\n<\/blockquote>\n<\/blockquote>\n<\/blockquote>\n<\/blockquote>\n<div>\n<div style=\"font-family: arial,sans-serif;\">\n<div style=\"color: #222222; font-size: 12.8px; text-align: justify;\"><\/div>\n<div style=\"color: #222222; font-size: 12.8px; text-align: justify;\"><\/div>\n<\/div>\n<\/div>\n<blockquote style=\"margin: 0 0 0 40px; border: none; padding: 0px;\">\n<div><b><span style=\"font-size: medium;\"><u>Finalistes dels quarts de final 2017:<\/u><\/span><\/b><\/div>\n<div><span style=\"font-size: small;\"><b>Grumets vermells:<\/b>\u00a0<\/span><\/div>\n<\/blockquote>\n<div>\n<ul>\n<li style=\"list-style-type: none;\">\n<ul>\n<li>Adriana Sunet Cervera; del Centre Escolar Empord\u00e0<\/li>\n<li>David Peral Lezcano; de l&#8217;escola Sant Pau \u00a0de Figueres<\/li>\n<\/ul>\n<\/li>\n<\/ul>\n<\/div>\n<blockquote style=\"margin: 0 0 0 40px; border: none; padding: 0px;\">\n<div><span style=\"font-size: small;\"><b>Grumets verds:<\/b>\u00a0<\/span><\/div>\n<\/blockquote>\n<div>\n<ul>\n<li style=\"list-style-type: none;\">\n<ul>\n<li><span style=\"font-size: small;\">F\u00e0tima Bota; de l&#8217;escola Ru\u00edz Amado de Castell\u00f3 d&#8217;Emp\u00faries<\/span><\/li>\n<li><span style=\"font-size: small;\">Maria Rodeja Parada; de l&#8217;escola Josep Pallach de Figueres<\/span><\/li>\n<\/ul>\n<\/li>\n<\/ul>\n<\/div>\n<blockquote style=\"margin: 0 0 0 40px; border: none; padding: 0px;\">\n<div><span style=\"font-size: small;\"><b>Timoners:<\/b>\u00a0<\/span><\/div>\n<\/blockquote>\n<div>\n<ul>\n<li style=\"list-style-type: none;\">\n<ul>\n<li>Diana Closca; de l&#8217;Institut Narc\u00eds Monturiol de Figueres<\/li>\n<\/ul>\n<\/li>\n<\/ul>\n<\/div>\n<blockquote style=\"margin: 0 0 0 40px; border: none; padding: 0px;\">\n<div><b><span style=\"font-size: small;\">Corsaris:<\/span><\/b><\/div>\n<\/blockquote>\n<div>\n<ul>\n<li style=\"list-style-type: none;\">\n<ul>\n<li><span style=\"font-size: small;\">Camila Ferrer Mensi\u00f3n; del\u00a0<\/span>Centre Escolar Empord\u00e0<\/li>\n<\/ul>\n<\/li>\n<\/ul>\n<\/div>\n<blockquote style=\"margin: 0 0 0 40px; border: none; padding: 0px;\">\n<div><span style=\"line-height: 21.3333px; background-color: transparent;\"><span style=\"font-size: small;\"><b>Tropa de Corsaris<\/b>:\u00a0<\/span><\/span><\/div>\n<\/blockquote>\n<div>\n<ul>\n<li style=\"list-style-type: none;\">\n<ul>\n<li><span style=\"font-size: small;\">Paula Benito Coderch; Maria Llaur\u00f3 Capel; Laura Ballart Agui\u00f1o; de l&#8217;institut Olivar Gran de Figueres<\/span><\/li>\n<\/ul>\n<\/li>\n<\/ul>\n<p>&nbsp;<\/p>\n<div><span style=\"font-size: small;\">\u00a0<\/span><\/div>\n<p>IMATGES DEL QUART DE FINAL A L&#8217;AUDITORI DELS CAPUTXINS<\/p>\n<\/div>\n<div>\n<div><\/div>\n<\/div>\n<div>\n<div><\/div>\n<\/div>\n<div>\n<div style=\"display: block; text-align: center; margin-right: auto; margin-left: auto;\"><a href=\"https:\/\/goo.gl\/photos\/HSLZUmUwr6mSbfWN6\" target=\"_blank\" rel=\"noopener\"><img loading=\"lazy\" decoding=\"async\" src=\"https:\/\/lh3.googleusercontent.com\/cvWdhIqt02li72w1A0WUTUS0HeMJzAaDLtKLEKFvMK40Us-ZY7KWxZMO0Q1WPU_Z2x0K3L_EfFjpsiYs4C2VONmdBmxYlGZSzmAftGrA9tt8V2nN4hpKvd0N9PVUVPsOkXAemxgIucNZV7kkTOPzB1gttEuHrWsjtuD7mtdSM17y8BeC8jnCe1ISpF5OG-zwL-zSCTlPvcWaJOnIQ8JzGh-r1mrmgeSg1g6_6tHDWNB-pX9jXjikO4d-4s-R9vQKhPvJ9ybSRE3NMypsDnibrLayFOZ_3QzJ8GHTRu5WO49CKCI3-GiSzpxuej-HHquO84d5sJ2rs6k1x7ww4jT436fFk5wuMSs8CUQQNN2ZifLqj9W5XH6Fh1goyUfy0YKWbMnEhhBk1qtK_pDFBMdaPTbAcZFayfU1Q8gR5aiEGnZ_NLtnFKJLl7TmYEHp6mvjRp1Ne2wWE-8UML4-phygkBP6dGCdrp3DWTd0jQludlmak8KqWvDYcMdUGvr672z7Gbp6Eo5oyYBZ3skJSWITsLohe2L1RqlHkOLQcvjPngUeGiWwXXOw03bIiXekgo3Apx_J0HpqcRTSgnRE6H63Ux4C1VMG8b4m0tyC4ks3wtwyas60E-y-Chfcm2zs2i2YfYV5LdKD9mG9Wm9VaUSc8ZwL4lJXOz-BEwC26rpxwA=w975-h731-no\" alt=\"https:\/\/goo.gl\/photos\/HSLZUmUwr6mSbfWN6\" width=\"400\" height=\"299\" border=\"0\" \/><\/a><\/div>\n<p>&nbsp;<\/p>\n<\/div>\n<div>\n<div style=\"font-size: 13.3333px; line-height: 21.3333px;\"><span style=\"font-size: large;\">\u00a0<\/span><\/div>\n<div style=\"line-height: 21.3333px;\">\n<div style=\"font-family: tahoma,sans-serif;\"><b style=\"font-family: Arial,Verdana,sans-serif; font-size: 13.3333px; background-color: #d9ead3;\"><span style=\"font-size: xx-large;\">** \u00a0<\/span><\/b><span style=\"color: #000000;\"><span style=\"font-family: Arial,Verdana,sans-serif; text-align: justify; background-color: #d9ead3;\"><span style=\"font-size: medium;\"><b>SEMIFINALS: 28 d&#8217;abril 2017 al teatre de Salt de 10:30 a 13h<\/b><\/span><\/span><b style=\"font-size: 13.3333px; font-family: Arial,Verdana,sans-serif; text-align: justify; background-color: #d9ead3;\">.<\/b><\/span><\/div>\n<div style=\"font-size: 12.8px; font-family: tahoma,sans-serif; color: #333399;\">\n<p><span style=\"color: #222222; font-family: arial,sans-serif; font-size: 12.8px;\">Semifinalistes:\u00a0<\/span><\/p>\n<blockquote style=\"color: #222222; font-family: arial,sans-serif; font-size: 12.8px; margin: 0px 0px 0px 40px; border: none; padding: 0px;\"><p><span style=\"font-style: normal;\"><b><span style=\"background-color: #ffff00;\">Grumets vermells:\u00a0<\/span><\/b><\/span><span style=\"color: #444444; font-family: Arial,Verdana,sans-serif; font-size: 13.3333px; font-style: normal;\"><b style=\"background-color: #ffff00;\">David Peral Lezcanode<\/b> <\/span><span style=\"color: #444444; font-family: Arial,Verdana,sans-serif; font-size: 13.3333px; font-style: normal; background-color: #ffff00;\">l&#8217;<\/span><b style=\"font-style: normal; font-size: 12.8px; background-color: transparent;\"><span style=\"background-color: #ffff00;\">\u00a0ESCOLA\u00a0SANT PAU,\u00a0Figueres<\/span> &#8230;&#8230;.<span style=\"color: #333399; font-family: tahoma,sans-serif; font-size: 12.8px;\">FELICITATS<\/span><span style=\"color: #333399; font-family: tahoma,sans-serif; font-size: 12.8px;\">!!!\u00a0<\/span><\/b><img decoding=\"async\" style=\"font-style: normal; font-size: 12.8px; background-color: transparent; color: #333399; font-family: tahoma,sans-serif; margin: 0px 0.2ex; vertical-align: middle; max-height: 24px;\" src=\"https:\/\/mail.google.com\/mail\/e\/1f44f\" alt=\"\ud83d\udc4f\" \/><img decoding=\"async\" style=\"font-style: normal; font-size: 12.8px; background-color: transparent; color: #333399; font-family: tahoma,sans-serif; margin: 0px 0.2ex; vertical-align: middle; max-height: 24px;\" src=\"https:\/\/mail.google.com\/mail\/e\/1f44f\" alt=\"\ud83d\udc4f\" \/><img decoding=\"async\" style=\"font-style: normal; font-size: 12.8px; background-color: transparent; color: #333399; font-family: tahoma,sans-serif; margin: 0px 0.2ex; vertical-align: middle; max-height: 24px;\" src=\"https:\/\/mail.google.com\/mail\/e\/1f44d\" alt=\"\ud83d\udc4d\" \/><\/p><\/blockquote>\n<blockquote style=\"color: #222222; font-family: arial,sans-serif; font-size: 12.8px; margin: 0px 0px 0px 40px; border: none; padding: 0px;\"><p><span style=\"font-style: normal;\">Grumets verds: SAINT\u00a0GEORGE\u2019S SCHOOL,\u00a0Fornells de\u00a0la Selva<br \/>\nTimoners: INSTITUT\u00a0LA GARROTXA, Olot<br \/>\nCorsaris: IE SALVADOR VILARRASA, Besal\u00fa<br \/>\n<\/span><\/p>\n<div><span style=\"font-style: normal;\">Tropa de Corsaris: LA SALLE\u00a0STA. COLOMA DE FARNERS<\/span><\/div>\n<\/blockquote>\n<\/div>\n<div style=\"font-family: tahoma,sans-serif; color: #333399;\"><b><span style=\"font-size: medium;\">\u00a0<\/span><\/b><\/div>\n<div style=\"font-family: tahoma,sans-serif; color: #333399;\"><\/div>\n<\/div>\n<\/div>\n<blockquote style=\"margin: 0 0 0 40px; border: none; padding: 0px;\">\n<div>\n<div style=\"line-height: 21.3333px;\"><\/div>\n<\/div>\n<\/blockquote>\n<div>\n<div style=\"font-size: 13.3333px; line-height: 21.3333px;\"><span style=\"font-size: large;\">\u00a0<\/span><\/div>\n<div style=\"font-size: 13.3333px; line-height: 21.3333px;\"><\/div>\n<div style=\"font-size: 13.3333px; line-height: 21.3333px;\"><\/div>\n<\/div>\n","protected":false},"excerpt":{"rendered":"<p>*** \u00a0FINAL: 30 de maig 2017 al teatre Nacional de Catalunya \u00a0 \u00a0LA FINAL EN DIRECTE\u00a0[+] Guanyador a nivell de Catalunya!! Grumets vermells:\u00a0David Peral Lezcanode\u00a0l&#8217;\u00a0ESCOLA\u00a0SANT PAU,\u00a0Figueres\u00a0&#8230;&#8230;.FELICITATS!!!\u00a0 \u00a0*\u00a0\u00a0Celebraci\u00f3 dels quarts de final a l&#8217;Alt Empord\u00e0 Dia: \u200b\u00a0 \u200b \u00a0 \u00a0 \u00a0 \u00a0 \u00a0 dimecres, 5 d&#8217;abril de 2017 Hora: \u200b \u00a0 \u00a0 \u00a0 \u00a0 \u200b \u00a02\/4 [&hellip;]<\/p>\n","protected":false},"author":4,"featured_media":0,"parent":11470,"menu_order":5,"comment_status":"closed","ping_status":"closed","template":"page-templates\/side-menu.php","meta":{"_bbp_topic_count":0,"_bbp_reply_count":0,"_bbp_total_topic_count":0,"_bbp_total_reply_count":0,"_bbp_voice_count":0,"_bbp_anonymous_reply_count":0,"_bbp_topic_count_hidden":0,"_bbp_reply_count_hidden":0,"_bbp_forum_subforum_count":0,"site-sidebar-layout":"default","site-content-layout":"","ast-site-content-layout":"","site-content-style":"default","site-sidebar-style":"default","ast-global-header-display":"","ast-banner-title-visibility":"","ast-main-header-display":"","ast-hfb-above-header-display":"","ast-hfb-below-header-display":"","ast-hfb-mobile-header-display":"","site-post-title":"","ast-breadcrumbs-content":"","ast-featured-img":"","footer-sml-layout":"","theme-transparent-header-meta":"","adv-header-id-meta":"","stick-header-meta":"","header-above-stick-meta":"","header-main-stick-meta":"","header-below-stick-meta":"","astra-migrate-meta-layouts":"default","ast-page-background-enabled":"default","ast-page-background-meta":{"desktop":{"background-color":"var(--ast-global-color-4)","background-image":"","background-repeat":"repeat","background-position":"center center","background-size":"auto","background-attachment":"scroll","background-type":"","background-media":"","overlay-type":"","overlay-color":"","overlay-opacity":"","overlay-gradient":""},"tablet":{"background-color":"","background-image":"","background-repeat":"repeat","background-position":"center center","background-size":"auto","background-attachment":"scroll","background-type":"","background-media":"","overlay-type":"","overlay-color":"","overlay-opacity":"","overlay-gradient":""},"mobile":{"background-color":"","background-image":"","background-repeat":"repeat","background-position":"center center","background-size":"auto","background-attachment":"scroll","background-type":"","background-media":"","overlay-type":"","overlay-color":"","overlay-opacity":"","overlay-gradient":""}},"ast-content-background-meta":{"desktop":{"background-color":"var(--ast-global-color-5)","background-image":"","background-repeat":"repeat","background-position":"center center","background-size":"auto","background-attachment":"scroll","background-type":"","background-media":"","overlay-type":"","overlay-color":"","overlay-opacity":"","overlay-gradient":""},"tablet":{"background-color":"var(--ast-global-color-5)","background-image":"","background-repeat":"repeat","background-position":"center center","background-size":"auto","background-attachment":"scroll","background-type":"","background-media":"","overlay-type":"","overlay-color":"","overlay-opacity":"","overlay-gradient":""},"mobile":{"background-color":"var(--ast-global-color-5)","background-image":"","background-repeat":"repeat","background-position":"center center","background-size":"auto","background-attachment":"scroll","background-type":"","background-media":"","overlay-type":"","overlay-color":"","overlay-opacity":"","overlay-gradient":""}},"footnotes":""},"class_list":["post-14112","page","type-page","status-publish","hentry"],"post_mailing_queue_ids":[],"_links":{"self":[{"href":"https:\/\/serveiseducatius.xtec.cat\/altemporda\/wp-json\/wp\/v2\/pages\/14112","targetHints":{"allow":["GET"]}}],"collection":[{"href":"https:\/\/serveiseducatius.xtec.cat\/altemporda\/wp-json\/wp\/v2\/pages"}],"about":[{"href":"https:\/\/serveiseducatius.xtec.cat\/altemporda\/wp-json\/wp\/v2\/types\/page"}],"author":[{"embeddable":true,"href":"https:\/\/serveiseducatius.xtec.cat\/altemporda\/wp-json\/wp\/v2\/users\/4"}],"replies":[{"embeddable":true,"href":"https:\/\/serveiseducatius.xtec.cat\/altemporda\/wp-json\/wp\/v2\/comments?post=14112"}],"version-history":[{"count":3,"href":"https:\/\/serveiseducatius.xtec.cat\/altemporda\/wp-json\/wp\/v2\/pages\/14112\/revisions"}],"predecessor-version":[{"id":14209,"href":"https:\/\/serveiseducatius.xtec.cat\/altemporda\/wp-json\/wp\/v2\/pages\/14112\/revisions\/14209"}],"up":[{"embeddable":true,"href":"https:\/\/serveiseducatius.xtec.cat\/altemporda\/wp-json\/wp\/v2\/pages\/11470"}],"wp:attachment":[{"href":"https:\/\/serveiseducatius.xtec.cat\/altemporda\/wp-json\/wp\/v2\/media?parent=14112"}],"curies":[{"name":"wp","href":"https:\/\/api.w.org\/{rel}","templated":true}]}}